{"id":168,"date":"2025-10-08T17:59:16","date_gmt":"2025-10-08T20:59:16","guid":{"rendered":"https:\/\/wp.ufpel.edu.br\/conalis\/?page_id=168"},"modified":"2025-12-18T17:49:00","modified_gmt":"2025-12-18T20:49:00","slug":"autorizacao-de-uso-de-imagem-e-video","status":"publish","type":"page","link":"https:\/\/wp.ufpel.edu.br\/conalis\/edital-e-inscricao\/autorizacao\/autorizacao-de-uso-de-imagem-e-video\/","title":{"rendered":"Portugu\u00eas: Autoriza\u00e7\u00e3o para menor 18 anos"},"content":{"rendered":"<p><a href=\"https:\/\/wp.ufpel.edu.br\/conalis\/files\/2025\/10\/Autorizac\u0327a\u0303o_de_Uso_de_Imagem_e_Video.pdf\">Autorizac\u0327a\u0303o de Uso de Imagem e Video &#8211; Cliquei aqui<\/a><\/p>\n","protected":false},"excerpt":{"rendered":"<p>Autorizac\u0327a\u0303o de Uso de Imagem e Video &#8211; Cliquei aqui<\/p>\n","protected":false},"author":935,"featured_media":0,"parent":176,"menu_order":4,"comment_status":"closed","ping_status":"closed","template":"","meta":{"footnotes":""},"class_list":["post-168","page","type-page","status-publish","hentry"],"_links":{"self":[{"href":"https:\/\/wp.ufpel.edu.br\/conalis\/wp-json\/wp\/v2\/pages\/168","targetHints":{"allow":["GET"]}}],"collection":[{"href":"https:\/\/wp.ufpel.edu.br\/conalis\/wp-json\/wp\/v2\/pages"}],"about":[{"href":"https:\/\/wp.ufpel.edu.br\/conalis\/wp-json\/wp\/v2\/types\/page"}],"author":[{"embeddable":true,"href":"https:\/\/wp.ufpel.edu.br\/conalis\/wp-json\/wp\/v2\/users\/935"}],"replies":[{"embeddable":true,"href":"https:\/\/wp.ufpel.edu.br\/conalis\/wp-json\/wp\/v2\/comments?post=168"}],"version-history":[{"count":3,"href":"https:\/\/wp.ufpel.edu.br\/conalis\/wp-json\/wp\/v2\/pages\/168\/revisions"}],"predecessor-version":[{"id":229,"href":"https:\/\/wp.ufpel.edu.br\/conalis\/wp-json\/wp\/v2\/pages\/168\/revisions\/229"}],"up":[{"embeddable":true,"href":"https:\/\/wp.ufpel.edu.br\/conalis\/wp-json\/wp\/v2\/pages\/176"}],"wp:attachment":[{"href":"https:\/\/wp.ufpel.edu.br\/conalis\/wp-json\/wp\/v2\/media?parent=168"}],"curies":[{"name":"wp","href":"https:\/\/api.w.org\/{rel}","templated":true}]}}