{"id":154,"date":"2025-10-06T20:03:13","date_gmt":"2025-10-06T23:03:13","guid":{"rendered":"https:\/\/wp.ufpel.edu.br\/conalis\/?page_id=154"},"modified":"2025-10-06T20:03:13","modified_gmt":"2025-10-06T23:03:13","slug":"premiacao","status":"publish","type":"page","link":"https:\/\/wp.ufpel.edu.br\/conalis\/sobre-o-concurso-2\/premiacao\/","title":{"rendered":"Premia\u00e7\u00e3o"},"content":{"rendered":"<p class=\"cvGsUA direction-ltr align-justify para-style-body\"><span class=\"a_GcMg font-feature-liga-off font-feature-clig-off font-feature-calt-off text-decoration-none text-strikethrough-none\">As tr\u00eas melhores obras de cada categoria ser\u00e3o premiadas.<\/span><\/p>\n<p class=\"cvGsUA direction-ltr align-justify para-style-body\"><span class=\"a_GcMg font-feature-liga-off font-feature-clig-off font-feature-calt-off text-decoration-none text-strikethrough-none\">1\u00ba lugar: Certificado, brindes e publica\u00e7\u00e3o no reposit\u00f3rio da UFPel<\/span><\/p>\n<p class=\"cvGsUA direction-ltr align-justify para-style-body\"><span class=\"a_GcMg font-feature-liga-off font-feature-clig-off font-feature-calt-off text-decoration-none text-strikethrough-none\">2\u00ba lugares: certificado, brindes e reposit\u00f3rio da UFPel<\/span><\/p>\n<p><span class=\"a_GcMg font-feature-liga-off font-feature-clig-off font-feature-calt-off text-decoration-none text-strikethrough-none\">3\u00ba lugares: certificado, brindes e reposit\u00f3rio da UFPel<\/span><\/p>\n","protected":false},"excerpt":{"rendered":"<p>As tr\u00eas melhores obras de cada categoria ser\u00e3o premiadas. 1\u00ba lugar: Certificado, brindes e publica\u00e7\u00e3o no reposit\u00f3rio da UFPel 2\u00ba lugares: certificado, brindes e reposit\u00f3rio da UFPel 3\u00ba lugares: certificado, brindes e reposit\u00f3rio da UFPel<\/p>\n","protected":false},"author":935,"featured_media":0,"parent":32,"menu_order":6,"comment_status":"closed","ping_status":"closed","template":"","meta":{"footnotes":""},"class_list":["post-154","page","type-page","status-publish","hentry"],"_links":{"self":[{"href":"https:\/\/wp.ufpel.edu.br\/conalis\/wp-json\/wp\/v2\/pages\/154","targetHints":{"allow":["GET"]}}],"collection":[{"href":"https:\/\/wp.ufpel.edu.br\/conalis\/wp-json\/wp\/v2\/pages"}],"about":[{"href":"https:\/\/wp.ufpel.edu.br\/conalis\/wp-json\/wp\/v2\/types\/page"}],"author":[{"embeddable":true,"href":"https:\/\/wp.ufpel.edu.br\/conalis\/wp-json\/wp\/v2\/users\/935"}],"replies":[{"embeddable":true,"href":"https:\/\/wp.ufpel.edu.br\/conalis\/wp-json\/wp\/v2\/comments?post=154"}],"version-history":[{"count":1,"href":"https:\/\/wp.ufpel.edu.br\/conalis\/wp-json\/wp\/v2\/pages\/154\/revisions"}],"predecessor-version":[{"id":155,"href":"https:\/\/wp.ufpel.edu.br\/conalis\/wp-json\/wp\/v2\/pages\/154\/revisions\/155"}],"up":[{"embeddable":true,"href":"https:\/\/wp.ufpel.edu.br\/conalis\/wp-json\/wp\/v2\/pages\/32"}],"wp:attachment":[{"href":"https:\/\/wp.ufpel.edu.br\/conalis\/wp-json\/wp\/v2\/media?parent=154"}],"curies":[{"name":"wp","href":"https:\/\/api.w.org\/{rel}","templated":true}]}}