{"id":61,"date":"2017-12-15T19:31:14","date_gmt":"2017-12-15T21:31:14","guid":{"rendered":"https:\/\/wp.ufpel.edu.br\/zatt\/?page_id=61"},"modified":"2017-12-15T20:14:35","modified_gmt":"2017-12-15T22:14:35","slug":"contato","status":"publish","type":"page","link":"https:\/\/wp.ufpel.edu.br\/zatt\/contato\/","title":{"rendered":"Contato"},"content":{"rendered":"<p><strong>Endere\u00e7o:<\/strong><\/p>\n<blockquote><p>Computa\u00e7\u00e3o-CDTEC<br \/>\nRua Gomes Carneiro, nro 1, 4<sup>o<\/sup>\u00a0andar<br \/>\nCEP\u00a096010-610<br \/>\nPelotas \u2013 RS<\/p><\/blockquote>\n<p><strong>Email:<\/strong><\/p>\n<blockquote><p>zatt <strong>at<\/strong>\u00a0inf.ufpel.edu.br<\/p><\/blockquote>\n<p><strong>Lattes:<\/strong><\/p>\n<blockquote><p><a href=\"http:\/\/lattes.cnpq.br\/8251926321102019\">http:\/\/lattes.cnpq.br\/8251926321102019<\/a><\/p><\/blockquote>\n<p><strong>Google Scholar:<\/strong><\/p>\n<blockquote><p><a href=\"https:\/\/scholar.google.com\/citations?user=9RZOnYgAAAAJ&amp;hl\">https:\/\/scholar.google.com\/citations?user=9RZOnYgAAAAJ&amp;hl<\/a><\/p>\n<p>&nbsp;<\/p><\/blockquote>\n<p><strong>ORCID:<\/strong><\/p>\n<blockquote><p><a href=\"http:\/\/orcid.org\/0000-0002-8045-957X\">http:\/\/orcid.org\/0000-0002-8045-957X<\/a><\/p><\/blockquote>\n<p><strong>Linkedin:<\/strong><\/p>\n<blockquote><p><a href=\"https:\/\/www.linkedin.com\/in\/brunozatt\/\">https:\/\/www.linkedin.com\/in\/brunozatt\/<\/a><\/p><\/blockquote>\n<p><strong>Research Gate:<\/strong><\/p>\n<blockquote><p><a href=\"https:\/\/www.researchgate.net\/profile\/Bruno_Zatt\">https:\/\/www.researchgate.net\/profile\/Bruno_Zatt<\/a><\/p><\/blockquote>\n<blockquote><p>&nbsp;<\/p><\/blockquote>\n","protected":false},"excerpt":{"rendered":"<p>Endere\u00e7o: Computa\u00e7\u00e3o-CDTEC Rua Gomes Carneiro, nro 1, 4o\u00a0andar CEP\u00a096010-610 Pelotas \u2013 RS Email: zatt at\u00a0inf.ufpel.edu.br Lattes: http:\/\/lattes.cnpq.br\/8251926321102019 Google Scholar: https:\/\/scholar.google.com\/citations?user=9RZOnYgAAAAJ&amp;hl &nbsp; ORCID: http:\/\/orcid.org\/0000-0002-8045-957X Linkedin: https:\/\/www.linkedin.com\/in\/brunozatt\/ Research Gate: https:\/\/www.researchgate.net\/profile\/Bruno_Zatt &nbsp;<\/p>\n","protected":false},"author":311,"featured_media":0,"parent":0,"menu_order":0,"comment_status":"closed","ping_status":"closed","template":"","meta":{"footnotes":""},"class_list":["post-61","page","type-page","status-publish","hentry"],"_links":{"self":[{"href":"https:\/\/wp.ufpel.edu.br\/zatt\/wp-json\/wp\/v2\/pages\/61","targetHints":{"allow":["GET"]}}],"collection":[{"href":"https:\/\/wp.ufpel.edu.br\/zatt\/wp-json\/wp\/v2\/pages"}],"about":[{"href":"https:\/\/wp.ufpel.edu.br\/zatt\/wp-json\/wp\/v2\/types\/page"}],"author":[{"embeddable":true,"href":"https:\/\/wp.ufpel.edu.br\/zatt\/wp-json\/wp\/v2\/users\/311"}],"replies":[{"embeddable":true,"href":"https:\/\/wp.ufpel.edu.br\/zatt\/wp-json\/wp\/v2\/comments?post=61"}],"version-history":[{"count":2,"href":"https:\/\/wp.ufpel.edu.br\/zatt\/wp-json\/wp\/v2\/pages\/61\/revisions"}],"predecessor-version":[{"id":102,"href":"https:\/\/wp.ufpel.edu.br\/zatt\/wp-json\/wp\/v2\/pages\/61\/revisions\/102"}],"wp:attachment":[{"href":"https:\/\/wp.ufpel.edu.br\/zatt\/wp-json\/wp\/v2\/media?parent=61"}],"curies":[{"name":"wp","href":"https:\/\/api.w.org\/{rel}","templated":true}]}}