{"id":6,"date":"2017-11-22T16:29:41","date_gmt":"2017-11-22T18:29:41","guid":{"rendered":"https:\/\/wp.ufpel.edu.br\/zatt\/?page_id=6"},"modified":"2017-12-15T19:18:42","modified_gmt":"2017-12-15T21:18:42","slug":"inicio","status":"publish","type":"page","link":"https:\/\/wp.ufpel.edu.br\/zatt\/","title":{"rendered":"In\u00edcio"},"content":{"rendered":"<p><strong>Bruno Zatt<\/strong> \u00e9 professor adjunto da Universidade Federal de Pelotas (UFPel) desde 2013. Atualmente encontra-se afatado para p\u00f3s-doutorado na University of California, Irvine. Possui gradua\u00e7\u00e3o em Engenharia de Computa\u00e7\u00e3o, Mestrado em Ci\u00eancias da Computa\u00e7\u00e3o (Programa de P\u00f3s-Gradua\u00e7\u00e3o em Computa\u00e7\u00e3o &#8211; PPGC) e Doutorado em Microeletr\u00f4nica (Programa de P\u00f3s-Gradua\u00e7\u00e3o em Microeletr\u00f4nica &#8211; PGMicro) pela Universidade Federal do Rio Grande do Sul (UFRGS) tendo obtido o t\u00edtulo de doutor com voto de louvor. Possui experi\u00eancia de pesquisa internacional tendo atuado (02\/2010-12\/2012) como pesquisador no Karlsruhe Institute of Technology (KIT), Alemanha. Vem atuando, desde 2004, nas \u00e1reas de microeletr\u00f4nica, processamento de sinais, arquiteturas computacionais e sistemas embarcados desenvolvendo algoritmos, arquiteturas e circuitos integrados para processamento multim\u00eddia, especialmente compress\u00e3o de v\u00eddeo 2D (H.264, HEVC), multi-vistas (MVC) e 3D (3D-HEVC) focando em alto desempenho e baixo consumo de energia.<\/p>\n","protected":false},"excerpt":{"rendered":"<p>Bruno Zatt \u00e9 professor adjunto da Universidade Federal de Pelotas (UFPel) desde 2013. Atualmente encontra-se afatado para p\u00f3s-doutorado na University of California, Irvine. Possui gradua\u00e7\u00e3o em Engenharia de Computa\u00e7\u00e3o, Mestrado em Ci\u00eancias da Computa\u00e7\u00e3o (Programa de P\u00f3s-Gradua\u00e7\u00e3o em Computa\u00e7\u00e3o &#8211; &hellip; <a href=\"https:\/\/wp.ufpel.edu.br\/zatt\/\">Continue lendo <span class=\"meta-nav\">&rarr;<\/span><\/a><\/p>\n","protected":false},"author":311,"featured_media":0,"parent":0,"menu_order":0,"comment_status":"closed","ping_status":"closed","template":"","meta":{"footnotes":""},"class_list":["post-6","page","type-page","status-publish","hentry"],"_links":{"self":[{"href":"https:\/\/wp.ufpel.edu.br\/zatt\/wp-json\/wp\/v2\/pages\/6","targetHints":{"allow":["GET"]}}],"collection":[{"href":"https:\/\/wp.ufpel.edu.br\/zatt\/wp-json\/wp\/v2\/pages"}],"about":[{"href":"https:\/\/wp.ufpel.edu.br\/zatt\/wp-json\/wp\/v2\/types\/page"}],"author":[{"embeddable":true,"href":"https:\/\/wp.ufpel.edu.br\/zatt\/wp-json\/wp\/v2\/users\/311"}],"replies":[{"embeddable":true,"href":"https:\/\/wp.ufpel.edu.br\/zatt\/wp-json\/wp\/v2\/comments?post=6"}],"version-history":[{"count":8,"href":"https:\/\/wp.ufpel.edu.br\/zatt\/wp-json\/wp\/v2\/pages\/6\/revisions"}],"predecessor-version":[{"id":54,"href":"https:\/\/wp.ufpel.edu.br\/zatt\/wp-json\/wp\/v2\/pages\/6\/revisions\/54"}],"wp:attachment":[{"href":"https:\/\/wp.ufpel.edu.br\/zatt\/wp-json\/wp\/v2\/media?parent=6"}],"curies":[{"name":"wp","href":"https:\/\/api.w.org\/{rel}","templated":true}]}}