{"id":58,"date":"2023-01-03T13:10:30","date_gmt":"2023-01-03T16:10:30","guid":{"rendered":"https:\/\/wp.ufpel.edu.br\/xxvijornadadeensinodehistoria\/?page_id=58"},"modified":"2023-01-04T16:56:54","modified_gmt":"2023-01-04T19:56:54","slug":"sugestoes-de-hospedagens","status":"publish","type":"page","link":"https:\/\/wp.ufpel.edu.br\/xxvijornadadeensinodehistoria\/sobre-a-cidade-de-pelotas-rs\/sugestoes-de-hospedagens\/","title":{"rendered":"Sugest\u00f5es de hospedagens"},"content":{"rendered":"<p>Existem v\u00e1rias op\u00e7\u00f5es de hospedagens dispon\u00edveis no aplicativo AIRBNB.<\/p>\n<p>Para uma maior comodidade, recomendamos hospedagens na regi\u00e3o central ou no bairro do Porto.<\/p>\n<p>Sugest\u00e3o de hot\u00e9is:<\/p>\n<p><strong>Hotel Westphal<\/strong><br \/>\nRua Quinze de Novembro, 311, Pelotas, CEP 96015-000<\/p>\n<p><strong>Hotel Manta<\/strong><br \/>\nR. General Neto, 1131, Pelotas, CEP 93015-280<\/p>\n<p><strong>Hotel Estoril<\/strong><br \/>\nR. Gen. Os\u00f3rio, 718 &#8211; Centro, Pelotas, CEP 96020-000<\/p>\n<p><strong>Hotel Curi Executive<\/strong><br \/>\nRua General Os\u00f3rio, 719 , Pelotas, CEP 96020-000.<\/p>\n<p><strong>M Tower Hotel<\/strong><br \/>\nRua Felix da Cunha 213, Pelotas, CEP 96010-000<\/p>\n<p><strong>Hotel Jacques Georges Business<\/strong><br \/>\nRua Gon\u00e7alves Chaves, 512, Pelotas, CEP 96015550<\/p>\n<p><strong>Pelotas Bier Hostel<\/strong><br \/>\n568 Rua F\u00e9lix Xavier da Cunha, Pelotas, CEP 96010-000,<\/p>\n","protected":false},"excerpt":{"rendered":"<p>Existem v\u00e1rias op\u00e7\u00f5es de hospedagens dispon\u00edveis no aplicativo AIRBNB. Para uma maior comodidade, recomendamos hospedagens na regi\u00e3o central ou no bairro do Porto. Sugest\u00e3o de hot\u00e9is: Hotel Westphal Rua Quinze de Novembro, 311, Pelotas, CEP 96015-000 Hotel Manta R. General Neto, 1131, Pelotas, CEP 93015-280 Hotel Estoril R. Gen. Os\u00f3rio, 718 &#8211; Centro, Pelotas, CEP&hellip;<\/p>\n","protected":false},"author":1274,"featured_media":0,"parent":55,"menu_order":8,"comment_status":"closed","ping_status":"closed","template":"","meta":{"footnotes":""},"class_list":["post-58","page","type-page","status-publish","hentry"],"_links":{"self":[{"href":"https:\/\/wp.ufpel.edu.br\/xxvijornadadeensinodehistoria\/wp-json\/wp\/v2\/pages\/58","targetHints":{"allow":["GET"]}}],"collection":[{"href":"https:\/\/wp.ufpel.edu.br\/xxvijornadadeensinodehistoria\/wp-json\/wp\/v2\/pages"}],"about":[{"href":"https:\/\/wp.ufpel.edu.br\/xxvijornadadeensinodehistoria\/wp-json\/wp\/v2\/types\/page"}],"author":[{"embeddable":true,"href":"https:\/\/wp.ufpel.edu.br\/xxvijornadadeensinodehistoria\/wp-json\/wp\/v2\/users\/1274"}],"replies":[{"embeddable":true,"href":"https:\/\/wp.ufpel.edu.br\/xxvijornadadeensinodehistoria\/wp-json\/wp\/v2\/comments?post=58"}],"version-history":[{"count":4,"href":"https:\/\/wp.ufpel.edu.br\/xxvijornadadeensinodehistoria\/wp-json\/wp\/v2\/pages\/58\/revisions"}],"predecessor-version":[{"id":124,"href":"https:\/\/wp.ufpel.edu.br\/xxvijornadadeensinodehistoria\/wp-json\/wp\/v2\/pages\/58\/revisions\/124"}],"up":[{"embeddable":true,"href":"https:\/\/wp.ufpel.edu.br\/xxvijornadadeensinodehistoria\/wp-json\/wp\/v2\/pages\/55"}],"wp:attachment":[{"href":"https:\/\/wp.ufpel.edu.br\/xxvijornadadeensinodehistoria\/wp-json\/wp\/v2\/media?parent=58"}],"curies":[{"name":"wp","href":"https:\/\/api.w.org\/{rel}","templated":true}]}}