{"id":336,"date":"2023-12-13T12:45:45","date_gmt":"2023-12-13T15:45:45","guid":{"rendered":"https:\/\/wp.ufpel.edu.br\/xxvijornadadeensinodehistoria\/?page_id=336"},"modified":"2023-12-13T12:46:41","modified_gmt":"2023-12-13T15:46:41","slug":"anais-do-evento","status":"publish","type":"page","link":"https:\/\/wp.ufpel.edu.br\/xxvijornadadeensinodehistoria\/anais-do-evento\/","title":{"rendered":"Anais do evento"},"content":{"rendered":"<p>\u00c9 com grande alegria que anunciamos a publica\u00e7\u00e3o dos Anais da XXVI Jornada de Ensino de Hist\u00f3ria e Educa\u00e7\u00e3o. Agradecemos a <em>Revista Voos Polidisciplinar<\/em>, do Centro Universit\u00e1rio Guairac\u00e1 (Guarapuava, PR) por acolher os textos do evento.<\/p>\n<p>Para acessar, basta clicar no Card abaixo.<\/p>\n<p>Boa leitura.<\/p>\n<p><a href=\"https:\/\/www.revistavoos.com.br\/index.php\/sistema\/issue\/view\/32\"><img loading=\"lazy\" decoding=\"async\" class=\"size-medium wp-image-338 alignleft\" src=\"https:\/\/wp.ufpel.edu.br\/xxvijornadadeensinodehistoria\/files\/2023\/12\/CAPA-ANAIS-JORNADA-400x400.png\" alt=\"\" width=\"400\" height=\"400\" srcset=\"https:\/\/wp.ufpel.edu.br\/xxvijornadadeensinodehistoria\/files\/2023\/12\/CAPA-ANAIS-JORNADA-400x400.png 400w, https:\/\/wp.ufpel.edu.br\/xxvijornadadeensinodehistoria\/files\/2023\/12\/CAPA-ANAIS-JORNADA-1024x1024.png 1024w, https:\/\/wp.ufpel.edu.br\/xxvijornadadeensinodehistoria\/files\/2023\/12\/CAPA-ANAIS-JORNADA-200x200.png 200w, https:\/\/wp.ufpel.edu.br\/xxvijornadadeensinodehistoria\/files\/2023\/12\/CAPA-ANAIS-JORNADA-768x768.png 768w, https:\/\/wp.ufpel.edu.br\/xxvijornadadeensinodehistoria\/files\/2023\/12\/CAPA-ANAIS-JORNADA-50x50.png 50w, https:\/\/wp.ufpel.edu.br\/xxvijornadadeensinodehistoria\/files\/2023\/12\/CAPA-ANAIS-JORNADA.png 1080w\" sizes=\"auto, (max-width: 400px) 100vw, 400px\" \/><\/a><\/p>\n","protected":false},"excerpt":{"rendered":"<p>\u00c9 com grande alegria que anunciamos a publica\u00e7\u00e3o dos Anais da XXVI Jornada de Ensino de Hist\u00f3ria e Educa\u00e7\u00e3o. Agradecemos a Revista Voos Polidisciplinar, do Centro Universit\u00e1rio Guairac\u00e1 (Guarapuava, PR) por acolher os textos do evento. Para acessar, basta clicar no Card abaixo. Boa leitura.<\/p>\n","protected":false},"author":1274,"featured_media":0,"parent":0,"menu_order":20,"comment_status":"closed","ping_status":"closed","template":"","meta":{"footnotes":""},"class_list":["post-336","page","type-page","status-publish","hentry"],"_links":{"self":[{"href":"https:\/\/wp.ufpel.edu.br\/xxvijornadadeensinodehistoria\/wp-json\/wp\/v2\/pages\/336","targetHints":{"allow":["GET"]}}],"collection":[{"href":"https:\/\/wp.ufpel.edu.br\/xxvijornadadeensinodehistoria\/wp-json\/wp\/v2\/pages"}],"about":[{"href":"https:\/\/wp.ufpel.edu.br\/xxvijornadadeensinodehistoria\/wp-json\/wp\/v2\/types\/page"}],"author":[{"embeddable":true,"href":"https:\/\/wp.ufpel.edu.br\/xxvijornadadeensinodehistoria\/wp-json\/wp\/v2\/users\/1274"}],"replies":[{"embeddable":true,"href":"https:\/\/wp.ufpel.edu.br\/xxvijornadadeensinodehistoria\/wp-json\/wp\/v2\/comments?post=336"}],"version-history":[{"count":1,"href":"https:\/\/wp.ufpel.edu.br\/xxvijornadadeensinodehistoria\/wp-json\/wp\/v2\/pages\/336\/revisions"}],"predecessor-version":[{"id":339,"href":"https:\/\/wp.ufpel.edu.br\/xxvijornadadeensinodehistoria\/wp-json\/wp\/v2\/pages\/336\/revisions\/339"}],"wp:attachment":[{"href":"https:\/\/wp.ufpel.edu.br\/xxvijornadadeensinodehistoria\/wp-json\/wp\/v2\/media?parent=336"}],"curies":[{"name":"wp","href":"https:\/\/api.w.org\/{rel}","templated":true}]}}

<p>É com grande alegria que anunciamos a publicação dos Anais da XXVI Jornada de Ensino de História e Educação. Agradecemos a <em>Revista Voos Polidisciplinar</em>, do Centro Universitário Guairacá (Guarapuava, PR) por acolher os textos do evento.</p>
<p>Para acessar, basta clicar no Card abaixo.</p>
<p>Boa leitura.</p>
<p><a href="https://www.revistavoos.com.br/index.php/sistema/issue/view/32"><img loading="lazy" decoding="async" class="size-medium wp-image-338 alignleft" src="https://wp.ufpel.edu.br/xxvijornadadeensinodehistoria/files/2023/12/CAPA-ANAIS-JORNADA-400x400.png" alt="" width="400" height="400" srcset="https://wp.ufpel.edu.br/xxvijornadadeensinodehistoria/files/2023/12/CAPA-ANAIS-JORNADA-400x400.png 400w, https://wp.ufpel.edu.br/xxvijornadadeensinodehistoria/files/2023/12/CAPA-ANAIS-JORNADA-1024x1024.png 1024w, https://wp.ufpel.edu.br/xxvijornadadeensinodehistoria/files/2023/12/CAPA-ANAIS-JORNADA-200x200.png 200w, https://wp.ufpel.edu.br/xxvijornadadeensinodehistoria/files/2023/12/CAPA-ANAIS-JORNADA-768x768.png 768w, https://wp.ufpel.edu.br/xxvijornadadeensinodehistoria/files/2023/12/CAPA-ANAIS-JORNADA-50x50.png 50w, https://wp.ufpel.edu.br/xxvijornadadeensinodehistoria/files/2023/12/CAPA-ANAIS-JORNADA.png 1080w" sizes="auto, (max-width: 400px) 100vw, 400px" /></a></p>

<p>É com grande alegria que anunciamos a publicação dos Anais da XXVI Jornada de Ensino de História e Educação. Agradecemos a Revista Voos Polidisciplinar, do Centro Universitário Guairacá (Guarapuava, PR) por acolher os textos do evento. Para acessar, basta clicar no Card abaixo. Boa leitura.</p>
