{"id":310,"date":"2023-03-23T13:16:22","date_gmt":"2023-03-23T16:16:22","guid":{"rendered":"https:\/\/wp.ufpel.edu.br\/xxvijornadadeensinodehistoria\/?page_id=310"},"modified":"2023-03-23T13:22:29","modified_gmt":"2023-03-23T16:22:29","slug":"passeio-historico","status":"publish","type":"page","link":"https:\/\/wp.ufpel.edu.br\/xxvijornadadeensinodehistoria\/passeio-historico\/","title":{"rendered":"Passeio hist\u00f3rico"},"content":{"rendered":"<h5 style=\"text-align: justify;\">Prezadas\/os inscritos\/as na Jornada de Ensino:<\/h5>\n<p>&nbsp;<\/p>\n<h5 style=\"text-align: justify;\">No \u00faltimo dia da Jornada (1\u00ba de abril, s\u00e1bado), est\u00e3o previstas <u>duas sa\u00eddas de campo<\/u>, que ir\u00e3o ocorrer entre \u00e0s 9h e 12h. Os\/as inscritos no evento podem optar por uma das duas op\u00e7\u00f5es abaixo:<\/h5>\n<p>&nbsp;<\/p>\n<h5 style=\"text-align: justify;\"><strong>Op\u00e7\u00e3o 1) <em>Visita guiada ao Passo dos Negros (Apresenta\u00e7\u00e3o Roteiro Negros Sul)<\/em><\/strong><\/h5>\n<h5 style=\"text-align: justify;\">O grupo se deslocar\u00e1 com o \u00f4nibus da UFPel at\u00e9 a localidade. A recep\u00e7\u00e3o do grupo se dar\u00e1 no Campo do Esporte Clube Os\u00f3rio, onde ser\u00e1 contada um pouco da hist\u00f3ria do lugar tendo como anfitri\u00e3o Seu Aniba. Ap\u00f3s, os\/as mediadores\/as far\u00e3o uma roda de conversa e caminhar\u00e3o at\u00e9 a Ponte dos Dois Arcos, discorrendo sobre suas pesquisas, a hist\u00f3ria do Povo Negro e a forma\u00e7\u00e3o da cidade de Pelotas.<\/h5>\n<h5 style=\"text-align: justify;\">Mediadoras\/es: Seu Aniba (morador local); Ana Langone, Simone Fernandes Mathias, Patr\u00edcia F.M.Morales, Caiu\u00e1 Al Alam (UNIPAMPA), e Francisca Jesus<\/h5>\n<h5 style=\"text-align: justify;\">N\u00famero m\u00e1ximo de inscritos\/as: 40 pessoas<\/h5>\n<p>&nbsp;<\/p>\n<h5 style=\"text-align: justify;\"><strong>Op\u00e7\u00e3o 2) <em>Visita guiada ao Centro Hist\u00f3rico de Pelotas<\/em><\/strong><\/h5>\n<h5 style=\"text-align: justify;\">Visita guiada ao Centro Hist\u00f3rico, que ser\u00e1 realizada a p\u00e9 pelos\/as participantes.<\/h5>\n<h5 style=\"text-align: justify;\">Media\u00e7\u00e3o: Professora Dalila Muller (Turismo\/UFPel)<\/h5>\n<p>&nbsp;<\/p>\n<h5 style=\"text-align: justify;\">*** ATEN\u00c7\u00c3O: O ponto de encontro das Sa\u00eddas de Campo \u00e9 o Bistr\u00f4 da SECULT (Secretaria de Cultura de Pelotas, Pra\u00e7a Coronel Pedro Os\u00f3rio, Casar\u00e3o 2), \u00e0s 9h.<\/h5>\n<p>&nbsp;<\/p>\n<h5 style=\"text-align: justify;\">Pedimos que os\/as interessados\/as em participar respondam ao formul\u00e1rio abaixo:<\/h5>\n<h5 style=\"text-align: justify;\"><a href=\"https:\/\/docs.google.com\/forms\/d\/e\/1FAIpQLSfIFEgbog7kL08WeLxaGQTHCHrwnwoJlJVidIMNFaj0J_hDNQ\/viewform?usp=sf_link\">https:\/\/docs.google.com\/forms\/d\/e\/1FAIpQLSfIFEgbog7kL08WeLxaGQTHCHrwnwoJlJVidIMNFaj0J_hDNQ\/viewform?usp=sf_link<\/a><\/h5>\n<h5 style=\"text-align: justify;\"><\/h5>\n<p style=\"text-align: justify;\">\n<h5 style=\"text-align: justify;\">Aguardamos voc\u00eas,<\/h5>\n<h5 style=\"text-align: justify;\">Abra\u00e7os<\/h5>\n<h5 style=\"text-align: justify;\">Comiss\u00e3o Organizadora<\/h5>\n","protected":false},"excerpt":{"rendered":"<p>Prezadas\/os inscritos\/as na Jornada de Ensino: &nbsp; No \u00faltimo dia da Jornada (1\u00ba de abril, s\u00e1bado), est\u00e3o previstas duas sa\u00eddas de campo, que ir\u00e3o ocorrer entre \u00e0s 9h e 12h. Os\/as inscritos no evento podem optar por uma das duas op\u00e7\u00f5es abaixo: &nbsp; Op\u00e7\u00e3o 1) Visita guiada ao Passo dos Negros (Apresenta\u00e7\u00e3o Roteiro Negros Sul)&hellip;<\/p>\n","protected":false},"author":1274,"featured_media":0,"parent":0,"menu_order":10,"comment_status":"closed","ping_status":"closed","template":"","meta":{"footnotes":""},"class_list":["post-310","page","type-page","status-publish","hentry"],"_links":{"self":[{"href":"https:\/\/wp.ufpel.edu.br\/xxvijornadadeensinodehistoria\/wp-json\/wp\/v2\/pages\/310","targetHints":{"allow":["GET"]}}],"collection":[{"href":"https:\/\/wp.ufpel.edu.br\/xxvijornadadeensinodehistoria\/wp-json\/wp\/v2\/pages"}],"about":[{"href":"https:\/\/wp.ufpel.edu.br\/xxvijornadadeensinodehistoria\/wp-json\/wp\/v2\/types\/page"}],"author":[{"embeddable":true,"href":"https:\/\/wp.ufpel.edu.br\/xxvijornadadeensinodehistoria\/wp-json\/wp\/v2\/users\/1274"}],"replies":[{"embeddable":true,"href":"https:\/\/wp.ufpel.edu.br\/xxvijornadadeensinodehistoria\/wp-json\/wp\/v2\/comments?post=310"}],"version-history":[{"count":7,"href":"https:\/\/wp.ufpel.edu.br\/xxvijornadadeensinodehistoria\/wp-json\/wp\/v2\/pages\/310\/revisions"}],"predecessor-version":[{"id":318,"href":"https:\/\/wp.ufpel.edu.br\/xxvijornadadeensinodehistoria\/wp-json\/wp\/v2\/pages\/310\/revisions\/318"}],"wp:attachment":[{"href":"https:\/\/wp.ufpel.edu.br\/xxvijornadadeensinodehistoria\/wp-json\/wp\/v2\/media?parent=310"}],"curies":[{"name":"wp","href":"https:\/\/api.w.org\/{rel}","templated":true}]}}