{"id":83,"date":"2016-12-13T11:16:43","date_gmt":"2016-12-13T13:16:43","guid":{"rendered":"https:\/\/wp.ufpel.edu.br\/xxiebrapem\/?page_id=83"},"modified":"2017-09-25T11:21:29","modified_gmt":"2017-09-25T14:21:29","slug":"hospedagem","status":"publish","type":"page","link":"https:\/\/wp.ufpel.edu.br\/xxiebrapem\/hospedagem\/","title":{"rendered":"Hospedagem"},"content":{"rendered":"<p style=\"text-align: center\"><span style=\"color: #008000\"><em><strong>HOTEIS<\/strong><\/em><\/span><\/p>\n<p><strong><span style=\"color: #008000\"><u>Hotel Estoril<\/u><\/span><\/strong><\/p>\n<p><span style=\"color: #000000\"><strong>\u00a0<\/strong><strong>Endere\u00e7o<\/strong><strong>:\u00a0<\/strong>R. Gen. Os\u00f3rio, 718 &#8211; Centro, Pelotas &#8211; RS<\/span><\/p>\n<p><span style=\"color: #000000\"><strong>Telefone<\/strong><strong>:\u00a0<\/strong>(53) 3225-0108<\/span><\/p>\n<ul>\n<li><span style=\"color: #000000\">Simples: 1 pessoa R$ 84,00<\/span><\/li>\n<\/ul>\n<p><span style=\"color: #000000\">\u00a0\u00a0\u00a0\u00a0\u00a0\u00a0\u00a0\u00a0\u00a0\u00a0\u00a0\u00a0\u00a0\u00a0\u00a0\u00a0\u00a0\u00a0\u00a0\u00a0\u00a0\u00a0\u00a0 \u00a0 \u00a0\u00a0 2 pessoas R$ 157,00<\/span><\/p>\n<ul>\n<li><span style=\"color: #000000\">Standard: 1 pessoa R$ 99,00<\/span><\/li>\n<\/ul>\n<p><span style=\"color: #000000\">\u00a0\u00a0\u00a0\u00a0\u00a0\u00a0\u00a0\u00a0\u00a0\u00a0\u00a0\u00a0\u00a0\u00a0\u00a0\u00a0\u00a0\u00a0\u00a0\u00a0\u00a0\u00a0\u00a0\u00a0\u00a0\u00a0\u00a0\u00a0\u00a0\u00a0 2 pessoas R$ 159,00<\/span><\/p>\n<p><span style=\"color: #000000\">\u00a0\u00a0\u00a0\u00a0\u00a0\u00a0\u00a0\u00a0\u00a0\u00a0\u00a0\u00a0\u00a0\u00a0\u00a0\u00a0\u00a0\u00a0\u00a0\u00a0\u00a0\u00a0\u00a0\u00a0\u00a0\u00a0\u00a0\u00a0\u00a0\u00a0 3 pessoas R$ 215,00<\/span><\/p>\n<ul>\n<li><span style=\"color: #000000\">Luxo: 1 pessoa R$ 123,00<\/span><\/li>\n<\/ul>\n<p><span style=\"color: #000000\">\u00a0\u00a0\u00a0\u00a0\u00a0\u00a0\u00a0\u00a0\u00a0\u00a0\u00a0\u00a0\u00a0\u00a0\u00a0\u00a0\u00a0\u00a0\u00a0\u00a0\u00a0\u00a0 2 pessoas R$ 198,00<\/span><\/p>\n<p><span style=\"color: #000000\">\u00a0\u00a0\u00a0\u00a0\u00a0\u00a0\u00a0\u00a0\u00a0\u00a0 \u00a0 \u00a0\u00a0\u00a0\u00a0\u00a0\u00a0\u00a0\u00a0\u00a0 3 pessoas R$ 264,00<\/span><\/p>\n<p style=\"text-align: justify\"><span style=\"color: #000000\">*Descontos para participantes do evento: falar com Fabio ou Carol e mencionar que estar\u00e3o participando do XXI EBRAPEM, na UFPel.<\/span><\/p>\n<p><strong><span style=\"color: #008000\"><u>Hotel do Leo<\/u><\/span><\/strong><\/p>\n<p><span style=\"color: #000000\"><strong>Endere\u00e7o<\/strong><strong>:\u00a0<\/strong>R. Gen. T\u00e9les, 868 &#8211; Centro, Pelotas &#8211; RS<\/span><\/p>\n<p><span style=\"color: #000000\"><strong>Telefone<\/strong><strong>:\u00a0<\/strong>(53) 3028-7479<\/span><\/p>\n<ul>\n<li><span style=\"color: #000000\">Individual: R$ 104,00 (dinheiro).<\/span><\/li>\n<\/ul>\n<p><span style=\"color: #000000\">\u00a0\u00a0\u00a0\u00a0\u00a0\u00a0\u00a0\u00a0\u00a0\u00a0\u00a0\u00a0\u00a0\u00a0\u00a0\u00a0\u00a0\u00a0\u00a0\u00a0\u00a0\u00a0\u00a0\u00a0\u00a0\u00a0\u00a0\u00a0\u00a0\u00a0\u00a0\u00a0 R$ 129,00 (cart\u00e3o).<\/span><\/p>\n<ul>\n<li><span style=\"color: #000000\">Casal: R$ 151,00 (dinheiro).<\/span><\/li>\n<\/ul>\n<p><span style=\"color: #000000\">\u00a0\u00a0\u00a0\u00a0\u00a0\u00a0\u00a0\u00a0\u00a0\u00a0\u00a0\u00a0\u00a0\u00a0\u00a0\u00a0\u00a0\u00a0\u00a0\u00a0\u00a0\u00a0\u00a0 R$ 189,00 (cart\u00e3o)<\/span><\/p>\n<p style=\"text-align: justify\"><span style=\"color: #000000\">*Desconto de 20% para grupos, com pagamento antecipado de 50% em dinheiro &#8211; falar com Marcos e mencionar que estar\u00e3o participando do XXI EBRAPEM, na UFPel.<br \/>\n<\/span><\/p>\n<p><span style=\"text-decoration: underline\"><span style=\"color: #008000;text-decoration: underline\"><strong>Hotel Princesa do Sul<\/strong><\/span><\/span><\/p>\n<p><span style=\"color: #000000\"><strong>Endere\u00e7o<\/strong><strong>:\u00a0<\/strong>R. General Os\u00f3rio, 383 &#8211; Centro, Pelotas &#8211; RS<\/span><\/p>\n<p><span style=\"color: #000000\"><strong>Telefone<\/strong><strong>:\u00a0<\/strong>(53) 3285-8942; 3305-5871<\/span><\/p>\n<ul>\n<li><span style=\"color: #000000\">Quarto individual:\u00a0 R$90,00<\/span><\/li>\n<li><span style=\"color: #000000\">Quarto duplo: R$ 160,00<\/span><\/li>\n<li><span style=\"color: #000000\">Quarto triplo: R$ 210,00<\/span><\/li>\n<\/ul>\n<p style=\"text-align: justify\"><span style=\"color: #000000\">*Descontos para participantes do evento: mencionar que estar\u00e3o participando do XXI EBRAPEM, na UFPel.<\/span><\/p>\n<p><strong><span style=\"color: #008000\"><u>Hotel Aleppo<br \/>\n<\/u><\/span><\/strong><\/p>\n<p><span style=\"color: #000000\"><strong>Endere\u00e7o<\/strong><strong>:\u00a0<\/strong>R. Gen. Os\u00f3rio, 708 &#8211; Centro, Pelotas &#8211; RS<\/span><\/p>\n<p><span style=\"color: #000000\"><strong>Telefone<\/strong><strong>:\u00a0<\/strong>(53) 3225-3950<\/span><\/p>\n<ul>\n<li><span style=\"color: #000000\">1 pessoa: R$ 115,00<\/span><\/li>\n<li><span style=\"color: #000000\">2 pessoas: R$ 175,00<\/span><\/li>\n<li><span style=\"color: #000000\">3 pessoas: R$ 205,00<\/span><\/li>\n<li><span style=\"color: #000000\">4 pessoas: R$225,00<\/span><\/li>\n<li><span style=\"color: #000000\">5 pessoas: R$ 250,00<\/span><\/li>\n<\/ul>\n<p style=\"text-align: justify\"><span style=\"color: #000000\">*Descontos para participantes do evento: falar com Diulia ou Micaelen e mencionar que estar\u00e3o participando do XXI EBRAPEM, na UFPel.<\/span><\/p>\n<p><strong><span style=\"text-decoration: underline\"><span style=\"color: #008000;text-decoration: underline\">M Tower Hotel<\/span><\/span><\/strong><\/p>\n<p><span style=\"color: #000000\"><strong>Endere\u00e7o<\/strong><strong>:\u00a0<\/strong>R. F\u00e9lix da Cunha, 213 &#8211; Centro, Pelotas &#8211; RS<\/span><\/p>\n<p><span style=\"color: #000000\"><strong>Telefone<\/strong><strong>:\u00a0<\/strong>(53) 3027 &#8211; 5500<\/span><\/p>\n<p><span style=\"color: #000000\"><strong>Reservas: <\/strong>contato@mtoweraparthotel.com.br<\/span><\/p>\n<p><span style=\"color: #000000\">Tarifas para grupos (que seria acima de 10 apartamentos).<\/span><\/p>\n<ul>\n<li><span style=\"color: #000000\">Single \u2013 R$ 215,00<\/span><\/li>\n<li><span style=\"color: #000000\">Duplo \u2013 R$ 289,00<\/span><\/li>\n<li><span style=\"color: #000000\">Triplo \u2013 R$ 400,00<\/span><\/li>\n<\/ul>\n<p><span style=\"color: #000000\">* Descontos para participantes do evento:\u00a0 mencionar que estar\u00e3o participando do XXI EBRAPEM, na UFPel.<\/span><\/p>\n<p><span style=\"text-decoration: underline\"><strong><span style=\"color: #008000;text-decoration: underline\">Flat 7 Hotel<\/span><\/strong><\/span><\/p>\n<p><span style=\"color: #000000\"><strong>Endere\u00e7o<\/strong><strong>:\u00a0<\/strong><span class=\"_Xbe\">R. Gon\u00e7alves Chaves, 707 &#8211; Centro, Pelotas &#8211; RS<\/span><\/span><\/p>\n<p><span style=\"color: #000000\"><strong>Telefone<\/strong><strong>:\u00a0<\/strong>(53) 3027 &#8211; 7787; (53) 3017 &#8211; 6677<\/span><\/p>\n<p><span style=\"color: #000000\"><strong>Reservas: <\/strong>reservas@flat7.com.br<\/span><\/p>\n<p><span style=\"color: #000000\">* Quartos com pre\u00e7os acess\u00edveis para grupos de 4 pessoas.<\/span><\/p>\n<p><span style=\"color: #000000\">* Descontos para participantes do evento:\u00a0 mencionar que estar\u00e3o participando do XXI EBRAPEM, na UFPel.<\/span><\/p>\n<p><strong><span style=\"color: #008000\"><u>Alles Blau<\/u><\/span><\/strong><\/p>\n<p><span style=\"color: #000000\"><strong>Endere\u00e7o<\/strong><strong>:\u00a0<\/strong>R. 7 de Setembro, 354 &#8211; Centro, Pelotas &#8211; RS<\/span><\/p>\n<p><span style=\"color: #000000\"><strong>Telefone<\/strong><strong>:\u00a0<\/strong>(53) 3222-2223<\/span><\/p>\n<ul>\n<li><span style=\"color: #000000\">Apto individual: R$ 132,30<\/span><\/li>\n<li><span style=\"color: #000000\">Apto Casal ou Duplo: R$ 192,60<\/span><\/li>\n<li><span style=\"color: #000000\">Apto triplo: R$ 241,20<\/span><\/li>\n<li><span style=\"color: #000000\">Single Luxo: R$147,00- Di\u00e1ria<\/span><\/li>\n<li><span style=\"color: #000000\">Single Super Luxo: R$ 162,00- Di\u00e1ria<\/span><\/li>\n<li><span style=\"color: #000000\">Double Luxo: R$ 214,00- Di\u00e1ria<\/span><\/li>\n<li><span style=\"color: #000000\">Double Super Luxo: R$ 235,00- Di\u00e1ria<\/span><\/li>\n<li><span style=\"color: #000000\">Triple Luxo: R$ 268,00- Di\u00e1ria<\/span><\/li>\n<\/ul>\n<p><span style=\"color: #000000\">*Cama extra R$55,00 a di\u00e1ria.<\/span><\/p>\n<p><span style=\"color: #000000\">* Descontos para participantes do evento:\u00a0 mencionar que estar\u00e3o participando do XXI EBRAPEM, na UFPel.<\/span><\/p>\n<p><span style=\"color: #008000\"><strong><u>Hotel Curi<\/u><\/strong><\/span><\/p>\n<p><span style=\"color: #000000\"><strong>Endere\u00e7o<\/strong><strong>:<\/strong> Rua General Os\u00f3rio, 719 &#8211; Centro, Pelotas &#8211; RS<\/span><\/p>\n<p><span style=\"color: #000000\"><strong>Telefone<\/strong><strong>: <\/strong>(whatsapp) 53-981201111<\/span><\/p>\n<p><span style=\"color: #000000\"><strong>Reservas: <\/strong>reservas@hotelcuri.com.br<\/span><\/p>\n<ul>\n<li><span style=\"color: #000000\">Standard: <\/span>\n<div class=\"gmail_default\"><span style=\"color: #000000\">1 pessoa R$ 168,00<\/span><\/div>\n<div class=\"gmail_default\"><span style=\"color: #000000\">2 pessoas R$ 200,00<\/span><\/div>\n<div class=\"gmail_default\"><span style=\"color: #000000\">3 pessoas R$ 255,00<\/span><\/div>\n<\/li>\n<li><span style=\"color: #000000\">Standard Superior:<\/span>\n<div class=\"gmail_default\">\n<div class=\"gmail_default\">\n<div class=\"gmail_default\"><span style=\"color: #000000\">1 pessoa R$ 177,00<\/span><\/div>\n<div class=\"gmail_default\"><span style=\"color: #000000\">2 pessoas R$ 220,00<\/span><\/div>\n<div class=\"gmail_default\"><span style=\"color: #000000\">3 pessoas R$ 300,00\u00a0<\/span><\/div>\n<\/div>\n<\/div>\n<\/li>\n<\/ul>\n<p><span style=\"color: #000000\">* Descontos para participantes do evento:\u00a0 mencionar que estar\u00e3o participando do XXI EBRAPEM, na UFPel.<\/span><\/p>\n<p><span style=\"color: #008000\"><strong><u>Hotel Curi Palace<\/u><\/strong><\/span><\/p>\n<p><span style=\"color: #000000\"><strong>Endere\u00e7o<\/strong><strong>:\u00a0<\/strong>R. Gen. Neto, 1279 &#8211; Centro, Pelotas &#8211; RS<\/span><\/p>\n<p><span style=\"color: #000000\"><strong>Telefone<\/strong><strong>:\u00a0<\/strong>(53) 3227-7377<\/span><\/p>\n<p><span style=\"color: #000000\"><strong>Reservas: <\/strong>reservas@curipalacehotel.com.br ou por telefone<\/span><\/p>\n<ul>\n<li><span style=\"color: #000000\">Superior: Single R$ 190,00<\/span><\/li>\n<\/ul>\n<p><span style=\"color: #000000\">\u00a0\u00a0\u00a0\u00a0\u00a0\u00a0\u00a0\u00a0\u00a0\u00a0\u00a0\u00a0\u00a0\u00a0\u00a0\u00a0\u00a0\u00a0\u00a0\u00a0\u00a0\u00a0\u00a0\u00a0\u00a0\u00a0\u00a0\u00a0 Double R$ 240,00<\/span><\/p>\n<ul>\n<li><span style=\"color: #000000\">Luxo: Single R$ 240,00<\/span><\/li>\n<\/ul>\n<p><span style=\"color: #000000\">\u00a0\u00a0\u00a0\u00a0\u00a0\u00a0\u00a0\u00a0\u00a0\u00a0\u00a0\u00a0\u00a0\u00a0\u00a0\u00a0\u00a0\u00a0\u00a0\u00a0\u00a0 Double R$ 295,00<\/span><\/p>\n<ul>\n<li><span style=\"color: #000000\">Su\u00edte: Single R$ 350,00<\/span><\/li>\n<\/ul>\n<p><span style=\"color: #000000\">\u00a0\u00a0\u00a0\u00a0\u00a0\u00a0\u00a0\u00a0\u00a0\u00a0\u00a0\u00a0\u00a0\u00a0\u00a0\u00a0\u00a0\u00a0\u00a0\u00a0\u00a0 Double R$ 450,00<\/span><\/p>\n<p><span style=\"color: #000000\">*Cama extra: R$90,00<\/span><\/p>\n<p><span style=\"color: #000000\">* Descontos para participantes do evento:\u00a0 mencionar que estar\u00e3o participando do XXI EBRAPEM, na UFPel.<\/span><\/p>\n<p style=\"text-align: center\"><span style=\"color: #008000\"><strong>\u00a0POUSADAS<\/strong><\/span><\/p>\n<p><span style=\"color: #008000\"><strong><u>Pousada da L\u00fa<\/u><\/strong><\/span><\/p>\n<p><span style=\"color: #000000\"><strong>Endere\u00e7o: <\/strong>Rua Lauro Ribeiro, 927<\/span><\/p>\n<p><span style=\"color: #000000\"><strong>Telefone:<\/strong> (53) 8452-5960 (Oi), 9115-7644 (Claro), 9951-3585 (Vivo), 8105-0210 (Tim)<\/span><\/p>\n<ul>\n<li><span style=\"color: #000000\">Quarto casal para 1 pessoa: R$ 60,00<\/span><\/li>\n<li><span style=\"color: #000000\">Quarto casal para 2 pessoas: R$ 50,00 para cada um.<\/span><\/li>\n<\/ul>\n<p><span style=\"color: #008000\"><strong><u>Pousada do\u00a0Estudante<\/u><\/strong><\/span><\/p>\n<p><span style=\"color: #000000\"><strong>Endere\u00e7o<\/strong><strong>:\u00a0<\/strong>R. Quinze de Novembro, 311 &#8211; Centro, Pelotas &#8211; RS<\/span><\/p>\n<p><span style=\"color: #000000\"><strong>Telefone<\/strong><strong>:\u00a0<\/strong>(53) 3278-2875<\/span><\/p>\n<ul>\n<li><span style=\"color: #000000\">Quarto individual:\u00a0 R$110,00 e R$ 112,00<\/span><\/li>\n<li><span style=\"color: #000000\">Quarto duplo: R$ 170,00 e R$ 190,00 (com Ar Condicionado).<\/span><\/li>\n<li><span style=\"color: #000000\">Quarto Qu\u00e1druplo: R$ 290,00<\/span><\/li>\n<\/ul>\n<p>&nbsp;<\/p>\n<p style=\"text-align: center\"><span style=\"color: #000000\"><strong>\u00a0<span style=\"color: #008000\">HOSTEIS<\/span><\/strong><\/span><\/p>\n<p><strong><span style=\"color: #008000\"><u>Hello Hostel Pelotas<\/u><\/span><\/strong><\/p>\n<p><span style=\"color: #000000\"><strong>Endere\u00e7o<\/strong><strong>:<\/strong><strong>\u00a0<\/strong>R. Quinze de Novembro, 958, 45Pelotas &#8211; RS<\/span><\/p>\n<p><span style=\"color: #000000\"><strong>Telefone<\/strong><strong>:<\/strong><strong>\u00a0<\/strong>(53) 98150-0035<\/span><\/p>\n<ul>\n<li><span style=\"color: #000000\">Privativo: R$90,00 pra uma pessoa e R$ 55,00 por pessoa adicional.<\/span><\/li>\n<li><span style=\"color: #000000\">Coletivo: R$ 45,00 e R$ 55,00.<\/span><\/li>\n<\/ul>\n<p><strong><span style=\"color: #008000\"><u>Hostel Casar\u00e3o<\/u><\/span><\/strong><\/p>\n<p><span style=\"color: #000000\"><strong>Endere\u00e7o<\/strong><strong>:<\/strong><strong>\u00a0<\/strong>R. 7 de Setembro, 125 &#8211; Centro, Pelotas &#8211; RS<\/span><\/p>\n<p><span style=\"color: #000000\"><strong>Telefone<\/strong><strong>:<\/strong><strong>\u00a0<\/strong>(53) 3029-0203; (WhatsApp) 53 &#8211; 98122-0355<br \/>\n<\/span><\/p>\n<ul>\n<li><span style=\"color: #000000\">Quartos de 6 pessoas, inclui caf\u00e9 da manh\u00e3.<\/span><\/li>\n<li><span style=\"color: #000000\">1 pessoa: R$ 95,00<\/span><\/li>\n<li><span style=\"color: #000000\">2 pessoas: R$ 163,00<\/span><\/li>\n<li><span style=\"color: #000000\">3 pessoas: R$ 223,00<\/span><\/li>\n<li><span style=\"color: #000000\">4 pessoas: R$ 283,00<\/span><\/li>\n<li><span style=\"color: #000000\">5 pessoas: R$ 343,00<\/span><\/li>\n<li><span style=\"color: #000000\">6 pessoas: R$ 403,00<\/span><\/li>\n<\/ul>\n<p><span style=\"color: #000000\">*Reservas via facebook<\/span><\/p>\n<p><span style=\"color: #000000\">* Descontos para participantes do evento:\u00a0 mencionar que estar\u00e3o participando do XXI EBRAPEM, na UFPel.<\/span><\/p>\n<p style=\"text-align: center\"><strong><span style=\"color: #008000\">RESIDENCIAIS<\/span><\/strong><\/p>\n<p><strong><span style=\"color: #008000\"><u>Residencial Marcilio Dias<\/u><\/span><\/strong><\/p>\n<p><span style=\"color: #000000\"><strong>Endere\u00e7o<\/strong>: Rua Marc\u00edlio Dias, 2553.<\/span><\/p>\n<p><span style=\"color: #000000\"><strong>Telefone<\/strong>: sem telefone, apenas no site do ebooking.<\/span><\/p>\n<ul>\n<li><span style=\"color: #000000\">Apartamento mobiliado, capacidade de 3 pessoas, di\u00e1ria em m\u00e9dia R$ 120,00.<\/span><\/li>\n<\/ul>\n<p style=\"text-align: center\"><span style=\"text-decoration: underline\"><span style=\"color: #008000;text-decoration: underline\"><strong>AIRBNB<\/strong><\/span><\/span><\/p>\n<p style=\"text-align: justify\"><span style=\"color: #000000\">Airbnb \u00e9 um servi\u00e7o online comunit\u00e1rio para as pessoas anunciarem, descobrirem e reservarem acomoda\u00e7\u00f5es e meios de hospedagem. Mais informa\u00e7\u00f5es no link<span style=\"color: #008000\"> <a href=\"https:\/\/www.airbnb.com.br\/?af=43720035&amp;c=A_TC%3Dhx5fhyqdnr%26G_MT%3De%26G_CR%3D194674314393%26G_N%3Dg%26G_K%3Dairbnb%26G_P%3D%26G_D%3Dc%26$pi:0.pk:8027002309_194674314393_c_12026464216&amp;atlastest5=true&amp;gclid=Cj0KCQjw5arMBRDzARIsAAqmJexMj3rNnb385LGcFIBfyg25GcyjfQdelv4QtyuTVM2g3VqZZHDp5TUaAligEALw_wcB\">airbnb<\/a><\/span><br \/>\n<\/span><\/p>\n","protected":false},"excerpt":{"rendered":"<p>HOTEIS Hotel Estoril \u00a0Endere\u00e7o:\u00a0R. Gen. Os\u00f3rio, 718 &#8211; Centro, Pelotas &#8211; RS Telefone:\u00a0(53) 3225-0108 Simples: 1 pessoa R$ 84,00 \u00a0\u00a0\u00a0\u00a0\u00a0\u00a0\u00a0\u00a0\u00a0\u00a0\u00a0\u00a0\u00a0\u00a0\u00a0\u00a0\u00a0\u00a0\u00a0\u00a0\u00a0\u00a0\u00a0 \u00a0 \u00a0\u00a0 2 pessoas R$ 157,00 Standard: 1 pessoa R$ 99,00 \u00a0\u00a0\u00a0\u00a0\u00a0\u00a0\u00a0\u00a0\u00a0\u00a0\u00a0\u00a0\u00a0\u00a0\u00a0\u00a0\u00a0\u00a0\u00a0\u00a0\u00a0\u00a0\u00a0\u00a0\u00a0\u00a0\u00a0\u00a0\u00a0\u00a0 2 pessoas R$ 159,00 \u00a0\u00a0\u00a0\u00a0\u00a0\u00a0\u00a0\u00a0\u00a0\u00a0\u00a0\u00a0\u00a0\u00a0\u00a0\u00a0\u00a0\u00a0\u00a0\u00a0\u00a0\u00a0\u00a0\u00a0\u00a0\u00a0\u00a0\u00a0\u00a0\u00a0 3 pessoas R$ 215,00 Luxo: 1 pessoa R$ 123,00 \u00a0\u00a0\u00a0\u00a0\u00a0\u00a0\u00a0\u00a0\u00a0\u00a0\u00a0\u00a0\u00a0\u00a0\u00a0\u00a0\u00a0\u00a0\u00a0\u00a0\u00a0\u00a0 2 pessoas R$ 198,00 \u00a0\u00a0\u00a0\u00a0\u00a0\u00a0\u00a0\u00a0\u00a0\u00a0 \u00a0 \u00a0\u00a0\u00a0\u00a0\u00a0\u00a0\u00a0\u00a0\u00a0 3 [&hellip;]<\/p>\n","protected":false},"author":711,"featured_media":0,"parent":0,"menu_order":0,"comment_status":"closed","ping_status":"closed","template":"","meta":{"footnotes":""},"class_list":["post-83","page","type-page","status-publish","hentry"],"jetpack_sharing_enabled":true,"_links":{"self":[{"href":"https:\/\/wp.ufpel.edu.br\/xxiebrapem\/wp-json\/wp\/v2\/pages\/83","targetHints":{"allow":["GET"]}}],"collection":[{"href":"https:\/\/wp.ufpel.edu.br\/xxiebrapem\/wp-json\/wp\/v2\/pages"}],"about":[{"href":"https:\/\/wp.ufpel.edu.br\/xxiebrapem\/wp-json\/wp\/v2\/types\/page"}],"author":[{"embeddable":true,"href":"https:\/\/wp.ufpel.edu.br\/xxiebrapem\/wp-json\/wp\/v2\/users\/711"}],"replies":[{"embeddable":true,"href":"https:\/\/wp.ufpel.edu.br\/xxiebrapem\/wp-json\/wp\/v2\/comments?post=83"}],"version-history":[{"count":12,"href":"https:\/\/wp.ufpel.edu.br\/xxiebrapem\/wp-json\/wp\/v2\/pages\/83\/revisions"}],"predecessor-version":[{"id":377,"href":"https:\/\/wp.ufpel.edu.br\/xxiebrapem\/wp-json\/wp\/v2\/pages\/83\/revisions\/377"}],"wp:attachment":[{"href":"https:\/\/wp.ufpel.edu.br\/xxiebrapem\/wp-json\/wp\/v2\/media?parent=83"}],"curies":[{"name":"wp","href":"https:\/\/api.w.org\/{rel}","templated":true}]}}