{"id":416,"date":"2017-10-09T12:08:35","date_gmt":"2017-10-09T15:08:35","guid":{"rendered":"https:\/\/wp.ufpel.edu.br\/xxiebrapem\/?page_id=416"},"modified":"2017-10-27T09:18:10","modified_gmt":"2017-10-27T11:18:10","slug":"trabalhos-aceitos","status":"publish","type":"page","link":"https:\/\/wp.ufpel.edu.br\/xxiebrapem\/trabalhos-aceitos\/","title":{"rendered":"Datas e Hor\u00e1rios das Apresenta\u00e7\u00f5es"},"content":{"rendered":"<p><span style=\"color: #000000\"><strong>GD1 \u00a0 \u00a0\u00a0\u00a0 <\/strong><span style=\"color: #008000\"><a href=\"https:\/\/wp.ufpel.edu.br\/xxiebrapem\/files\/2017\/10\/GD1.pdf\"><span style=\"color: #008000\">Educa\u00e7\u00e3o Matem\u00e1tica nos Anos Iniciais do Ensino Fundamental<\/span><\/a><\/span><\/span><\/p>\n<p><span style=\"color: #000000\"><strong>GD2\u00a0\u00a0\u00a0\u00a0\u00a0\u00a0<\/strong> <a href=\"https:\/\/wp.ufpel.edu.br\/xxiebrapem\/files\/2017\/10\/GD2.pdf\"><span style=\"color: #008000\">Educa\u00e7\u00e3o Matem\u00e1tica nos Anos Finais do Ensino Fundamental<\/span><\/a><\/span><\/p>\n<p><span style=\"color: #000000\"><strong>GD3\u00a0\u00a0\u00a0\u00a0\u00a0\u00a0<\/strong> <a href=\"https:\/\/wp.ufpel.edu.br\/xxiebrapem\/files\/2017\/10\/GD3.pdf\"><span style=\"color: #008000\">Educa\u00e7\u00e3o Matem\u00e1tica no Ensino M\u00e9dio<\/span><\/a><\/span><\/p>\n<p><span style=\"color: #000000\"><strong>GD4\u00a0\u00a0\u00a0\u00a0\u00a0\u00a0<\/strong> <a href=\"https:\/\/wp.ufpel.edu.br\/xxiebrapem\/files\/2017\/10\/GD_4.pdf\"><span style=\"color: #008000\">Educa\u00e7\u00e3o Matem\u00e1tica no Ensino Superior<\/span><\/a><\/span><\/p>\n<p><span style=\"color: #000000\"><strong>GD5\u00a0\u00a0\u00a0\u00a0\u00a0\u00a0<\/strong> <a href=\"https:\/\/wp.ufpel.edu.br\/xxiebrapem\/files\/2017\/10\/GD5.pdf\"><span style=\"color: #008000\">Hist\u00f3ria da Matem\u00e1tica\/Educa\u00e7\u00e3o Matem\u00e1tica<\/span><\/a><\/span><\/p>\n<p><span style=\"color: #000000\"><strong>GD6\u00a0\u00a0\u00a0\u00a0\u00a0\u00a0<\/strong> <a href=\"https:\/\/wp.ufpel.edu.br\/xxiebrapem\/files\/2017\/10\/GD_6.pdf\"><span style=\"color: #008000\"><span style=\"color: #008000\">Educa\u00e7\u00e3o Matem\u00e1tica, Tecnologias e Educa\u00e7\u00e3o \u00e0 Dist\u00e2ncia<\/span><\/span><\/a><\/span><\/p>\n<p><span style=\"color: #000000\"><strong>GD7\u00a0\u00a0\u00a0\u00a0\u00a0\u00a0<\/strong><a href=\"https:\/\/wp.ufpel.edu.br\/xxiebrapem\/files\/2017\/10\/GD_7.pdf\"> <span style=\"color: #008000\">Forma\u00e7\u00e3o de Professores que Ensinam Matem\u00e1tica<\/span><\/a><\/span><\/p>\n<p><span style=\"color: #000000\"><strong>GD8\u00a0\u00a0\u00a0\u00a0\u00a0\u00a0<\/strong> <a href=\"https:\/\/wp.ufpel.edu.br\/xxiebrapem\/files\/2017\/10\/GD8.pdf\"><span style=\"color: #008000\">Avalia\u00e7\u00e3o em Educa\u00e7\u00e3o Matem\u00e1tica<\/span><\/a><\/span><\/p>\n<p><span style=\"color: #000000\"><strong>GD9\u00a0\u00a0\u00a0\u00a0\u00a0\u00a0<\/strong> <a href=\"https:\/\/wp.ufpel.edu.br\/xxiebrapem\/files\/2017\/10\/GD9.pdf\"><span style=\"color: #008000\">Processos Cognitivos e Lingu\u00edsticos em Educa\u00e7\u00e3o Matem\u00e1tica<\/span><\/a><\/span><\/p>\n<p><span style=\"color: #000000\"><strong>GD10\u00a0\u00a0\u00a0\u00a0<\/strong> <a href=\"https:\/\/wp.ufpel.edu.br\/xxiebrapem\/files\/2017\/10\/GD10.pdf\"><span style=\"color: #008000\">Modelagem Matem\u00e1tica<\/span><\/a><\/span><\/p>\n<p><span style=\"color: #000000\"><strong>GD11\u00a0\u00a0\u00a0\u00a0<\/strong> <a href=\"https:\/\/wp.ufpel.edu.br\/xxiebrapem\/files\/2017\/10\/GD11.pdf\"><span style=\"color: #008000\">Filosofia da Educa\u00e7\u00e3o Matem\u00e1tica<\/span><\/a><\/span><\/p>\n<p><span style=\"color: #000000\"><strong>GD12\u00a0\u00a0\u00a0\u00a0<\/strong> <a href=\"https:\/\/wp.ufpel.edu.br\/xxiebrapem\/files\/2017\/10\/GD_12.pdf\"><span style=\"color: #008000\">Ensino de Probabilidade e Estat\u00edstica<\/span><\/a><\/span><\/p>\n<p><span style=\"color: #000000\"><strong>GD13\u00a0\u00a0\u00a0\u00a0<\/strong> <a href=\"https:\/\/wp.ufpel.edu.br\/xxiebrapem\/files\/2017\/10\/GD13.pdf\"><span style=\"color: #008000\">Educa\u00e7\u00e3o Matem\u00e1tica e Inclus\u00e3o<\/span><\/a><\/span><\/p>\n<p><span style=\"color: #000000\"><strong>GD14 \u00a0<\/strong><span style=\"color: #008000\"><a href=\"https:\/\/wp.ufpel.edu.br\/xxiebrapem\/files\/2017\/10\/GD14.pdf\"><span style=\"color: #008000\"> Resolu\u00e7\u00f5es de problemas<\/span><\/a><\/span><\/span><\/p>\n<p><span style=\"color: #000000\"><strong>GD15 \u00a0<\/strong><span style=\"color: #008000\"> <a href=\"https:\/\/wp.ufpel.edu.br\/xxiebrapem\/files\/2017\/10\/GD15.pdf\"><span style=\"color: #008000\">Educa\u00e7\u00e3o Financeira<\/span><\/a><\/span><\/span><\/p>\n<p><span style=\"color: #000000\"><strong>GD16 \u00a0<\/strong> <a href=\"https:\/\/wp.ufpel.edu.br\/xxiebrapem\/files\/2017\/10\/GD16.pdf\"><span style=\"color: #008000\">Etnomatem\u00e1tica<\/span><\/a><\/span><\/p>\n<p><span style=\"color: #000000\"><strong>GD17 \u00a0<\/strong> <a href=\"https:\/\/wp.ufpel.edu.br\/xxiebrapem\/files\/2017\/10\/GD_17.pdf\"><span style=\"color: #008000\">Curr\u00edculo, Pol\u00edticas P\u00fablicas e Educa\u00e7\u00e3o Matem\u00e1tica<\/span><\/a><\/span><\/p>\n","protected":false},"excerpt":{"rendered":"<p>GD1 \u00a0 \u00a0\u00a0\u00a0 Educa\u00e7\u00e3o Matem\u00e1tica nos Anos Iniciais do Ensino Fundamental GD2\u00a0\u00a0\u00a0\u00a0\u00a0\u00a0 Educa\u00e7\u00e3o Matem\u00e1tica nos Anos Finais do Ensino Fundamental GD3\u00a0\u00a0\u00a0\u00a0\u00a0\u00a0 Educa\u00e7\u00e3o Matem\u00e1tica no Ensino M\u00e9dio GD4\u00a0\u00a0\u00a0\u00a0\u00a0\u00a0 Educa\u00e7\u00e3o Matem\u00e1tica no Ensino Superior GD5\u00a0\u00a0\u00a0\u00a0\u00a0\u00a0 Hist\u00f3ria da Matem\u00e1tica\/Educa\u00e7\u00e3o Matem\u00e1tica GD6\u00a0\u00a0\u00a0\u00a0\u00a0\u00a0 Educa\u00e7\u00e3o Matem\u00e1tica, Tecnologias e Educa\u00e7\u00e3o \u00e0 Dist\u00e2ncia GD7\u00a0\u00a0\u00a0\u00a0\u00a0\u00a0 Forma\u00e7\u00e3o de Professores que Ensinam Matem\u00e1tica GD8\u00a0\u00a0\u00a0\u00a0\u00a0\u00a0 Avalia\u00e7\u00e3o em [&hellip;]<\/p>\n","protected":false},"author":711,"featured_media":0,"parent":0,"menu_order":0,"comment_status":"closed","ping_status":"closed","template":"","meta":{"footnotes":""},"class_list":["post-416","page","type-page","status-publish","hentry"],"jetpack_sharing_enabled":true,"_links":{"self":[{"href":"https:\/\/wp.ufpel.edu.br\/xxiebrapem\/wp-json\/wp\/v2\/pages\/416","targetHints":{"allow":["GET"]}}],"collection":[{"href":"https:\/\/wp.ufpel.edu.br\/xxiebrapem\/wp-json\/wp\/v2\/pages"}],"about":[{"href":"https:\/\/wp.ufpel.edu.br\/xxiebrapem\/wp-json\/wp\/v2\/types\/page"}],"author":[{"embeddable":true,"href":"https:\/\/wp.ufpel.edu.br\/xxiebrapem\/wp-json\/wp\/v2\/users\/711"}],"replies":[{"embeddable":true,"href":"https:\/\/wp.ufpel.edu.br\/xxiebrapem\/wp-json\/wp\/v2\/comments?post=416"}],"version-history":[{"count":16,"href":"https:\/\/wp.ufpel.edu.br\/xxiebrapem\/wp-json\/wp\/v2\/pages\/416\/revisions"}],"predecessor-version":[{"id":541,"href":"https:\/\/wp.ufpel.edu.br\/xxiebrapem\/wp-json\/wp\/v2\/pages\/416\/revisions\/541"}],"wp:attachment":[{"href":"https:\/\/wp.ufpel.edu.br\/xxiebrapem\/wp-json\/wp\/v2\/media?parent=416"}],"curies":[{"name":"wp","href":"https:\/\/api.w.org\/{rel}","templated":true}]}}