{"id":236,"date":"2017-07-04T10:39:23","date_gmt":"2017-07-04T13:39:23","guid":{"rendered":"https:\/\/wp.ufpel.edu.br\/xxiebrapem\/?page_id=236"},"modified":"2017-09-17T01:15:00","modified_gmt":"2017-09-17T04:15:00","slug":"camiseta","status":"publish","type":"page","link":"https:\/\/wp.ufpel.edu.br\/xxiebrapem\/camiseta\/","title":{"rendered":"Camiseta"},"content":{"rendered":"<p style=\"text-align: justify\"><span style=\"color: #000000\">Para fugirmos um pouco do tradicional, nessa edi\u00e7\u00e3o do EBRAPEM optamos por confeccionar um modelo de camiseta diferente.<\/span><\/p>\n<p style=\"text-align: justify\"><span style=\"color: #000000\">Ao inv\u00e9s de gravarmos apenas o nome do evento, resolvemos trazer estampado no peito aquilo que realmente fazemos: PESQUISAMOS EDUCA\u00c7\u00c3O MATEM\u00c1TICA!!!<\/span><\/p>\n<p><span style=\"color: #008000;font-size: 14pt\">As camisetas est\u00e3o sendo vendidas a pre\u00e7o de custo: R$ 20,00<\/span><\/p>\n<p><img class=\"size-medium wp-image-242 alignleft\" src=\"https:\/\/wp.ufpel.edu.br\/xxiebrapem\/files\/2017\/07\/camiseta-389x400.jpg\" alt=\"\" width=\"389\" height=\"400\" srcset=\"https:\/\/wp.ufpel.edu.br\/xxiebrapem\/files\/2017\/07\/camiseta-389x400.jpg 389w, https:\/\/wp.ufpel.edu.br\/xxiebrapem\/files\/2017\/07\/camiseta-768x789.jpg 768w, https:\/\/wp.ufpel.edu.br\/xxiebrapem\/files\/2017\/07\/camiseta-997x1024.jpg 997w\" sizes=\"(max-width: 389px) 100vw, 389px\" \/><\/p>\n<p style=\"text-align: justify\"><span style=\"color: #000000\">Prazo para solicita\u00e7\u00e3o: at\u00e9 a data do evento.<\/span><\/p>\n<p style=\"text-align: justify\"><span style=\"color: #000000\">Sugerimos que solicitem com anteced\u00eancia, efetuando o pagamento mediante dep\u00f3sito banc\u00e1rio para garantir o seu tamanho, j\u00e1 que temos um n\u00famero limitado de camisetas!!!<\/span><\/p>\n<p><span style=\"color: #008000\"><strong>Descri\u00e7\u00e3o da camiseta:<\/strong><\/span><\/p>\n<ul>\n<li><span style=\"color: #000000\">Cor: branca<\/span><\/li>\n<li><span style=\"color: #000000\">Tecido de \u00f3tima qualidade<\/span><\/li>\n<li><span style=\"color: #000000\">Arte em sublima\u00e7\u00e3o<\/span><\/li>\n<li><span style=\"color: #000000\">Tamanhos P &#8211; M &#8211; G &#8211; GG<\/span><\/li>\n<\/ul>\n<p>&nbsp;<\/p>\n<p>&nbsp;<\/p>\n<p>&nbsp;<\/p>\n<p><span style=\"color: #008000\"><strong>Forma de pagamento mediante dep\u00f3sito banc\u00e1rio:<\/strong><\/span><\/p>\n<ul>\n<li><span style=\"color: #000000\">Dep\u00f3sito banc\u00e1rio<\/span><\/li>\n<\/ul>\n<p><span style=\"color: #000000\">\u00a0Banco: Banco do Brasil<\/span><\/p>\n<p><span style=\"color: #000000\">\u00a0 Ag\u00eancia: 4468-7<\/span><\/p>\n<p><span style=\"color: #000000\">\u00a0 Conta Corrente: 15.978-6<\/span><\/p>\n<p><span style=\"color: #000000\">\u00a0 Nome: Gl\u00e1ucia Potenza Soares<strong><br \/>\n<\/strong><\/span><\/p>\n<ul>\n<li style=\"text-align: justify\"><span style=\"color: #000000\">Ap\u00f3s\u00a0 dep\u00f3sito, o estudante deve enviar um e-mail para <a href=\"mailto:xxiebrapem2017@gmail.com\"><span style=\"color: #000000\">xxiebrapem2017@gmail.com<\/span><\/a> com a especifica\u00e7\u00e3o do tamanho da camiseta e anexar o comprovante de pagamento, com o assunto do e-mail: CAMISETA. <\/span><\/li>\n<\/ul>\n<p style=\"text-align: justify\"><span style=\"color: #000000\"><span style=\"color: #008000\">Obs.:<\/span> Caso o dep\u00f3sito seja realizado em conjunto com o pagamento da inscri\u00e7\u00e3o, favor digitar no assunto do e-mail: INSCRI\u00c7\u00c3O E CAMISETA, e n\u00e3o esquecer de seguir os passos estipulados na inscri\u00e7\u00e3o e de especificar o tamanho da camiseta.<\/span><\/p>\n","protected":false},"excerpt":{"rendered":"<p>Para fugirmos um pouco do tradicional, nessa edi\u00e7\u00e3o do EBRAPEM optamos por confeccionar um modelo de camiseta diferente. Ao inv\u00e9s de gravarmos apenas o nome do evento, resolvemos trazer estampado no peito aquilo que realmente fazemos: PESQUISAMOS EDUCA\u00c7\u00c3O MATEM\u00c1TICA!!! As camisetas est\u00e3o sendo vendidas a pre\u00e7o de custo: R$ 20,00 Prazo para solicita\u00e7\u00e3o: at\u00e9 a [&hellip;]<\/p>\n","protected":false},"author":711,"featured_media":0,"parent":0,"menu_order":0,"comment_status":"closed","ping_status":"closed","template":"","meta":{"footnotes":""},"class_list":["post-236","page","type-page","status-publish","hentry"],"jetpack_sharing_enabled":true,"_links":{"self":[{"href":"https:\/\/wp.ufpel.edu.br\/xxiebrapem\/wp-json\/wp\/v2\/pages\/236","targetHints":{"allow":["GET"]}}],"collection":[{"href":"https:\/\/wp.ufpel.edu.br\/xxiebrapem\/wp-json\/wp\/v2\/pages"}],"about":[{"href":"https:\/\/wp.ufpel.edu.br\/xxiebrapem\/wp-json\/wp\/v2\/types\/page"}],"author":[{"embeddable":true,"href":"https:\/\/wp.ufpel.edu.br\/xxiebrapem\/wp-json\/wp\/v2\/users\/711"}],"replies":[{"embeddable":true,"href":"https:\/\/wp.ufpel.edu.br\/xxiebrapem\/wp-json\/wp\/v2\/comments?post=236"}],"version-history":[{"count":13,"href":"https:\/\/wp.ufpel.edu.br\/xxiebrapem\/wp-json\/wp\/v2\/pages\/236\/revisions"}],"predecessor-version":[{"id":363,"href":"https:\/\/wp.ufpel.edu.br\/xxiebrapem\/wp-json\/wp\/v2\/pages\/236\/revisions\/363"}],"wp:attachment":[{"href":"https:\/\/wp.ufpel.edu.br\/xxiebrapem\/wp-json\/wp\/v2\/media?parent=236"}],"curies":[{"name":"wp","href":"https:\/\/api.w.org\/{rel}","templated":true}]}}