{"id":965,"date":"2015-03-11T21:20:42","date_gmt":"2015-03-12T00:20:42","guid":{"rendered":"https:\/\/wp.ufpel.edu.br\/wwverde\/?page_id=965"},"modified":"2015-12-26T20:09:11","modified_gmt":"2015-12-26T22:09:11","slug":"2013-2","status":"publish","type":"page","link":"https:\/\/wp.ufpel.edu.br\/wwverde\/2013-2\/","title":{"rendered":"Not\u00edcias 2013"},"content":{"rendered":"<p><strong>Confira aqui as not\u00edcias de 2013 publicadas no site.<\/strong><\/p>\n<p><a href=\"http:\/\/correio.rac.com.br\/_conteudo\/2013\/10\/capa\/projetos_correio\/cenario_xxi\/108843-quimica-verde-da-premio-a-pesquisador.html\" target=\"_blank\">&#8220;Qu\u00edmica Verde&#8221; d\u00e1 pr\u00eamio a pesquisador<\/a><\/p>\n<p>&nbsp;<\/p>\n","protected":false},"excerpt":{"rendered":"<p>Confira aqui as not\u00edcias de 2013 publicadas no site. &#8220;Qu\u00edmica Verde&#8221; d\u00e1 pr\u00eamio a pesquisador &nbsp;<\/p>\n","protected":false},"author":149,"featured_media":0,"parent":0,"menu_order":0,"comment_status":"closed","ping_status":"closed","template":"","meta":{"jetpack_post_was_ever_published":false,"footnotes":""},"class_list":["post-965","page","type-page","status-publish","hentry"],"jetpack_sharing_enabled":true,"jetpack_shortlink":"https:\/\/wp.me\/P4VNan-fz","_links":{"self":[{"href":"https:\/\/wp.ufpel.edu.br\/wwverde\/wp-json\/wp\/v2\/pages\/965","targetHints":{"allow":["GET"]}}],"collection":[{"href":"https:\/\/wp.ufpel.edu.br\/wwverde\/wp-json\/wp\/v2\/pages"}],"about":[{"href":"https:\/\/wp.ufpel.edu.br\/wwverde\/wp-json\/wp\/v2\/types\/page"}],"author":[{"embeddable":true,"href":"https:\/\/wp.ufpel.edu.br\/wwverde\/wp-json\/wp\/v2\/users\/149"}],"replies":[{"embeddable":true,"href":"https:\/\/wp.ufpel.edu.br\/wwverde\/wp-json\/wp\/v2\/comments?post=965"}],"version-history":[{"count":8,"href":"https:\/\/wp.ufpel.edu.br\/wwverde\/wp-json\/wp\/v2\/pages\/965\/revisions"}],"predecessor-version":[{"id":1152,"href":"https:\/\/wp.ufpel.edu.br\/wwverde\/wp-json\/wp\/v2\/pages\/965\/revisions\/1152"}],"wp:attachment":[{"href":"https:\/\/wp.ufpel.edu.br\/wwverde\/wp-json\/wp\/v2\/media?parent=965"}],"curies":[{"name":"wp","href":"https:\/\/api.w.org\/{rel}","templated":true}]}}

Notícias 2013

<p><strong>Confira aqui as notícias de 2013 publicadas no site.</strong></p>
<p><a href="http://correio.rac.com.br/_conteudo/2013/10/capa/projetos_correio/cenario_xxi/108843-quimica-verde-da-premio-a-pesquisador.html" target="_blank">&#8220;Química Verde&#8221; dá prêmio a pesquisador</a></p>
<p>&nbsp;</p>

<p>Confira aqui as notícias de 2013 publicadas no site. &#8220;Química Verde&#8221; dá prêmio a pesquisador &nbsp;</p>
