{"id":957,"date":"2015-03-11T21:13:55","date_gmt":"2015-03-12T00:13:55","guid":{"rendered":"https:\/\/wp.ufpel.edu.br\/wwverde\/?page_id=957"},"modified":"2015-12-26T20:10:21","modified_gmt":"2015-12-26T22:10:21","slug":"2014-2","status":"publish","type":"page","link":"https:\/\/wp.ufpel.edu.br\/wwverde\/2014-2\/","title":{"rendered":"Not\u00edcias 2014"},"content":{"rendered":"<p><strong>Confira aqui todas as not\u00edcias de 2014 publicadas no site.<\/strong><\/p>\n<p><a href=\"https:\/\/wp.ufpel.edu.br\/wwverde\/novas-tecnologias-baseadas-nos-principios-de-quimica-verde-podem-render-ate-us-100-bilhoes-ate-2020-para-as-industrias\/\">Novas tecnologias baseadas nos princ\u00edpios de Qu\u00edmica Verde podem render at\u00e9 US$ 100 bilh\u00f5es, at\u00e9 2020, para as ind\u00fastrias<\/a><\/p>\n<p><a href=\"https:\/\/wp.ufpel.edu.br\/wwverde\/a-revolucao-verde-da-basf\/\">A revolu\u00e7\u00e3o verde da Basf<\/a><\/p>\n<p><a href=\"https:\/\/wp.ufpel.edu.br\/wwverde\/quimica-verde-projeto-da-embrapa-agrega-valor-ao-bagaco-de-uva\/\">Qu\u00edmica Verde: projeto da Embrapa agrega valor ao baga\u00e7o de uva<\/a><\/p>\n<p><a href=\"http:\/\/exame.abril.com.br\/tecnologia\/noticias\/publicacao-mapeia-projetos-em-quimica-verde-no-mundo\" target=\"_blank\">\u00a0Publica\u00e7\u00e3o mapeia projetos em Qu\u00edmica Verde no mundo<\/a><\/p>\n<p><a href=\"http:\/\/www.bonde.com.br\/?id_bonde=1-12--399-20140930\" target=\"_blank\">Professora da UFSCar recebe pr\u00eamio internacional em Qu\u00edmica Verde<\/a><\/p>\n<p><a href=\"http:\/\/www.dci.com.br\/industria\/setor-quimico-reduziu-consumo-de-energia-em-sete-anos,-diz-abiquim-id409110.html\" target=\"_blank\">Setor qu\u00edmico reduziu consumo de energia em sete anos, diz Abiquim<\/a><\/p>\n<p><a href=\"http:\/\/pubs.acs.org\/doi\/abs\/10.1021\/sc400355k\" target=\"_blank\">Produ\u00e7\u00e3o de seda colorida de uma forma mais limpa<\/a><\/p>\n<p><a href=\"http:\/\/www.int.gov.br\/sala-de-imprensa\/noticias\/item\/7038-inova%C3%A7%C3%A3o-em-qu%C3%ADmica-verde-atrai-empresas-para-workshop-do-int\" target=\"_blank\">Inova\u00e7\u00e3o em Qu\u00edmica Verde atrai empresas para workshop<\/a><\/p>\n<p>&nbsp;<\/p>\n","protected":false},"excerpt":{"rendered":"<p>Confira aqui todas as not\u00edcias de 2014 publicadas no site. Novas tecnologias baseadas nos princ\u00edpios de Qu\u00edmica Verde podem render at\u00e9 US$ 100 bilh\u00f5es, at\u00e9 2020, para as ind\u00fastrias A revolu\u00e7\u00e3o verde da Basf Qu\u00edmica Verde: projeto da Embrapa agrega valor ao baga\u00e7o de uva \u00a0Publica\u00e7\u00e3o mapeia projetos em Qu\u00edmica Verde no mundo Professora da [&hellip;]<\/p>\n","protected":false},"author":149,"featured_media":0,"parent":0,"menu_order":0,"comment_status":"closed","ping_status":"closed","template":"","meta":{"jetpack_post_was_ever_published":false,"footnotes":""},"class_list":["post-957","page","type-page","status-publish","hentry"],"jetpack_sharing_enabled":true,"jetpack_shortlink":"https:\/\/wp.me\/P4VNan-fr","_links":{"self":[{"href":"https:\/\/wp.ufpel.edu.br\/wwverde\/wp-json\/wp\/v2\/pages\/957","targetHints":{"allow":["GET"]}}],"collection":[{"href":"https:\/\/wp.ufpel.edu.br\/wwverde\/wp-json\/wp\/v2\/pages"}],"about":[{"href":"https:\/\/wp.ufpel.edu.br\/wwverde\/wp-json\/wp\/v2\/types\/page"}],"author":[{"embeddable":true,"href":"https:\/\/wp.ufpel.edu.br\/wwverde\/wp-json\/wp\/v2\/users\/149"}],"replies":[{"embeddable":true,"href":"https:\/\/wp.ufpel.edu.br\/wwverde\/wp-json\/wp\/v2\/comments?post=957"}],"version-history":[{"count":11,"href":"https:\/\/wp.ufpel.edu.br\/wwverde\/wp-json\/wp\/v2\/pages\/957\/revisions"}],"predecessor-version":[{"id":1153,"href":"https:\/\/wp.ufpel.edu.br\/wwverde\/wp-json\/wp\/v2\/pages\/957\/revisions\/1153"}],"wp:attachment":[{"href":"https:\/\/wp.ufpel.edu.br\/wwverde\/wp-json\/wp\/v2\/media?parent=957"}],"curies":[{"name":"wp","href":"https:\/\/api.w.org\/{rel}","templated":true}]}}

Notícias 2014

<p><strong>Confira aqui todas as notícias de 2014 publicadas no site.</strong></p>
<p><a href="https://wp.ufpel.edu.br/wwverde/novas-tecnologias-baseadas-nos-principios-de-quimica-verde-podem-render-ate-us-100-bilhoes-ate-2020-para-as-industrias/">Novas tecnologias baseadas nos princípios de Química Verde podem render até US$ 100 bilhões, até 2020, para as indústrias</a></p>
<p><a href="https://wp.ufpel.edu.br/wwverde/a-revolucao-verde-da-basf/">A revolução verde da Basf</a></p>
<p><a href="https://wp.ufpel.edu.br/wwverde/quimica-verde-projeto-da-embrapa-agrega-valor-ao-bagaco-de-uva/">Química Verde: projeto da Embrapa agrega valor ao bagaço de uva</a></p>
<p><a href="http://exame.abril.com.br/tecnologia/noticias/publicacao-mapeia-projetos-em-quimica-verde-no-mundo" target="_blank"> Publicação mapeia projetos em Química Verde no mundo</a></p>
<p><a href="http://www.bonde.com.br/?id_bonde=1-12--399-20140930" target="_blank">Professora da UFSCar recebe prêmio internacional em Química Verde</a></p>
<p><a href="http://www.dci.com.br/industria/setor-quimico-reduziu-consumo-de-energia-em-sete-anos,-diz-abiquim-id409110.html" target="_blank">Setor químico reduziu consumo de energia em sete anos, diz Abiquim</a></p>
<p><a href="http://pubs.acs.org/doi/abs/10.1021/sc400355k" target="_blank">Produção de seda colorida de uma forma mais limpa</a></p>
<p><a href="http://www.int.gov.br/sala-de-imprensa/noticias/item/7038-inova%C3%A7%C3%A3o-em-qu%C3%ADmica-verde-atrai-empresas-para-workshop-do-int" target="_blank">Inovação em Química Verde atrai empresas para workshop</a></p>
<p>&nbsp;</p>

<p>Confira aqui todas as notícias de 2014 publicadas no site. Novas tecnologias baseadas nos princípios de Química Verde podem render até US$ 100 bilhões, até 2020, para as indústrias A revolução verde da Basf Química Verde: projeto da Embrapa agrega valor ao bagaço de uva  Publicação mapeia projetos em Química Verde no mundo Professora da [&hellip;]</p>
