{"id":885,"date":"2015-01-08T23:01:29","date_gmt":"2015-01-09T01:01:29","guid":{"rendered":"https:\/\/wp.ufpel.edu.br\/wwverde\/?page_id=885"},"modified":"2015-01-08T23:01:29","modified_gmt":"2015-01-09T01:01:29","slug":"quimica-verde-projeto-da-embrapa-agrega-valor-ao-bagaco-de-uva","status":"publish","type":"page","link":"https:\/\/wp.ufpel.edu.br\/wwverde\/quimica-verde-projeto-da-embrapa-agrega-valor-ao-bagaco-de-uva\/","title":{"rendered":"Qu\u00edmica Verde: projeto da Embrapa agrega valor ao baga\u00e7o de uva"},"content":{"rendered":"<p>&#8220;Para dar uma destina\u00e7\u00e3o mais sustent\u00e1vel e econ\u00f4mica\u00a0ao baga\u00e7o de uva, normalmente descartado pela vitivinicultura (processo que envolve o cultivo da fruta e a fabrica\u00e7\u00e3o de vinho), a Empresa Brasileira de Pesquisa Agropecu\u00e1ria (Embrapa) desenvolveu um insumo a partir desse res\u00edduo que pode ser utilizado por outras cadeias produtivas, como as ind\u00fastrias aliment\u00edcia, farmac\u00eautica e cosm\u00e9tica.&#8221;<\/p>\n<p>Confira a not\u00edcia completa <a href=\"http:\/\/www.jb.com.br\/ciencia-e-tecnologia\/noticias\/2014\/11\/12\/quimica-verde-projeto-da-embrapa-agrega-valor-ao-bagaco-de-uva\/\" target=\"_blank\">aqui<\/a>.<\/p>\n","protected":false},"excerpt":{"rendered":"<p>&#8220;Para dar uma destina\u00e7\u00e3o mais sustent\u00e1vel e econ\u00f4mica\u00a0ao baga\u00e7o de uva, normalmente descartado pela vitivinicultura (processo que envolve o cultivo da fruta e a fabrica\u00e7\u00e3o de vinho), a Empresa Brasileira de Pesquisa Agropecu\u00e1ria (Embrapa) desenvolveu um insumo a partir desse res\u00edduo que pode ser utilizado por outras cadeias produtivas, como as ind\u00fastrias aliment\u00edcia, farmac\u00eautica e [&hellip;]<\/p>\n","protected":false},"author":149,"featured_media":0,"parent":0,"menu_order":0,"comment_status":"closed","ping_status":"closed","template":"","meta":{"jetpack_post_was_ever_published":false,"footnotes":""},"class_list":["post-885","page","type-page","status-publish","hentry"],"jetpack_sharing_enabled":true,"jetpack_shortlink":"https:\/\/wp.me\/P4VNan-eh","_links":{"self":[{"href":"https:\/\/wp.ufpel.edu.br\/wwverde\/wp-json\/wp\/v2\/pages\/885","targetHints":{"allow":["GET"]}}],"collection":[{"href":"https:\/\/wp.ufpel.edu.br\/wwverde\/wp-json\/wp\/v2\/pages"}],"about":[{"href":"https:\/\/wp.ufpel.edu.br\/wwverde\/wp-json\/wp\/v2\/types\/page"}],"author":[{"embeddable":true,"href":"https:\/\/wp.ufpel.edu.br\/wwverde\/wp-json\/wp\/v2\/users\/149"}],"replies":[{"embeddable":true,"href":"https:\/\/wp.ufpel.edu.br\/wwverde\/wp-json\/wp\/v2\/comments?post=885"}],"version-history":[{"count":1,"href":"https:\/\/wp.ufpel.edu.br\/wwverde\/wp-json\/wp\/v2\/pages\/885\/revisions"}],"predecessor-version":[{"id":887,"href":"https:\/\/wp.ufpel.edu.br\/wwverde\/wp-json\/wp\/v2\/pages\/885\/revisions\/887"}],"wp:attachment":[{"href":"https:\/\/wp.ufpel.edu.br\/wwverde\/wp-json\/wp\/v2\/media?parent=885"}],"curies":[{"name":"wp","href":"https:\/\/api.w.org\/{rel}","templated":true}]}}