{"id":814,"date":"2014-12-30T10:43:26","date_gmt":"2014-12-30T12:43:26","guid":{"rendered":"https:\/\/wp.ufpel.edu.br\/wwverde\/?page_id=814"},"modified":"2014-12-30T11:36:47","modified_gmt":"2014-12-30T13:36:47","slug":"artigos-de-colaboradores-2","status":"publish","type":"page","link":"https:\/\/wp.ufpel.edu.br\/wwverde\/artigos-de-colaboradores-2\/","title":{"rendered":"Artigos de colaboradores"},"content":{"rendered":"<p>Colabore com a <strong><span style=\"color: #008000\">WWVerde<\/span><\/strong>. Envie seu artigo de divulga\u00e7\u00e3o sobre quaisquer dos temas pertinentes \u00e0 qu\u00edmica sustent\u00e1vel e sua rela\u00e7\u00e3o com atividades industriais, de ensino e pesquisa.<\/p>\n<p>Envie sua colabora\u00e7\u00e3o por e-mail para:<b>\u00a0wwverde@gmail.com<\/b><\/p>\n<p>&nbsp;<\/p>\n<p>&nbsp;<\/p>\n<p><!--more--><\/p>\n<ul>\n<li><span style=\"color: #333333\">A publica\u00e7\u00e3o das monografias neste site foram autorizadas pelos autores. O conte\u00fado das mesmas \u00e9 de exclusiva responsabilidade de seus autores. A equipe<span style=\"color: #008000\"> <strong>WWVerde<\/strong><\/span> n\u00e3o se responsabiliza por consequencias decorrentes do uso de quaisquer dados, afirma\u00e7\u00f5es e opini\u00f5es inexatas, ou que conduzam a erros, publicados neste site.<\/span><\/li>\n<\/ul>\n<p><span style=\"color: #333333\">\u00a0<\/span><\/p>\n<p><strong><span style=\"color: #003300\"><a style=\"color: #003300\" href=\"https:\/\/wp.ufpel.edu.br\/wwverde\/files\/2014\/12\/L\u00edquidos-I\u00f4nicos.pdf\">L\u00edquidos I\u00f4nicos<\/a><\/span><\/strong><\/p>\n<p><strong><span style=\"color: #003300\"><a style=\"color: #003300\" href=\"https:\/\/wp.ufpel.edu.br\/wwverde\/files\/2014\/12\/Utiliza\u00e7\u00e3o-de-Microondas-em-S\u00edntese-Org\u00e2nica.pdf\">Utiliza\u00e7\u00e3o de Microondas em S\u00edntese Org\u00e2nica<\/a><\/span><\/strong><\/p>\n<p><strong><span style=\"color: #003300\"><a style=\"color: #003300\" href=\"https:\/\/wp.ufpel.edu.br\/wwverde\/files\/2014\/12\/Rea\u00e7\u00f5es-\u00c1tomo-Econ\u00f4micas-em-S\u00edntese-Org\u00e2nica.pdf\">Rea\u00e7\u00f5es \u00c1tomo-Econ\u00f4micas em S\u00edntese Org\u00e2nica<\/a><\/span><\/strong><\/p>\n<p><strong><span style=\"color: #003300\"><a style=\"color: #003300\" href=\"https:\/\/wp.ufpel.edu.br\/wwverde\/files\/2014\/12\/Utiliza\u00e7\u00e3o-de-Ultrassom-em-Qu\u00edmica-Org\u00e2nica.pdf\">Utiliza\u00e7\u00e3o de Ultrassom em Qu\u00edmica Org\u00e2nica<\/a><\/span><\/strong><\/p>\n<p><strong><span style=\"color: #003300\">\u00a0<\/span><\/strong><\/p>\n","protected":false},"excerpt":{"rendered":"<p>Colabore com a WWVerde. Envie seu artigo de divulga\u00e7\u00e3o sobre quaisquer dos temas pertinentes \u00e0 qu\u00edmica sustent\u00e1vel e sua rela\u00e7\u00e3o com atividades industriais, de ensino e pesquisa. Envie sua colabora\u00e7\u00e3o por e-mail para:\u00a0wwverde@gmail.com &nbsp; &nbsp;<\/p>\n","protected":false},"author":149,"featured_media":0,"parent":0,"menu_order":0,"comment_status":"closed","ping_status":"closed","template":"","meta":{"jetpack_post_was_ever_published":false,"footnotes":""},"class_list":["post-814","page","type-page","status-publish","hentry"],"jetpack_sharing_enabled":true,"jetpack_shortlink":"https:\/\/wp.me\/P4VNan-d8","_links":{"self":[{"href":"https:\/\/wp.ufpel.edu.br\/wwverde\/wp-json\/wp\/v2\/pages\/814","targetHints":{"allow":["GET"]}}],"collection":[{"href":"https:\/\/wp.ufpel.edu.br\/wwverde\/wp-json\/wp\/v2\/pages"}],"about":[{"href":"https:\/\/wp.ufpel.edu.br\/wwverde\/wp-json\/wp\/v2\/types\/page"}],"author":[{"embeddable":true,"href":"https:\/\/wp.ufpel.edu.br\/wwverde\/wp-json\/wp\/v2\/users\/149"}],"replies":[{"embeddable":true,"href":"https:\/\/wp.ufpel.edu.br\/wwverde\/wp-json\/wp\/v2\/comments?post=814"}],"version-history":[{"count":5,"href":"https:\/\/wp.ufpel.edu.br\/wwverde\/wp-json\/wp\/v2\/pages\/814\/revisions"}],"predecessor-version":[{"id":853,"href":"https:\/\/wp.ufpel.edu.br\/wwverde\/wp-json\/wp\/v2\/pages\/814\/revisions\/853"}],"wp:attachment":[{"href":"https:\/\/wp.ufpel.edu.br\/wwverde\/wp-json\/wp\/v2\/media?parent=814"}],"curies":[{"name":"wp","href":"https:\/\/api.w.org\/{rel}","templated":true}]}}