{"id":640,"date":"2014-09-25T22:02:58","date_gmt":"2014-09-26T01:02:58","guid":{"rendered":"https:\/\/wp.ufpel.edu.br\/wwverde\/?page_id=640"},"modified":"2014-09-25T22:10:53","modified_gmt":"2014-09-26T01:10:53","slug":"inovacao-em-quimica-verde-atrai-empresas-para-workshop","status":"publish","type":"page","link":"https:\/\/wp.ufpel.edu.br\/wwverde\/inovacao-em-quimica-verde-atrai-empresas-para-workshop\/","title":{"rendered":"Inova\u00e7\u00e3o em Qu\u00edmica Verde atrai empresas para Workshop"},"content":{"rendered":"<p>Grandes empresas buscam conciliar produtividade com as quest\u00f5es ambientais e de sustentabilidade, por isso buscam trabalhar em conjunto para inovar.<\/p>\n<p><span style=\"color: #494849\">&#8220;O motivo do interesse \u00e9 o rumo das pesquisas na \u00e1rea de Qu\u00edmica Verde at\u00e9 o ano de 2025. O\u00a0<\/span><i style=\"color: #494849\">Workshop Planejamento Estrat\u00e9gico Tecnol\u00f3gico do INT: foco de atua\u00e7\u00e3o Qu\u00edmica Verde (2014-2025)<\/i><span style=\"color: #494849\">\u00a0aconteceu nos dias 26 e 27 de junho, no audit\u00f3rio do Instituto, no Rio de Janeiro.&#8221;\u00a0<\/span><\/p>\n<p>Para ver a not\u00edcia completa clique <a href=\"http:\/\/www.int.gov.br\/sala-de-imprensa\/noticias\/item\/7038-inova%C3%A7%C3%A3o-em-qu%C3%ADmica-verde-atrai-empresas-para-workshop-do-int\">aqui<\/a>.<\/p>\n","protected":false},"excerpt":{"rendered":"<p>Grandes empresas buscam conciliar produtividade com as quest\u00f5es ambientais e de sustentabilidade, por isso buscam trabalhar em conjunto para inovar. &#8220;O motivo do interesse \u00e9 o rumo das pesquisas na \u00e1rea de Qu\u00edmica Verde at\u00e9 o ano de 2025. O\u00a0Workshop Planejamento Estrat\u00e9gico Tecnol\u00f3gico do INT: foco de atua\u00e7\u00e3o Qu\u00edmica Verde (2014-2025)\u00a0aconteceu nos dias 26 e [&hellip;]<\/p>\n","protected":false},"author":149,"featured_media":0,"parent":0,"menu_order":0,"comment_status":"closed","ping_status":"open","template":"","meta":{"jetpack_post_was_ever_published":false,"footnotes":""},"class_list":["post-640","page","type-page","status-publish","hentry"],"jetpack_sharing_enabled":true,"jetpack_shortlink":"https:\/\/wp.me\/P4VNan-ak","_links":{"self":[{"href":"https:\/\/wp.ufpel.edu.br\/wwverde\/wp-json\/wp\/v2\/pages\/640","targetHints":{"allow":["GET"]}}],"collection":[{"href":"https:\/\/wp.ufpel.edu.br\/wwverde\/wp-json\/wp\/v2\/pages"}],"about":[{"href":"https:\/\/wp.ufpel.edu.br\/wwverde\/wp-json\/wp\/v2\/types\/page"}],"author":[{"embeddable":true,"href":"https:\/\/wp.ufpel.edu.br\/wwverde\/wp-json\/wp\/v2\/users\/149"}],"replies":[{"embeddable":true,"href":"https:\/\/wp.ufpel.edu.br\/wwverde\/wp-json\/wp\/v2\/comments?post=640"}],"version-history":[{"count":2,"href":"https:\/\/wp.ufpel.edu.br\/wwverde\/wp-json\/wp\/v2\/pages\/640\/revisions"}],"predecessor-version":[{"id":643,"href":"https:\/\/wp.ufpel.edu.br\/wwverde\/wp-json\/wp\/v2\/pages\/640\/revisions\/643"}],"wp:attachment":[{"href":"https:\/\/wp.ufpel.edu.br\/wwverde\/wp-json\/wp\/v2\/media?parent=640"}],"curies":[{"name":"wp","href":"https:\/\/api.w.org\/{rel}","templated":true}]}}

Inovação em Química Verde atrai empresas para Workshop

<p>Grandes empresas buscam conciliar produtividade com as questões ambientais e de sustentabilidade, por isso buscam trabalhar em conjunto para inovar.</p>
<p><span style="color: #494849">&#8220;O motivo do interesse é o rumo das pesquisas na área de Química Verde até o ano de 2025. O </span><i style="color: #494849">Workshop Planejamento Estratégico Tecnológico do INT: foco de atuação Química Verde (2014-2025)</i><span style="color: #494849"> aconteceu nos dias 26 e 27 de junho, no auditório do Instituto, no Rio de Janeiro.&#8221; </span></p>
<p>Para ver a notícia completa clique <a href="http://www.int.gov.br/sala-de-imprensa/noticias/item/7038-inova%C3%A7%C3%A3o-em-qu%C3%ADmica-verde-atrai-empresas-para-workshop-do-int">aqui</a>.</p>

<p>Grandes empresas buscam conciliar produtividade com as questões ambientais e de sustentabilidade, por isso buscam trabalhar em conjunto para inovar. &#8220;O motivo do interesse é o rumo das pesquisas na área de Química Verde até o ano de 2025. O Workshop Planejamento Estratégico Tecnológico do INT: foco de atuação Química Verde (2014-2025) aconteceu nos dias 26 e [&hellip;]</p>
