{"id":340,"date":"2014-08-04T15:30:55","date_gmt":"2014-08-04T18:30:55","guid":{"rendered":"https:\/\/wp.ufpel.edu.br\/wwverde\/?page_id=340"},"modified":"2020-09-28T11:18:24","modified_gmt":"2020-09-28T14:18:24","slug":"a-industria-e-a-quimica-verde","status":"publish","type":"page","link":"https:\/\/wp.ufpel.edu.br\/wwverde\/a-industria-e-a-quimica-verde\/","title":{"rendered":"A Ind\u00fastria e a Qu\u00edmica Verde"},"content":{"rendered":"<p style=\"text-align: justify\"><a href=\"https:\/\/i0.wp.com\/wp.ufpel.edu.br\/wwverde\/files\/2014\/08\/I_Ind%C3%BAstria.gif?ssl=1\"><img data-recalc-dims=\"1\" class=\"aligncenter size-full wp-image-389\" src=\"https:\/\/i0.wp.com\/wp.ufpel.edu.br\/wwverde\/files\/2014\/08\/I_Ind%C3%BAstria.gif?resize=538%2C71&#038;ssl=1\" alt=\"I_Ind\u00fastria\" width=\"538\" height=\"71\" \/><\/a><\/p>\n<p style=\"text-align: justify\">A implementa\u00e7\u00e3o de tecnologias limpas em atividades industriais em substitui\u00e7\u00e3o a tecnologias que primeiro sujam, para que depois se limpe, \u00e9 sem d\u00favida um grande desafio para a ind\u00fastria qu\u00edmica mundial. H\u00e1 dezenas (talvez centenas) de artigos que abordam o problema e sugerem solu\u00e7\u00f5es para tornar mais verde t\u00e9cnicas cl\u00e1ssicas de produ\u00e7\u00e3o. A obten\u00e7\u00e3o de \u00e1cido levul\u00ednico a partir do efluente da ind\u00fastria de papel, a s\u00edntese verde do ibuprofen, o desenvolvimento de m\u00e1quinas de lavar roupa \u00e0 base de CO2 super-cr\u00edtico ou ainda a s\u00edntese de inseticidas e praguicidas biodegrad\u00e1veis e mais seletivos s\u00e3o exemplos de avan\u00e7os do setor industrial em dire\u00e7\u00e3o \u00e0 uma qu\u00edmica sustent\u00e1vel. Obviamente a substitui\u00e7\u00e3o das plantas industriais existentes por novas instala\u00e7\u00f5es requer um investimento muito al\u00e9m das possibilidades das empresas, mesmo as grandes corpora\u00e7\u00f5es multinacionais. Por\u00e9m, v\u00e1rios qu\u00edmicos trabalham no sentido de desenvolver adapta\u00e7\u00f5es em t\u00e9cnicas e produtos que possam levar a uma redu\u00e7\u00e3o na utiliza\u00e7\u00e3o de mat\u00e9ria-prima n\u00e3o-renov\u00e1vel e\/ou a produ\u00e7\u00e3o de res\u00edduos t\u00f3xicos.<\/p>\n<p style=\"text-align: justify\"><span style=\"color: #008000\"><strong><em>Energia Renov\u00e1vel<\/em><\/strong><strong><em>\u00a0<\/em><\/strong><\/span><\/p>\n<p style=\"text-align: justify\">Atualmente, cerca de 5% de toda a energia produzida no planeta \u00e9 de fonte renov\u00e1vel e estima-se que em 2060, quando a popula\u00e7\u00e3o do planeta dever\u00e1 ser de 12 bilh\u00f5es de pessoas, 70% de toda a energia produzida ser\u00e1 renov\u00e1vel. Oito pa\u00edses possuem 81% de toda a reserva mundial de petr\u00f3leo; seis pa\u00edses det\u00eam 70% de todas as reservas de g\u00e1s natural e oito pa\u00edses possuem 89% da reserva total de carv\u00e3o mineral. Por outro lado, a maior parte dos pa\u00edses da \u00c1sia, \u00c1frica e Am\u00e9rica Latina importam metade da energia para uso comercial. Estes pa\u00edses, em geral, vendem produtos agr\u00edcolas a um pre\u00e7o baixo e compram energia a pre\u00e7os cada vez mais elevado, gerando resultados bastante desfavor\u00e1veis em suas balan\u00e7as comerciais.<\/p>\n<p style=\"text-align: justify\">As previs\u00f5es mais otimistas estimam que, em 50 anos haver\u00e1 dificuldade para se manter funcionando motores \u00e0 base de derivados de petr\u00f3leo. Al\u00e9m disso, \u00e9 bem prov\u00e1vel que, \u00e0 medida que nos aproximemos da escassez dos combust\u00edveis f\u00f3sseis, dever\u00e1 haver um aumento gradativo no pre\u00e7o destes derivados. Obviamente, alternativas de biocombust\u00edveis, que hoje ainda s\u00e3o consideradas de pre\u00e7o elevado, atingir\u00e3o rapidamente valores competitivos. Isso j\u00e1 \u00e9 realidade no Brasil com o \u00e1lcool et\u00edlico. O Brasil domina a tecnologia mundial de bioprodu\u00e7\u00e3o de etanol a partir da cana-de-a\u00e7\u00facar e possui a maior frota de ve\u00edculos movida por esse biocombust\u00edvel (cerca de 3 milh\u00f5es de autom\u00f3veis em 1999), de fonte renov\u00e1vel (pode-se plantar cana-de-a\u00e7\u00facar todos os anos) e que n\u00e3o contribui para aumento do CO2 liberado, al\u00e9m de n\u00e3o produzir os gases t\u00f3xicos t\u00edpicos dos derivados de petr\u00f3leo. \u00c9 verdade que falta uma pol\u00edtica mais efetiva do governo para o setor de biocombust\u00edveis, mas ainda assim h\u00e1 avan\u00e7os importantes j\u00e1 verificados por pesquisadores da Unicamp (biocombust\u00edvel a partir do baga\u00e7o de cana), UFPR (biod\u00edesel adicionado ao \u00f3leo d\u00edesel para movimentar \u00f4nibus urbano em Curitiba), UFRJ (biod\u00edesel a partir de \u00f3leo usado em lanchonete) e dezenas de outras unidades de pesquisa no Brasil, mostrando a viabilidade de uso da biomassa como fonte alternativa vi\u00e1vel de energia.<\/p>\n<p style=\"text-align: justify\"><strong><br \/>\n<strong>Bibliografia Sugerida:<\/strong><\/strong><\/p>\n<p style=\"text-align: justify\"><span style=\"color: #008000\">Substitui\u00e7\u00e3o de t\u00e9cnicas poluentes por t\u00e9cnicas verdes:<\/span><\/p>\n<p style=\"text-align: justify;padding-left: 30px\">1.\u00a0Sheldon, R.A. <i>J. Mol. Catal. A: Chemical<\/i>\u00a0<b>1996<\/b>, <i>107<\/i>, 75.<\/p>\n<p style=\"text-align: justify;padding-left: 30px\">2.\u00a0Sheldon, R.A. <i>Chem. Ind<\/i>. <b>1997<\/b>,<em> 12<\/em>.<\/p>\n<p style=\"text-align: justify;padding-left: 30px\">3.\u00a0<span class=\"Apple-style-span\">Para t\u00e9cnicas alternativas que reduzem o risco em s\u00edntese em escala comercial, veja: McCreedy, <i>T. Chem. Ind<\/i>. <b>1999<\/b>, 588.<\/span><\/p>\n<p style=\"text-align: justify;padding-left: 30px\">4.\u00a0<span class=\"Apple-style-span\">Cann, M.C.; Connelly, M.E.; <i>Real World Cases in Green Chemistry<\/i>, American Chemical Society: Washington, DC, <strong>2000<\/strong>.<\/span><\/p>\n<p style=\"text-align: justify;padding-left: 30px\">5.\u00a0<span class=\"Apple-style-span\">Clift, R. <i>J. Chem. Tech. Biotechnol<\/i>. <b>1997<\/b>, <i>68<\/i>, 347.<\/span><\/p>\n<p style=\"text-align: justify;padding-left: 30px\">6.\u00a0<span class=\"Apple-style-span\">Hardman, D.J.; Huxley, M.; Bull, A.T.; Slater, J.H.; Bates, R. <i>J. Chem. Tech. Biotechnol<\/i>. <b>1997<\/b>, <i>70<\/i>, 60.<\/span><\/p>\n<p style=\"text-align: justify;padding-left: 30px\">7.\u00a0<span class=\"Apple-style-span\">Adam, D. <i>Nature<\/i> <b>2000<\/b>, <i>407<\/i>, 938.<\/span><\/p>\n<p style=\"text-align: justify;padding-left: 30px\">8.\u00a0<span class=\"Apple-style-span\">Kirchoff, M. <i>Ch<\/i><em>emMatters April Issue<\/em>, <b>2000<\/b>, 14.<\/span><\/p>\n<p style=\"text-align: justify;padding-left: 30px\">9.\u00a0<span class=\"Apple-style-span\">Christ, C. <i>Chem.-Ing.-Tech<\/i>. <b>2000<\/b>,<em> 72<\/em>, 42.<\/span><\/p>\n<p style=\"text-align: justify;padding-left: 30px\">10.\u00a0<span class=\"Apple-style-span\">Brandt, C. <i>Chemie<\/i> <b>2002<\/b>, <em>4,\u00a0<\/em>214-224.<\/span><\/p>\n<p style=\"text-align: justify;padding-left: 30px\">11.\u00a0<span class=\"Apple-style-span\">Strukul, G. <i>Nature<\/i> <b>2001<\/b>, <i>412<\/i>, 388.<\/span><\/p>\n<p style=\"text-align: justify;padding-left: 30px\">12. Sanseverino, A.M. <em>Qu\u00edm. Nova<\/em>\u00a0<strong>2000<\/strong>, 23, 102.<\/p>\n<p style=\"text-align: justify;padding-left: 30px\">13. Black, H. ChemMatters February Issue,\u00a0<strong>2000<\/strong>, 11.<\/p>\n<p style=\"text-align: justify;padding-left: 30px\">14.\u00a0Seedon, K.R. <i>J. Chem. Tech. Biotechnol<\/i>. <b>1997<\/b>, <i>68<\/i>, 351.<\/p>\n<p style=\"text-align: justify;padding-left: 30px\">15.\u00a0Snieckus, V. <i>Med. Res. Rev<\/i>. <b>1999<\/b>, <i>19<\/i>, 342.<\/p>\n<p style=\"text-align: justify;padding-left: 30px\">16. Ryan, M.A. <em>ChemMatters<\/em> December Issue,<strong>\u00a0<\/strong><strong>1999<\/strong>, 9.<\/p>\n<p style=\"text-align: justify;padding-left: 30px\">17.\u00a0Thomas, J.M.; Raja, R.Sankar, G.; Johnson, B.F.G.; Lewis, D.W. <i>Chem. Eur. J<\/i>.<b>2001<\/b>, <i>7<\/i>, 2972.<\/p>\n<p style=\"text-align: justify;padding-left: 30px\">18.\u00a0Leitner, W. <i>Nature<\/i>, <b>2000<\/b>, <i>405<\/i>, 129.<\/p>\n<p style=\"text-align: justify;padding-left: 30px\">19. Brennecke, J.F.<em> Nature<\/em>,\u00a0<strong>1997<\/strong>, 389, 333.<\/p>\n<p style=\"text-align: justify;padding-left: 30px\">20. O <em>Presidencial Green Chemistry Challenge (PGCC) Awards Program<\/em>, premia anualmente empresas e pesquisadores que desenvolveram iniciativas de qu\u00edmica verde. A p\u00e1gina da EPA (<em>U.S. Environmental Protection Agency<\/em>) apresenta uma rela\u00e7\u00e3o completa dos projetos premiados desde 1996, juntamente com um resumo do trabalho premiado:<a href=\"http:\/\/www.epa.gov\/greenchemistry\/pubs\/pgcc\/presgcc.html.\" target=\"_blank\" rel=\"noopener noreferrer\">\u00a0http:\/\/www.epa.gov\/greenchemistry\/pubs\/pgcc\/presgcc.html.<\/a><\/p>\n<p style=\"text-align: justify;padding-left: 30px\">21.\u00a0Nathan, S. <i>Process Engineering<\/i> November Issue, <b>2001<\/b>, 8<\/p>\n<p style=\"text-align: justify\"><span style=\"color: #008000\">Fontes Alternativas\/Renov\u00e1veis de Energia:<\/span><\/p>\n<p style=\"text-align: justify;padding-left: 30px\">1.\u00a0Sayigh, A. <i>Applied Energy<\/i> <b>1999<\/b>, <i>64<\/i>, 15.<\/p>\n<p style=\"text-align: justify;padding-left: 30px\">2.\u00a0<span class=\"Apple-style-span\">Griffin, N.L. <i>J. Chem. T ech. Biotechnol<\/i>. <b>1997<\/b>, <i>68<\/i>, 361.<\/span><\/p>\n<p style=\"text-align: justify;padding-left: 30px\">3.\u00a0<span class=\"Apple-style-span\">Sims, R.E.H. <i>Agriculture, Ecosystem and Environment <\/i><b>1996<\/b>, <i>58<\/i>, 91.<\/span><\/p>\n<p style=\"text-align: justify;padding-left: 30px\">4.\u00a0<span class=\"Apple-style-span\">Demirbas, A. <i>Energy Convers Mgmt<\/i> <b>2001<\/b>, <i>42<\/i>, 1357.<\/span><\/p>\n<p style=\"text-align: justify;padding-left: 30px\">5.\u00a0<span class=\"Apple-style-span\">Ahl, C. <i>Ecol. Eng<\/i>. <b>2000<\/b>, <i>16<\/i>, S63.<\/span><\/p>\n<p style=\"text-align: justify;padding-left: 30px\">6. <span class=\"Apple-style-span\">Ahouissousse, N.B.C.; Wetzstein, M.E. <i>Resource and Energy Economics<\/i> <b>1997<\/b>,<i>20<\/i>, 1<\/span>.<\/p>\n<p style=\"text-align: justify;padding-left: 30px\">7. \u00a0<span class=\"Apple-style-span\">Cadenas, A.; Cabezudo, S. <i>Tech. For. Soc. Ch<\/i>. <b>1998<\/b>, <i>58<\/i>, 83.<\/span><\/p>\n<p style=\"text-align: justify;padding-left: 30px\">8. <em>&#8220;New Diesel Fuels: They are in Your Future for Nonroad Equipment&#8221;<\/em>. Documento editado pela <em>Equipment Manufacturers Institute<\/em>, november, 2001. Este documento est\u00e1 dispon\u00edvel gratuitamente em:\u00a0<a href=\"http:\/\/www.aem.org.\" target=\"_blank\" rel=\"noopener noreferrer\">http:\/\/www.aem.org.<\/a><\/p>\n<p style=\"text-align: justify;padding-left: 30px\">9.\u00a0<span class=\"Apple-style-span\">Wackett, L.P. <i>Tibtech<\/i> <b>2000<\/b>, <i>18<\/i>, 19.<\/span><\/p>\n","protected":false},"excerpt":{"rendered":"<p>A implementa\u00e7\u00e3o de tecnologias limpas em atividades industriais em substitui\u00e7\u00e3o a tecnologias que primeiro sujam, para que depois se limpe, \u00e9 sem d\u00favida um grande desafio para a ind\u00fastria qu\u00edmica mundial. H\u00e1 dezenas (talvez centenas) de artigos que abordam o problema e sugerem solu\u00e7\u00f5es para tornar mais verde t\u00e9cnicas cl\u00e1ssicas de produ\u00e7\u00e3o. A obten\u00e7\u00e3o de [&hellip;]<\/p>\n","protected":false},"author":149,"featured_media":0,"parent":0,"menu_order":0,"comment_status":"closed","ping_status":"closed","template":"","meta":{"jetpack_post_was_ever_published":false,"footnotes":""},"class_list":["post-340","page","type-page","status-publish","hentry"],"jetpack_sharing_enabled":true,"jetpack_shortlink":"https:\/\/wp.me\/P4VNan-5u","_links":{"self":[{"href":"https:\/\/wp.ufpel.edu.br\/wwverde\/wp-json\/wp\/v2\/pages\/340","targetHints":{"allow":["GET"]}}],"collection":[{"href":"https:\/\/wp.ufpel.edu.br\/wwverde\/wp-json\/wp\/v2\/pages"}],"about":[{"href":"https:\/\/wp.ufpel.edu.br\/wwverde\/wp-json\/wp\/v2\/types\/page"}],"author":[{"embeddable":true,"href":"https:\/\/wp.ufpel.edu.br\/wwverde\/wp-json\/wp\/v2\/users\/149"}],"replies":[{"embeddable":true,"href":"https:\/\/wp.ufpel.edu.br\/wwverde\/wp-json\/wp\/v2\/comments?post=340"}],"version-history":[{"count":10,"href":"https:\/\/wp.ufpel.edu.br\/wwverde\/wp-json\/wp\/v2\/pages\/340\/revisions"}],"predecessor-version":[{"id":1363,"href":"https:\/\/wp.ufpel.edu.br\/wwverde\/wp-json\/wp\/v2\/pages\/340\/revisions\/1363"}],"wp:attachment":[{"href":"https:\/\/wp.ufpel.edu.br\/wwverde\/wp-json\/wp\/v2\/media?parent=340"}],"curies":[{"name":"wp","href":"https:\/\/api.w.org\/{rel}","templated":true}]}}