{"id":337,"date":"2014-08-04T15:25:05","date_gmt":"2014-08-04T18:25:05","guid":{"rendered":"https:\/\/wp.ufpel.edu.br\/wwverde\/?page_id=337"},"modified":"2020-09-28T11:16:57","modified_gmt":"2020-09-28T14:16:57","slug":"quimica-verde-e-educacao","status":"publish","type":"page","link":"https:\/\/wp.ufpel.edu.br\/wwverde\/quimica-verde-e-educacao\/","title":{"rendered":"Qu\u00edmica Verde e Educa\u00e7\u00e3o"},"content":{"rendered":"<p style=\"text-align: justify\"><a href=\"https:\/\/i0.wp.com\/wp.ufpel.edu.br\/wwverde\/files\/2014\/08\/I_Educa%C3%A7%C3%A3o.gif?ssl=1\"><img data-recalc-dims=\"1\" class=\"aligncenter size-full wp-image-393\" src=\"https:\/\/i0.wp.com\/wp.ufpel.edu.br\/wwverde\/files\/2014\/08\/I_Educa%C3%A7%C3%A3o.gif?resize=538%2C71&#038;ssl=1\" alt=\"I_Educa\u00e7\u00e3o\" width=\"538\" height=\"71\" \/><\/a><\/p>\n<p style=\"text-align: justify\">A gera\u00e7\u00e3o de res\u00edduos industrias e emiss\u00f5es de gases que contribuem para o efeito estufa, principalmente relacionados \u00e0 qu\u00edmica fina e farmac\u00eautica tornou-se, nas \u00faltimas d\u00e9cadas, um problema importante, merecedor inclusive de debates entre Chefes de Estado. Confer\u00eancias internacionais como a ECO-92, a C\u00fapula Mundial sobre Desenvolvimento Sustent\u00e1vel (Rio +10) e a assinatura do Protocolo de Kyoto s\u00e3o exemplos dessa preocupa\u00e7\u00e3o. A remedia\u00e7\u00e3o (tratamento) e a reciclagem de res\u00edduos industriais, ou at\u00e9 mesmo aqueles gerados em laborat\u00f3rios de ensino e pesquisa tem contribu\u00eddo para a redu\u00e7\u00e3o da contamina\u00e7\u00e3o ambiental. Entretanto, t\u00e9cnicas de remedia\u00e7\u00e3o em geral apresentam alto custo e a necessidade de pessoal treinado, tornando-se desvantajosas em rela\u00e7\u00e3o \u00e0s t\u00e9cnicas de redu\u00e7\u00e3o na fonte. Embora essas quest\u00f5es estejam relacionadas diretamente ou indiretamente \u00e0 atividade qu\u00edmica, raramente s\u00e3o abordadas nos curr\u00edculos dos cursos de gradua\u00e7\u00e3o.<\/p>\n<p style=\"text-align: justify\">V\u00e1rias ind\u00fastrias j\u00e1 perceberam que quando seus qu\u00edmicos possuem conhecimento sobre preven\u00e7\u00e3o \u00e0 polui\u00e7\u00e3o, eles s\u00e3o capazes de desenvolver e implementar t\u00e9cnicas de redu\u00e7\u00e3o de polui\u00e7\u00e3o e, conseq\u00fcentemente, de custos<sup>1<\/sup>. Desta forma, a inser\u00e7\u00e3o de t\u00f3picos de qu\u00edmica verde no curr\u00edculo dos cursos de qu\u00edmica e engenharia qu\u00edmica est\u00e1 relacionada diretamente com a forma\u00e7\u00e3o de profissionais qu\u00edmicos mais adequados \u00e0s exig\u00eancias do setor industrial.<\/p>\n<p style=\"text-align: justify\">Entre 12 e 14 de setembro de 2001 ocorreu em Veneza (It\u00e1lia) o Workshop on Green Chemistry Education promovido pela\u00a0<a href=\"http:\/\/www.iupac.org\/\" target=\"_blank\" rel=\"noopener noreferrer\">IUPAC\u00a0<\/a>onde, entre outras coisas foi decidido adotar o termo green chemistry para denominar a qu\u00edmica sustent\u00e1vel ou qu\u00edmica limpa ou qu\u00edmica benigna ao ambiente. Em portugu\u00eas o termo adotado \u00e9 qu\u00edmica verde. Anualmente o cons\u00f3rcio italiano\u00a0<a href=\"http:\/\/www.incaweb.org\/\" target=\"_blank\" rel=\"noopener noreferrer\">Interuniversity Consortium Chemistry for the Environmente<\/a>\u00a0(INCA) promove a sua escola de ver\u00e3o em qu\u00edmica verde, aberta a profissionais qu\u00edmicos e de \u00e1reas afins, especialmente de pa\u00edses europeus.<\/p>\n<p style=\"text-align: justify\"><span style=\"color: #008000\"><strong><em>Recursos Did\u00e1ticos<\/em><\/strong><\/span><\/p>\n<p style=\"text-align: justify\">Sociedades de qu\u00edmica como a<a href=\"http:\/\/portal.acs.org\/portal\/acs\/corg\/content\" target=\"_blank\" rel=\"noopener noreferrer\">\u00a0American Chemical Society<\/a>\u00a0(ACS) e a\u00a0<a href=\"http:\/\/www.rsc.org\/\" target=\"_blank\" rel=\"noopener noreferrer\">Royal Society of Chemistry<\/a>\u00a0(RCS), desenvolvem e distribuem materiais sobre Qu\u00edmica Verde, para que possam ser utilizados nos curr\u00edculos dos cursos de qu\u00edmica. Al\u00e9m disso, uma apreci\u00e1vel quantidade de artigos destinados a introduzir t\u00f3picos de Qu\u00edmica Verde em t\u00e9cnicas de laborat\u00f3rio s\u00e3o publicados anualmente em peri\u00f3dicos da \u00e1rea.<span class=\"Apple-style-span\"><sup>2\u00a0<\/sup><\/span><\/p>\n<p style=\"text-align: justify\">O material dispon\u00edvel sobre qu\u00edmica verde em l\u00edngua portuguesa ainda \u00e9 bastante escasso. Pode-se dizer que os primeiros artigos descrevendo t\u00f3picos espec\u00edficos de qu\u00edmica verde no Brasil foram publicados na Qu\u00edmica Nova em 2000, sem, entretanto, relacion\u00e1-los com a id\u00e9ia de qu\u00edmica verde e seus 12 princ\u00edpios.\u00b3 Alguns anos depois foi publicado um artigo na revista Ci\u00eancia Hoje<sup>4<\/sup>, da SBPC, abordando o assunto, al\u00e9m de um artigo de divulga\u00e7\u00e3o publicado na revista Qu\u00edmica Nova, da SBQ.<span class=\"Apple-style-span\"><sup>5\u00a0<\/sup><\/span>Embora ainda t\u00edmido, houve um crescimento significativo no n\u00famero de textos sobre qu\u00edmica verde em diferentes peri\u00f3dicos e magazines do Brasil e de Portugal, o que contribuiu para ampliar a gama de material dispon\u00edvel em portugu\u00eas.<\/p>\n<p style=\"text-align: justify\">O Prof. Michael C. Cann, da Universidade de Scranton (EUA) \u00e9 o respons\u00e1vel pela elabora\u00e7\u00e3o de uma s\u00e9rie de m\u00f3dulos para a inser\u00e7\u00e3o de t\u00f3picos da Qu\u00edmica Verde em v\u00e1rias \u00e1reas da qu\u00edmica, desde a qu\u00edmica industrial at\u00e9 a bioqu\u00edmica, que podem ser discutidos na sala de aula. Atualmente h\u00e1 uma vers\u00e3o em portugu\u00eas dos m\u00f3dulos de M. Cann traduzidos por docentes e alunos da Universidade Federal de Pelotas. Estes m\u00f3dulos podem ser encontrados no site:\u00a0<a href=\"http:\/\/academic.scranton.edu\/faculty\/CANNM1\/dreyfusmodulesport.html.\" target=\"_blank\" rel=\"noopener noreferrer\">http:\/\/academic.scranton.edu\/faculty\/CANNM1\/dreyfusmodulesport.html<\/a>.<\/p>\n<p style=\"text-align: justify\"><strong>Refer\u00eancias:<\/strong><strong>\u00a0<\/strong><\/p>\n<p style=\"text-align: justify;padding-left: 30px\">1. Hjeresen, D.L.; Schutt, D.L.; Boese, J.M. J. <em>Chem. Educ<\/em>.\u00a0<strong>2000<\/strong>, <em>77<\/em>, 1543.<\/p>\n<p style=\"text-align: justify;padding-left: 30px\">2. Ver, por exemplo: Reed, S.M.; Hutchison, J.E. J. <em>Chem. Educ.\u00a0<\/em><strong>2000<\/strong>, 77, 1627.<\/p>\n<p style=\"text-align: justify;padding-left: 30px\">Pohl, N.; Clague, A.; Schwarz, K. J. <em>Chem. Educ.<\/em>\u00a0<strong>2002<\/strong>,<em> 79<\/em>, 727.<\/p>\n<p style=\"text-align: justify;padding-left: 30px\">Harper, B.A.; Rainwater, J.C.; Birdwhistell, K.; Knight, D.A. J. <em>Chem. Educ<\/em>.\u00a0<strong>2002<\/strong>,<em> 79<\/em>, 729.<\/p>\n<p style=\"text-align: justify;padding-left: 30px\">3. Ver, por exemplo: Sanseverino, A.M. <em>Qu\u00edm. Nova<\/em> 2000, 23, 102.<\/p>\n<p style=\"text-align: justify;padding-left: 30px\">Dupont, J. <em>Quim. Nova<\/em> <strong>2000<\/strong>, <em>23<\/em>, 825.<\/p>\n<p style=\"text-align: justify;padding-left: 30px\">Sanseverino, A.M. <em>Qu\u00edm. Nova<\/em> <strong>2002<\/strong>, <em>25<\/em>, 660.<\/p>\n<p style=\"text-align: justify;padding-left: 30px\">4. Sanseverino, A.M.<em> Ci\u00eancia Hoje<\/em>\u00a0<strong>2002<\/strong>, <em>31<\/em>, 20.<\/p>\n<p style=\"text-align: justify;padding-left: 30px\">5. Lenard\u00e3o, E.J.; Freitag, R.A.; Dabdoub, M.J.; Batista, A.C.F; Silveira, C.C. <em>Quim. Nova<\/em>\u00a0<strong>2003<\/strong>, <em>26<\/em>, 123.<\/p>\n<p style=\"text-align: justify;padding-left: 30px\">\n","protected":false},"excerpt":{"rendered":"<p>A gera\u00e7\u00e3o de res\u00edduos industrias e emiss\u00f5es de gases que contribuem para o efeito estufa, principalmente relacionados \u00e0 qu\u00edmica fina e farmac\u00eautica tornou-se, nas \u00faltimas d\u00e9cadas, um problema importante, merecedor inclusive de debates entre Chefes de Estado. Confer\u00eancias internacionais como a ECO-92, a C\u00fapula Mundial sobre Desenvolvimento Sustent\u00e1vel (Rio +10) e a assinatura do Protocolo [&hellip;]<\/p>\n","protected":false},"author":149,"featured_media":0,"parent":0,"menu_order":0,"comment_status":"closed","ping_status":"closed","template":"","meta":{"jetpack_post_was_ever_published":false,"footnotes":""},"class_list":["post-337","page","type-page","status-publish","hentry"],"jetpack_sharing_enabled":true,"jetpack_shortlink":"https:\/\/wp.me\/P4VNan-5r","_links":{"self":[{"href":"https:\/\/wp.ufpel.edu.br\/wwverde\/wp-json\/wp\/v2\/pages\/337","targetHints":{"allow":["GET"]}}],"collection":[{"href":"https:\/\/wp.ufpel.edu.br\/wwverde\/wp-json\/wp\/v2\/pages"}],"about":[{"href":"https:\/\/wp.ufpel.edu.br\/wwverde\/wp-json\/wp\/v2\/types\/page"}],"author":[{"embeddable":true,"href":"https:\/\/wp.ufpel.edu.br\/wwverde\/wp-json\/wp\/v2\/users\/149"}],"replies":[{"embeddable":true,"href":"https:\/\/wp.ufpel.edu.br\/wwverde\/wp-json\/wp\/v2\/comments?post=337"}],"version-history":[{"count":17,"href":"https:\/\/wp.ufpel.edu.br\/wwverde\/wp-json\/wp\/v2\/pages\/337\/revisions"}],"predecessor-version":[{"id":1361,"href":"https:\/\/wp.ufpel.edu.br\/wwverde\/wp-json\/wp\/v2\/pages\/337\/revisions\/1361"}],"wp:attachment":[{"href":"https:\/\/wp.ufpel.edu.br\/wwverde\/wp-json\/wp\/v2\/media?parent=337"}],"curies":[{"name":"wp","href":"https:\/\/api.w.org\/{rel}","templated":true}]}}