{"id":1650,"date":"2024-06-14T18:50:47","date_gmt":"2024-06-14T21:50:47","guid":{"rendered":"https:\/\/wp.ufpel.edu.br\/wwverde\/?page_id=1650"},"modified":"2024-06-14T18:57:32","modified_gmt":"2024-06-14T21:57:32","slug":"1650-2","status":"publish","type":"page","link":"https:\/\/wp.ufpel.edu.br\/wwverde\/1650-2\/","title":{"rendered":"Atividade de Extens\u00e3o da disciplina de Qu\u00edmica Verde"},"content":{"rendered":"<p>Est\u00e1 p\u00e1gina ser\u00e1 destinada a publica\u00e7\u00f5es das atividades de extens\u00e3o realizadas durante o semestre pelos alunos matriculados na disciplina de Qu\u00edmica Verde.<\/p>\n<p>Atividade de extens\u00e3o da disciplina de Qu\u00edmica Verde da UFPel, foi realizada pelos alunos Aline Luiza Simsen, Michael Costa da Rosa e Natalia Maiquele Dalmann Maron.<\/p>\n<p>&nbsp;<\/p>\n<p>Descubra como a minera\u00e7\u00e3o urbana est\u00e1 revolucionando a maneira como vemos os res\u00edduos eletr\u00f4nicos! Ao reciclar smartphones, tablets e laptops, estamos n\u00e3o apenas reduzindo os impactos ambientais, mas tamb\u00e9m criando uma economia circular vibrante. Estamos recuperando metais preciosos e comuns, como ouro, cobre e chumbo, desses dispositivos descartados, transformando-os em valiosos recursos secund\u00e1rios. Essa abordagem n\u00e3o s\u00f3 ajuda a conservar os recursos naturais, mas tamb\u00e9m gera oportunidades econ\u00f4micas sustent\u00e1veis (Cucchiella et al., 2015).<\/p>\n<p>#Minera\u00e7\u00e3oUrbana#Sustentabilidade #Reciclagem<\/p>\n<p><img data-recalc-dims=\"1\" class=\"aligncenter size-full wp-image-1658\" src=\"https:\/\/i0.wp.com\/wp.ufpel.edu.br\/wwverde\/files\/2024\/06\/IMG-20240614-WA0008.jpg?resize=1156%2C797&#038;ssl=1\" alt=\"\" width=\"1156\" height=\"797\" srcset=\"https:\/\/i0.wp.com\/wp.ufpel.edu.br\/wwverde\/files\/2024\/06\/IMG-20240614-WA0008.jpg?w=1156&amp;ssl=1 1156w, https:\/\/i0.wp.com\/wp.ufpel.edu.br\/wwverde\/files\/2024\/06\/IMG-20240614-WA0008.jpg?resize=400%2C276&amp;ssl=1 400w, https:\/\/i0.wp.com\/wp.ufpel.edu.br\/wwverde\/files\/2024\/06\/IMG-20240614-WA0008.jpg?resize=1024%2C706&amp;ssl=1 1024w, https:\/\/i0.wp.com\/wp.ufpel.edu.br\/wwverde\/files\/2024\/06\/IMG-20240614-WA0008.jpg?resize=768%2C529&amp;ssl=1 768w\" sizes=\"(max-width: 1000px) 100vw, 1000px\" \/><\/p>\n","protected":false},"excerpt":{"rendered":"<p>Est\u00e1 p\u00e1gina ser\u00e1 destinada a publica\u00e7\u00f5es das atividades de extens\u00e3o realizadas durante o semestre pelos alunos matriculados na disciplina de Qu\u00edmica Verde. Atividade de extens\u00e3o da disciplina de Qu\u00edmica Verde da UFPel, foi realizada pelos alunos Aline Luiza Simsen, Michael Costa da Rosa e Natalia Maiquele Dalmann Maron. &nbsp; Descubra como a minera\u00e7\u00e3o urbana est\u00e1 [&hellip;]<\/p>\n","protected":false},"author":149,"featured_media":0,"parent":0,"menu_order":0,"comment_status":"closed","ping_status":"closed","template":"","meta":{"jetpack_post_was_ever_published":false,"footnotes":""},"class_list":["post-1650","page","type-page","status-publish","hentry"],"jetpack_sharing_enabled":true,"jetpack_shortlink":"https:\/\/wp.me\/P4VNan-qC","_links":{"self":[{"href":"https:\/\/wp.ufpel.edu.br\/wwverde\/wp-json\/wp\/v2\/pages\/1650","targetHints":{"allow":["GET"]}}],"collection":[{"href":"https:\/\/wp.ufpel.edu.br\/wwverde\/wp-json\/wp\/v2\/pages"}],"about":[{"href":"https:\/\/wp.ufpel.edu.br\/wwverde\/wp-json\/wp\/v2\/types\/page"}],"author":[{"embeddable":true,"href":"https:\/\/wp.ufpel.edu.br\/wwverde\/wp-json\/wp\/v2\/users\/149"}],"replies":[{"embeddable":true,"href":"https:\/\/wp.ufpel.edu.br\/wwverde\/wp-json\/wp\/v2\/comments?post=1650"}],"version-history":[{"count":5,"href":"https:\/\/wp.ufpel.edu.br\/wwverde\/wp-json\/wp\/v2\/pages\/1650\/revisions"}],"predecessor-version":[{"id":1659,"href":"https:\/\/wp.ufpel.edu.br\/wwverde\/wp-json\/wp\/v2\/pages\/1650\/revisions\/1659"}],"wp:attachment":[{"href":"https:\/\/wp.ufpel.edu.br\/wwverde\/wp-json\/wp\/v2\/media?parent=1650"}],"curies":[{"name":"wp","href":"https:\/\/api.w.org\/{rel}","templated":true}]}}

Atividade de Extensão da disciplina de Química Verde

<p>Está página será destinada a publicações das atividades de extensão realizadas durante o semestre pelos alunos matriculados na disciplina de Química Verde.</p>
<p>Atividade de extensão da disciplina de Química Verde da UFPel, foi realizada pelos alunos Aline Luiza Simsen, Michael Costa da Rosa e Natalia Maiquele Dalmann Maron.</p>
<p>&nbsp;</p>
<p>Descubra como a mineração urbana está revolucionando a maneira como vemos os resíduos eletrônicos! Ao reciclar smartphones, tablets e laptops, estamos não apenas reduzindo os impactos ambientais, mas também criando uma economia circular vibrante. Estamos recuperando metais preciosos e comuns, como ouro, cobre e chumbo, desses dispositivos descartados, transformando-os em valiosos recursos secundários. Essa abordagem não só ajuda a conservar os recursos naturais, mas também gera oportunidades econômicas sustentáveis (Cucchiella et al., 2015).</p>
<p>#MineraçãoUrbana#Sustentabilidade #Reciclagem</p>
<p><img data-recalc-dims="1" class="aligncenter size-full wp-image-1658" src="https://i0.wp.com/wp.ufpel.edu.br/wwverde/files/2024/06/IMG-20240614-WA0008.jpg?resize=1156%2C797&#038;ssl=1" alt="" width="1156" height="797" srcset="https://i0.wp.com/wp.ufpel.edu.br/wwverde/files/2024/06/IMG-20240614-WA0008.jpg?w=1156&amp;ssl=1 1156w, https://i0.wp.com/wp.ufpel.edu.br/wwverde/files/2024/06/IMG-20240614-WA0008.jpg?resize=400%2C276&amp;ssl=1 400w, https://i0.wp.com/wp.ufpel.edu.br/wwverde/files/2024/06/IMG-20240614-WA0008.jpg?resize=1024%2C706&amp;ssl=1 1024w, https://i0.wp.com/wp.ufpel.edu.br/wwverde/files/2024/06/IMG-20240614-WA0008.jpg?resize=768%2C529&amp;ssl=1 768w" sizes="(max-width: 1000px) 100vw, 1000px" /></p>

<p>Está página será destinada a publicações das atividades de extensão realizadas durante o semestre pelos alunos matriculados na disciplina de Química Verde. Atividade de extensão da disciplina de Química Verde da UFPel, foi realizada pelos alunos Aline Luiza Simsen, Michael Costa da Rosa e Natalia Maiquele Dalmann Maron. &nbsp; Descubra como a mineração urbana está [&hellip;]</p>
