{"id":1452,"date":"2020-11-02T13:47:10","date_gmt":"2020-11-02T16:47:10","guid":{"rendered":"https:\/\/wp.ufpel.edu.br\/wwverde\/?page_id=1452"},"modified":"2020-11-04T14:54:22","modified_gmt":"2020-11-04T17:54:22","slug":"novo-catalisador-para-producao-de-gas-de-sintese-de-forma-sustentavel","status":"publish","type":"page","link":"https:\/\/wp.ufpel.edu.br\/wwverde\/novo-catalisador-para-producao-de-gas-de-sintese-de-forma-sustentavel\/","title":{"rendered":"Novo catalisador para produ\u00e7\u00e3o de g\u00e1s de s\u00edntese de forma sustent\u00e1vel"},"content":{"rendered":"<div dir=\"auto\" style=\"text-align: justify\"><span style=\"font-family: arial, helvetica, sans-serif\"><img data-recalc-dims=\"1\" class=\"wp-image-1454 alignright\" src=\"https:\/\/i0.wp.com\/wp.ufpel.edu.br\/wwverde\/files\/2020\/11\/51434fe3-3901-4fa9-9a68-9c2acd1d9b52.jpg?resize=442%2C224&#038;ssl=1\" alt=\"\" width=\"442\" height=\"224\" srcset=\"https:\/\/i0.wp.com\/wp.ufpel.edu.br\/wwverde\/files\/2020\/11\/51434fe3-3901-4fa9-9a68-9c2acd1d9b52.jpg?w=685&amp;ssl=1 685w, https:\/\/i0.wp.com\/wp.ufpel.edu.br\/wwverde\/files\/2020\/11\/51434fe3-3901-4fa9-9a68-9c2acd1d9b52.jpg?resize=400%2C203&amp;ssl=1 400w\" sizes=\"(max-width: 442px) 100vw, 442px\" \/><span style=\"font-family: 'times new roman', times, serif;font-size: 14pt\">Pesquisadores do ETH, Instituto Federal de Tecnologia de Zurique na Su\u00ed\u00e7a, desenvolveram um catalisador que converte CO2 (di\u00f3xido de carbono) e CH4 (metano) em g\u00e1s de s\u00edntese &#8211; uma mistura de hidrog\u00eanio e mon\u00f3xido de carbono.<\/span><\/span><\/div>\n<div dir=\"auto\" style=\"text-align: justify\"><span style=\"font-family: 'times new roman', times, serif;font-size: 14pt\">Em uma etapa inicial, os dois gases do efeito estufa reagem um com o outro, etapa que requer o fornecimento de energia. Essa rea\u00e7\u00e3o resulta em uma mistura gasosa de hidrog\u00eanio (H2) (rico em energia) e mon\u00f3xido de carbono (CO), conhecido como g\u00e1s de s\u00edntese.<\/span><\/div>\n<div dir=\"auto\" style=\"text-align: justify\"><span style=\"font-family: 'times new roman', times, serif;font-size: 14pt\">A equipe de pesquisa liderada por Christoph M\u00fcller e Alexey Fedorov desenvolveu um catalisador inovador e eficiente que facilita essa convers\u00e3o de CO2 e CH4 em g\u00e1s de s\u00edntese, uma fonte importante de material para a ind\u00fastria qu\u00edmica.<\/span><\/div>\n<div dir=\"auto\" style=\"text-align: justify\"><span style=\"font-family: 'times new roman', times, serif;font-size: 14pt\">O novo catalisador, que \u00e9 extremamente est\u00e1vel, consiste em oxicarbetos de metal extremamente finos \u2013 ou, mais precisamente, o filme mais fino de oxicarbetos de metal, com apenas algumas camadas at\u00f4micas de espessura, estabilizado em um suporte de \u00f3xido. A rea\u00e7\u00e3o qu\u00edmica entre o CO2 e o CH4 para formar o g\u00e1s de s\u00edntese ocorre nessas camadas finas.<\/span><\/div>\n<div dir=\"auto\" style=\"text-align: justify\"><span style=\"font-family: 'times new roman', times, serif;font-size: 14pt\">A rea\u00e7\u00e3o catal\u00edtica \u00e9 um passo importante para a produ\u00e7\u00e3o de combust\u00edveis e pl\u00e1sticos sustent\u00e1veis.<\/span><\/div>\n<div dir=\"auto\" style=\"text-align: justify\"><\/div>\n<div dir=\"auto\" style=\"text-align: justify\"><span style=\"font-family: 'times new roman', times, serif;font-size: 14pt\">Acesse o artigo na \u00edntegra <a href=\"https:\/\/doi.org\/10.1038\/s41467-020-18721-0\">aqui<\/a>.<\/span><\/div>\n<div dir=\"auto\" style=\"text-align: justify\"><span style=\"font-family: 'times new roman', times, serif;font-size: 14pt\">Acesse a mat\u00e9ria <a href=\"https:\/\/phys.org\/news\/2020-10-catalyst-sustainable-gas-synthesis.html?fbclid=IwAR2rB_OUszLwo25LNXNJgNuXuN8qOIH3PaDH30ms6DXxyLD6FO9p81OIF1s\">aqui<\/a>.<\/span><\/div>\n","protected":false},"excerpt":{"rendered":"<p>Pesquisadores do ETH, Instituto Federal de Tecnologia de Zurique na Su\u00ed\u00e7a, desenvolveram um catalisador que converte CO2 (di\u00f3xido de carbono) e CH4 (metano) em g\u00e1s de s\u00edntese &#8211; uma mistura de hidrog\u00eanio e mon\u00f3xido de carbono. Em uma etapa inicial, os dois gases do efeito estufa reagem um com o outro, etapa que requer o [&hellip;]<\/p>\n","protected":false},"author":149,"featured_media":0,"parent":0,"menu_order":0,"comment_status":"closed","ping_status":"closed","template":"","meta":{"jetpack_post_was_ever_published":false,"footnotes":""},"class_list":["post-1452","page","type-page","status-publish","hentry"],"jetpack_sharing_enabled":true,"jetpack_shortlink":"https:\/\/wp.me\/P4VNan-nq","_links":{"self":[{"href":"https:\/\/wp.ufpel.edu.br\/wwverde\/wp-json\/wp\/v2\/pages\/1452","targetHints":{"allow":["GET"]}}],"collection":[{"href":"https:\/\/wp.ufpel.edu.br\/wwverde\/wp-json\/wp\/v2\/pages"}],"about":[{"href":"https:\/\/wp.ufpel.edu.br\/wwverde\/wp-json\/wp\/v2\/types\/page"}],"author":[{"embeddable":true,"href":"https:\/\/wp.ufpel.edu.br\/wwverde\/wp-json\/wp\/v2\/users\/149"}],"replies":[{"embeddable":true,"href":"https:\/\/wp.ufpel.edu.br\/wwverde\/wp-json\/wp\/v2\/comments?post=1452"}],"version-history":[{"count":5,"href":"https:\/\/wp.ufpel.edu.br\/wwverde\/wp-json\/wp\/v2\/pages\/1452\/revisions"}],"predecessor-version":[{"id":1478,"href":"https:\/\/wp.ufpel.edu.br\/wwverde\/wp-json\/wp\/v2\/pages\/1452\/revisions\/1478"}],"wp:attachment":[{"href":"https:\/\/wp.ufpel.edu.br\/wwverde\/wp-json\/wp\/v2\/media?parent=1452"}],"curies":[{"name":"wp","href":"https:\/\/api.w.org\/{rel}","templated":true}]}}