{"id":1417,"date":"2020-10-09T18:21:41","date_gmt":"2020-10-09T21:21:41","guid":{"rendered":"https:\/\/wp.ufpel.edu.br\/wwverde\/?page_id=1417"},"modified":"2020-11-04T15:00:39","modified_gmt":"2020-11-04T18:00:39","slug":"pesquisadores-desenvolvem-um-prototipo-feito-com-gelatina-vegetal","status":"publish","type":"page","link":"https:\/\/wp.ufpel.edu.br\/wwverde\/pesquisadores-desenvolvem-um-prototipo-feito-com-gelatina-vegetal\/","title":{"rendered":"Pesquisadores desenvolvem um prot\u00f3tipo feito com gelatina vegetal"},"content":{"rendered":"<p><img data-recalc-dims=\"1\" class=\"wp-image-1421 size-medium alignright\" style=\"font-family: arial, helvetica, sans-serif\" src=\"https:\/\/i0.wp.com\/wp.ufpel.edu.br\/wwverde\/files\/2020\/10\/080-081_-microbateria_292-0-img.png?resize=339%2C400&#038;ssl=1\" alt=\"\" width=\"339\" height=\"400\" srcset=\"https:\/\/i0.wp.com\/wp.ufpel.edu.br\/wwverde\/files\/2020\/10\/080-081_-microbateria_292-0-img.png?resize=339%2C400&amp;ssl=1 339w, https:\/\/i0.wp.com\/wp.ufpel.edu.br\/wwverde\/files\/2020\/10\/080-081_-microbateria_292-0-img.png?resize=868%2C1024&amp;ssl=1 868w, https:\/\/i0.wp.com\/wp.ufpel.edu.br\/wwverde\/files\/2020\/10\/080-081_-microbateria_292-0-img.png?resize=768%2C906&amp;ssl=1 768w, https:\/\/i0.wp.com\/wp.ufpel.edu.br\/wwverde\/files\/2020\/10\/080-081_-microbateria_292-0-img.png?w=1117&amp;ssl=1 1117w\" sizes=\"(max-width: 339px) 100vw, 339px\" \/><span style=\"font-size: 14pt;font-family: 'times new roman', times, serif\">Uma equipe do Instituto de Qu\u00edmica de S\u00e3o Carlos da Universidade de S\u00e3o Paulo (IQSC-USP), em parceria com cientistas da Escola de Engenharia e Ci\u00eancias Aplicadas da Universidade Harvard, nos Estados Unidos, desenvolveram uma microbateria a base de gelatina vegetal, com potencial uso em dispositivos m\u00e9dic<span style=\"text-align: justify\">os implant\u00e1veis. O prot\u00f3tipo atua como uma bateria org\u00e2nica, e foi desenvolvido utilizando biopol\u00edmeros extra\u00eddos de algas marinhas, uma mat\u00e9ria prima dispon\u00edvel em abund\u00e2ncia na natureza. A bateria \u00e9 menos t\u00f3xica do que as baterias tradicionais usadas na medicina, pois estas possuem prata ou l\u00edtio em sua composi\u00e7\u00e3o, e pode ser utilizada em exames, entre eles p\u00edlulas inteligentes e c\u00e1psulas de endoscopia.<\/span><\/span><\/p>\n<p><span style=\"font-family: 'times new roman', times, serif;font-size: 14pt\">Acesse o artigo na \u00edntegra <a href=\"https:\/\/doi.org\/10.1039\/C9TA08685D\">aqui<\/a>.\u00a0<\/span><\/p>\n<p><span style=\"font-family: arial, helvetica, sans-serif\"><span style=\"font-size: 14pt;font-family: 'times new roman', times, serif\">Acesse a mat\u00e9ria <a href=\"https:\/\/revistapesquisa.fapesp.br\/microbateria-verde\/?fbclid=IwAR0zAvLOoUpKuq0gfvJQ0XswQTi2vaQ0q8OASn2hfpSY9CmH4aN1OzDwkuw\">aqui<\/a>.<\/span><br \/>\n<\/span><\/p>\n","protected":false},"excerpt":{"rendered":"<p>Uma equipe do Instituto de Qu\u00edmica de S\u00e3o Carlos da Universidade de S\u00e3o Paulo (IQSC-USP), em parceria com cientistas da Escola de Engenharia e Ci\u00eancias Aplicadas da Universidade Harvard, nos Estados Unidos, desenvolveram uma microbateria a base de gelatina vegetal, com potencial uso em dispositivos m\u00e9dicos implant\u00e1veis. O prot\u00f3tipo atua como uma bateria org\u00e2nica, e [&hellip;]<\/p>\n","protected":false},"author":149,"featured_media":0,"parent":0,"menu_order":0,"comment_status":"closed","ping_status":"closed","template":"","meta":{"jetpack_post_was_ever_published":false,"footnotes":""},"class_list":["post-1417","page","type-page","status-publish","hentry"],"jetpack_sharing_enabled":true,"jetpack_shortlink":"https:\/\/wp.me\/P4VNan-mR","_links":{"self":[{"href":"https:\/\/wp.ufpel.edu.br\/wwverde\/wp-json\/wp\/v2\/pages\/1417","targetHints":{"allow":["GET"]}}],"collection":[{"href":"https:\/\/wp.ufpel.edu.br\/wwverde\/wp-json\/wp\/v2\/pages"}],"about":[{"href":"https:\/\/wp.ufpel.edu.br\/wwverde\/wp-json\/wp\/v2\/types\/page"}],"author":[{"embeddable":true,"href":"https:\/\/wp.ufpel.edu.br\/wwverde\/wp-json\/wp\/v2\/users\/149"}],"replies":[{"embeddable":true,"href":"https:\/\/wp.ufpel.edu.br\/wwverde\/wp-json\/wp\/v2\/comments?post=1417"}],"version-history":[{"count":8,"href":"https:\/\/wp.ufpel.edu.br\/wwverde\/wp-json\/wp\/v2\/pages\/1417\/revisions"}],"predecessor-version":[{"id":1481,"href":"https:\/\/wp.ufpel.edu.br\/wwverde\/wp-json\/wp\/v2\/pages\/1417\/revisions\/1481"}],"wp:attachment":[{"href":"https:\/\/wp.ufpel.edu.br\/wwverde\/wp-json\/wp\/v2\/media?parent=1417"}],"curies":[{"name":"wp","href":"https:\/\/api.w.org\/{rel}","templated":true}]}}