{"id":1077,"date":"2015-08-09T17:33:04","date_gmt":"2015-08-09T20:33:04","guid":{"rendered":"https:\/\/wp.ufpel.edu.br\/wwverde\/?page_id=1077"},"modified":"2015-08-09T17:37:15","modified_gmt":"2015-08-09T20:37:15","slug":"origem-do-wwverde","status":"publish","type":"page","link":"https:\/\/wp.ufpel.edu.br\/wwverde\/origem-do-wwverde\/","title":{"rendered":"Origem do WWVerde"},"content":{"rendered":"\n\t\t<style type=\"text\/css\">\n\t\t\t#gallery-1 {\n\t\t\t\tmargin: auto;\n\t\t\t}\n\t\t\t#gallery-1 .gallery-item {\n\t\t\t\tfloat: left;\n\t\t\t\tmargin-top: 10px;\n\t\t\t\ttext-align: center;\n\t\t\t\twidth: 33%;\n\t\t\t}\n\t\t\t#gallery-1 img {\n\t\t\t\tborder: 2px solid #cfcfcf;\n\t\t\t}\n\t\t\t#gallery-1 .gallery-caption {\n\t\t\t\tmargin-left: 0;\n\t\t\t}\n\t\t\t\/* see gallery_shortcode() in wp-includes\/media.php *\/\n\t\t<\/style>\n\t\t<div id='gallery-1' class='gallery galleryid-1077 gallery-columns-3 gallery-size-thumbnail'><dl class='gallery-item'>\n\t\t\t<dt class='gallery-icon landscape'>\n\t\t\t\t<a href='https:\/\/wp.ufpel.edu.br\/wwverde\/origem-do-wwverde\/10411136_1572130166338580_7283195569147162437_n\/'><img width=\"200\" height=\"94\" src=\"https:\/\/i0.wp.com\/wp.ufpel.edu.br\/wwverde\/files\/2015\/08\/10411136_1572130166338580_7283195569147162437_n.png?resize=200%2C94&amp;ssl=1\" class=\"attachment-thumbnail size-thumbnail\" alt=\"\" aria-describedby=\"gallery-1-1079\" srcset=\"https:\/\/i0.wp.com\/wp.ufpel.edu.br\/wwverde\/files\/2015\/08\/10411136_1572130166338580_7283195569147162437_n.png?w=899&amp;ssl=1 899w, https:\/\/i0.wp.com\/wp.ufpel.edu.br\/wwverde\/files\/2015\/08\/10411136_1572130166338580_7283195569147162437_n.png?resize=212%2C100&amp;ssl=1 212w, https:\/\/i0.wp.com\/wp.ufpel.edu.br\/wwverde\/files\/2015\/08\/10411136_1572130166338580_7283195569147162437_n.png?resize=424%2C201&amp;ssl=1 424w\" sizes=\"(max-width: 200px) 100vw, 200px\" \/><\/a>\n\t\t\t<\/dt>\n\t\t\t\t<dd class='wp-caption-text gallery-caption' id='gallery-1-1079'>\n\t\t\t\tO site inicialmente foi criado em 2002 pelo Desingner Thiago Barcellos da Silva e as atualiza\u00e7\u00f5es eram feitas por Samuel Rodrigues Mendes\n\t\t\t\t<\/dd><\/dl><dl class='gallery-item'>\n\t\t\t<dt class='gallery-icon landscape'>\n\t\t\t\t<a href='https:\/\/wp.ufpel.edu.br\/wwverde\/origem-do-wwverde\/1503885_1572131063005157_9027107950046718314_n\/'><img width=\"142\" height=\"108\" src=\"https:\/\/i0.wp.com\/wp.ufpel.edu.br\/wwverde\/files\/2015\/08\/1503885_1572131063005157_9027107950046718314_n.png?resize=142%2C108&amp;ssl=1\" class=\"attachment-thumbnail size-thumbnail\" alt=\"\" aria-describedby=\"gallery-1-1081\" \/><\/a>\n\t\t\t<\/dt>\n\t\t\t\t<dd class='wp-caption-text gallery-caption' id='gallery-1-1081'>\n\t\t\t\tO primeiro logo do site, era composto por uma figueira e um erlenmeyer. A cor azul ao fundo tinha como enfoque representar a lagoa dos patos.\n\t\t\t\t<\/dd><\/dl><dl class='gallery-item'>\n\t\t\t<dt class='gallery-icon landscape'>\n\t\t\t\t<a href='https:\/\/wp.ufpel.edu.br\/wwverde\/face3-2\/'><img width=\"159\" height=\"159\" src=\"https:\/\/i0.wp.com\/wp.ufpel.edu.br\/wwverde\/files\/2014\/12\/Face3.png?resize=159%2C159&amp;ssl=1\" class=\"attachment-thumbnail size-thumbnail\" alt=\"\" aria-describedby=\"gallery-1-762\" srcset=\"https:\/\/i0.wp.com\/wp.ufpel.edu.br\/wwverde\/files\/2014\/12\/Face3.png?w=300&amp;ssl=1 300w, https:\/\/i0.wp.com\/wp.ufpel.edu.br\/wwverde\/files\/2014\/12\/Face3.png?resize=159%2C159&amp;ssl=1 159w\" sizes=\"(max-width: 159px) 100vw, 159px\" \/><\/a>\n\t\t\t<\/dt>\n\t\t\t\t<dd class='wp-caption-text gallery-caption' id='gallery-1-762'>\n\t\t\t\tEm 2014, vendo a necessidade de atualiza\u00e7\u00e3o e moderniza\u00e7\u00e3o do site, com o apoio da PREC juntamente com o N\u00facleo de Publicidade Institucional e Comunica\u00e7\u00e3o Visual e tamb\u00e9m com a Coordena\u00e7\u00e3o de Tecnologia da Informa\u00e7\u00e3o da UFPEL o site foi atualizado agora na vers\u00e3o em Wordpress, e o novo logo foi criado.\n\t\t\t\t<\/dd><\/dl><br style=\"clear: both\" \/><dl class='gallery-item'>\n\t\t\t<dt class='gallery-icon landscape'>\n\t\t\t\t<a href='https:\/\/wp.ufpel.edu.br\/wwverde\/origem-do-wwverde\/10868223_1572144243003839_346186674511590264_n\/'><img width=\"200\" height=\"142\" src=\"https:\/\/i0.wp.com\/wp.ufpel.edu.br\/wwverde\/files\/2015\/08\/10868223_1572144243003839_346186674511590264_n.png?resize=200%2C142&amp;ssl=1\" class=\"attachment-thumbnail size-thumbnail\" alt=\"\" aria-describedby=\"gallery-1-1080\" srcset=\"https:\/\/i0.wp.com\/wp.ufpel.edu.br\/wwverde\/files\/2015\/08\/10868223_1572144243003839_346186674511590264_n.png?w=960&amp;ssl=1 960w, https:\/\/i0.wp.com\/wp.ufpel.edu.br\/wwverde\/files\/2015\/08\/10868223_1572144243003839_346186674511590264_n.png?resize=212%2C150&amp;ssl=1 212w, https:\/\/i0.wp.com\/wp.ufpel.edu.br\/wwverde\/files\/2015\/08\/10868223_1572144243003839_346186674511590264_n.png?resize=424%2C301&amp;ssl=1 424w\" sizes=\"(max-width: 200px) 100vw, 200px\" \/><\/a>\n\t\t\t<\/dt>\n\t\t\t\t<dd class='wp-caption-text gallery-caption' id='gallery-1-1080'>\n\t\t\t\t Com todo o apoio recebido, em alguns meses a nova Home Page do site estava pronta para continuar a divulgar not\u00edcias e muito mais para deixar voc\u00ea por dentro do mundo da Qu\u00edmica Verde\n\t\t\t\t<\/dd><\/dl>\n\t\t\t<br style='clear: both' \/>\n\t\t<\/div>\n\n","protected":false},"excerpt":{"rendered":"","protected":false},"author":149,"featured_media":0,"parent":0,"menu_order":0,"comment_status":"closed","ping_status":"closed","template":"","meta":{"jetpack_post_was_ever_published":false,"footnotes":""},"class_list":["post-1077","page","type-page","status-publish","hentry"],"jetpack_sharing_enabled":true,"jetpack_shortlink":"https:\/\/wp.me\/P4VNan-hn","_links":{"self":[{"href":"https:\/\/wp.ufpel.edu.br\/wwverde\/wp-json\/wp\/v2\/pages\/1077","targetHints":{"allow":["GET"]}}],"collection":[{"href":"https:\/\/wp.ufpel.edu.br\/wwverde\/wp-json\/wp\/v2\/pages"}],"about":[{"href":"https:\/\/wp.ufpel.edu.br\/wwverde\/wp-json\/wp\/v2\/types\/page"}],"author":[{"embeddable":true,"href":"https:\/\/wp.ufpel.edu.br\/wwverde\/wp-json\/wp\/v2\/users\/149"}],"replies":[{"embeddable":true,"href":"https:\/\/wp.ufpel.edu.br\/wwverde\/wp-json\/wp\/v2\/comments?post=1077"}],"version-history":[{"count":2,"href":"https:\/\/wp.ufpel.edu.br\/wwverde\/wp-json\/wp\/v2\/pages\/1077\/revisions"}],"predecessor-version":[{"id":1088,"href":"https:\/\/wp.ufpel.edu.br\/wwverde\/wp-json\/wp\/v2\/pages\/1077\/revisions\/1088"}],"wp:attachment":[{"href":"https:\/\/wp.ufpel.edu.br\/wwverde\/wp-json\/wp\/v2\/media?parent=1077"}],"curies":[{"name":"wp","href":"https:\/\/api.w.org\/{rel}","templated":true}]}}