{"id":1011,"date":"2015-05-25T19:46:24","date_gmt":"2015-05-25T22:46:24","guid":{"rendered":"https:\/\/wp.ufpel.edu.br\/wwverde\/?page_id=1011"},"modified":"2015-05-25T19:46:24","modified_gmt":"2015-05-25T22:46:24","slug":"alemanha-procura-talentos-na-area-de-sustentabilidade","status":"publish","type":"page","link":"https:\/\/wp.ufpel.edu.br\/wwverde\/alemanha-procura-talentos-na-area-de-sustentabilidade\/","title":{"rendered":"Alemanha procura talentos na \u00e1rea de sustentabilidade"},"content":{"rendered":"<p>&#8220;A competi\u00e7\u00e3o <strong>Green Talents Award 2015<\/strong>, realizada pelo Minist\u00e9rio Federal da Educa\u00e7\u00e3o e Pesquisa da Alemanha (BMBF), vai selecionar os melhores projetos de pesquisa na \u00e1rea de <strong>sustentabilidade <\/strong>e <strong>inova\u00e7\u00e3o<\/strong>. As inscri\u00e7\u00f5es s\u00e3o\u00a0<a href=\"http:\/\/greentalents.de\/application\/\" target=\"_blank\">feitas pela internet<\/a> est\u00e3o abertas at\u00e9 o dia 2 de junho&#8221;<\/p>\n<p>Confira a not\u00edcia completa clicando <a href=\"http:\/\/planetasustentavel.abril.com.br\/noticias\/alemanha-procura-talentos-area-sustentabilidade-866682.shtml?utm_source=redesabril_psustentavel&amp;utm_medium=facebook&amp;utm_campaign=redesabril_psustentavel\">aqui<\/a>.<\/p>\n","protected":false},"excerpt":{"rendered":"<p>&#8220;A competi\u00e7\u00e3o Green Talents Award 2015, realizada pelo Minist\u00e9rio Federal da Educa\u00e7\u00e3o e Pesquisa da Alemanha (BMBF), vai selecionar os melhores projetos de pesquisa na \u00e1rea de sustentabilidade e inova\u00e7\u00e3o. As inscri\u00e7\u00f5es s\u00e3o\u00a0feitas pela internet est\u00e3o abertas at\u00e9 o dia 2 de junho&#8221; Confira a not\u00edcia completa clicando aqui.<\/p>\n","protected":false},"author":149,"featured_media":0,"parent":0,"menu_order":0,"comment_status":"closed","ping_status":"closed","template":"","meta":{"jetpack_post_was_ever_published":false,"footnotes":""},"class_list":["post-1011","page","type-page","status-publish","hentry"],"jetpack_sharing_enabled":true,"jetpack_shortlink":"https:\/\/wp.me\/P4VNan-gj","_links":{"self":[{"href":"https:\/\/wp.ufpel.edu.br\/wwverde\/wp-json\/wp\/v2\/pages\/1011","targetHints":{"allow":["GET"]}}],"collection":[{"href":"https:\/\/wp.ufpel.edu.br\/wwverde\/wp-json\/wp\/v2\/pages"}],"about":[{"href":"https:\/\/wp.ufpel.edu.br\/wwverde\/wp-json\/wp\/v2\/types\/page"}],"author":[{"embeddable":true,"href":"https:\/\/wp.ufpel.edu.br\/wwverde\/wp-json\/wp\/v2\/users\/149"}],"replies":[{"embeddable":true,"href":"https:\/\/wp.ufpel.edu.br\/wwverde\/wp-json\/wp\/v2\/comments?post=1011"}],"version-history":[{"count":1,"href":"https:\/\/wp.ufpel.edu.br\/wwverde\/wp-json\/wp\/v2\/pages\/1011\/revisions"}],"predecessor-version":[{"id":1012,"href":"https:\/\/wp.ufpel.edu.br\/wwverde\/wp-json\/wp\/v2\/pages\/1011\/revisions\/1012"}],"wp:attachment":[{"href":"https:\/\/wp.ufpel.edu.br\/wwverde\/wp-json\/wp\/v2\/media?parent=1011"}],"curies":[{"name":"wp","href":"https:\/\/api.w.org\/{rel}","templated":true}]}}

Alemanha procura talentos na área de sustentabilidade

<p>&#8220;A competição <strong>Green Talents Award 2015</strong>, realizada pelo Ministério Federal da Educação e Pesquisa da Alemanha (BMBF), vai selecionar os melhores projetos de pesquisa na área de <strong>sustentabilidade </strong>e <strong>inovação</strong>. As inscrições são <a href="http://greentalents.de/application/" target="_blank">feitas pela internet</a> estão abertas até o dia 2 de junho&#8221;</p>
<p>Confira a notícia completa clicando <a href="http://planetasustentavel.abril.com.br/noticias/alemanha-procura-talentos-area-sustentabilidade-866682.shtml?utm_source=redesabril_psustentavel&amp;utm_medium=facebook&amp;utm_campaign=redesabril_psustentavel">aqui</a>.</p>

<p>&#8220;A competição Green Talents Award 2015, realizada pelo Ministério Federal da Educação e Pesquisa da Alemanha (BMBF), vai selecionar os melhores projetos de pesquisa na área de sustentabilidade e inovação. As inscrições são feitas pela internet estão abertas até o dia 2 de junho&#8221; Confira a notícia completa clicando aqui.</p>
