{"id":2,"date":"2025-12-08T18:49:59","date_gmt":"2025-12-08T21:49:59","guid":{"rendered":"https:\/\/wp.ufpel.edu.br\/wpa2026\/?page_id=2"},"modified":"2026-04-08T17:59:55","modified_gmt":"2026-04-08T20:59:55","slug":"sobrewpa","status":"publish","type":"page","link":"https:\/\/wp.ufpel.edu.br\/wpa2026\/","title":{"rendered":"Sobre WPA"},"content":{"rendered":"\r\n<p><strong>XIV Workshop sobre Preparo de Amostras<\/strong><\/p>\r\n<p style=\"text-align: justify;\">O Workshop sobre Preparo de Amostras (WPA) \u00e9 realizado no Brasil desde 1996, com edi\u00e7\u00f5es bianuais sediadas em universidades e centros de pesquisa de diferentes regi\u00f5es do pa\u00eds. Em 2026, o evento comemora 30 anos de trajet\u00f3ria e ser\u00e1 realizado na Universidade Federal de Pelotas, Pelotas, RS, reunindo profissionais dos setores cl\u00ednico, aliment\u00edcio, ambiental, sider\u00fargico e qu\u00edmico, al\u00e9m de pesquisadores e acad\u00eamicos.<\/p>\r\n<p style=\"text-align: justify;\">O principal objetivo do WPA \u00e9 promover a discuss\u00e3o dos avan\u00e7os na \u00e1rea de preparo de amostras para a solu\u00e7\u00e3o de desafios anal\u00edticos, por meio de atividades te\u00f3ricas e pr\u00e1ticas. O evento conta com a participa\u00e7\u00e3o de especialistas nacionais e internacionais, que apresentam inova\u00e7\u00f5es voltadas ao preparo de amostras complexas.<img loading=\"lazy\" decoding=\"async\" class=\"size-medium wp-image-186 aligncenter\" src=\"https:\/\/wp.ufpel.edu.br\/wpa2026\/files\/2025\/12\/WPA-ideias-11-e1765457399253-400x376.png\" alt=\"\" width=\"400\" height=\"376\" srcset=\"https:\/\/wp.ufpel.edu.br\/wpa2026\/files\/2025\/12\/WPA-ideias-11-e1765457399253-400x376.png 400w, https:\/\/wp.ufpel.edu.br\/wpa2026\/files\/2025\/12\/WPA-ideias-11-e1765457399253-768x723.png 768w, https:\/\/wp.ufpel.edu.br\/wpa2026\/files\/2025\/12\/WPA-ideias-11-e1765457399253-319x300.png 319w, https:\/\/wp.ufpel.edu.br\/wpa2026\/files\/2025\/12\/WPA-ideias-11-e1765457399253.png 882w\" sizes=\"auto, (max-width: 400px) 100vw, 400px\" \/><\/p>\r\n","protected":false},"excerpt":{"rendered":"<p>XIV Workshop sobre Preparo de Amostras O Workshop sobre Preparo de Amostras (WPA) \u00e9 realizado no Brasil desde 1996, com edi\u00e7\u00f5es bianuais sediadas em universidades e centros de pesquisa de diferentes regi\u00f5es do pa\u00eds. Em 2026, o evento comemora 30 &hellip; <a href=\"https:\/\/wp.ufpel.edu.br\/wpa2026\/\">Continue lendo <span class=\"meta-nav\">&rarr;<\/span><\/a><\/p>\n","protected":false},"author":1545,"featured_media":0,"parent":0,"menu_order":0,"comment_status":"closed","ping_status":"closed","template":"","meta":{"footnotes":""},"class_list":["post-2","page","type-page","status-publish","hentry"],"_links":{"self":[{"href":"https:\/\/wp.ufpel.edu.br\/wpa2026\/wp-json\/wp\/v2\/pages\/2","targetHints":{"allow":["GET"]}}],"collection":[{"href":"https:\/\/wp.ufpel.edu.br\/wpa2026\/wp-json\/wp\/v2\/pages"}],"about":[{"href":"https:\/\/wp.ufpel.edu.br\/wpa2026\/wp-json\/wp\/v2\/types\/page"}],"author":[{"embeddable":true,"href":"https:\/\/wp.ufpel.edu.br\/wpa2026\/wp-json\/wp\/v2\/users\/1545"}],"replies":[{"embeddable":true,"href":"https:\/\/wp.ufpel.edu.br\/wpa2026\/wp-json\/wp\/v2\/comments?post=2"}],"version-history":[{"count":4,"href":"https:\/\/wp.ufpel.edu.br\/wpa2026\/wp-json\/wp\/v2\/pages\/2\/revisions"}],"predecessor-version":[{"id":775,"href":"https:\/\/wp.ufpel.edu.br\/wpa2026\/wp-json\/wp\/v2\/pages\/2\/revisions\/775"}],"wp:attachment":[{"href":"https:\/\/wp.ufpel.edu.br\/wpa2026\/wp-json\/wp\/v2\/media?parent=2"}],"curies":[{"name":"wp","href":"https:\/\/api.w.org\/{rel}","templated":true}]}}