{"id":635,"date":"2019-06-06T10:13:44","date_gmt":"2019-06-06T13:13:44","guid":{"rendered":"https:\/\/wp.ufpel.edu.br\/weit\/?page_id=635"},"modified":"2019-06-06T11:09:57","modified_gmt":"2019-06-06T14:09:57","slug":"weit2011","status":"publish","type":"page","link":"https:\/\/wp.ufpel.edu.br\/weit\/weit2011\/","title":{"rendered":"WEIT 2011"},"content":{"rendered":"<h3><b><a href=\"https:\/\/wp.ufpel.edu.br\/weit\/files\/2019\/06\/banner-site.jpg\"><img loading=\"lazy\" decoding=\"async\" class=\"size-large wp-image-638 aligncenter\" src=\"https:\/\/wp.ufpel.edu.br\/weit\/files\/2019\/06\/banner-site-750x220.jpg\" alt=\"\" width=\"660\" height=\"194\" \/><\/a><br \/>\nPelotas &#8211; Rio Grande do Sul &#8211; Brasil<br \/>\n24-26 de Agosto de 2011<\/b><\/h3>\n<p>O <b>Workshop-Escola de Inform\u00e1tica Te\u00f3rica \u2013 WEIT 2011<\/b> \u00e9 uma promo\u00e7\u00e3o conjunta da Universidade Federal de Pelotas (UFPEL) e da Universidade Federal do Rio Grande (FURG), atrav\u00e9s do programa de P\u00f3s-Gradua\u00e7\u00e3o em Computa\u00e7\u00e3o (<a href=\"http:\/\/ppgc.ufpel.edu.br\/\">PPGC-UFPEL<\/a>) e do Programa de P\u00f3s-Gradua\u00e7\u00e3o em Modelagem Computacional (<a href=\"http:\/\/www.modelagemcomputacional.furg.br\/\">PPGMC-FURG<\/a>), que tem por objetivo divulgar e promover aspectos te\u00f3ricos da computa\u00e7\u00e3o, procurando congregar estudantes e pesquisadores, aproximando-os atrav\u00e9s de dois tipos de atividades:<\/p>\n<ul>\n<li>a parte Escola, que visa oferecer cursos e tutoriais para estudantes de gradua\u00e7\u00e3o e p\u00f3s-gradua\u00e7\u00e3o;<\/li>\n<li>a parte Workshop, que oferecer\u00e1 tanto palestras convidadas de pesquisadores qualificados na \u00e1rea, assim como abrir\u00e1 espa\u00e7o para submiss\u00e3o de trabalhos t\u00e9cnicos de pesquisa de estudantes e pesquisadores.<\/li>\n<\/ul>\n<h3><b>P\u00fablico Alvo:<br \/>\n<\/b><\/h3>\n<p>Acad\u00eamicos de gradua\u00e7\u00e3o e p\u00f3s-gradua\u00e7\u00e3o, professores e profissionais da \u00e1rea de Ci\u00eancia da Computa\u00e7\u00e3o e \u00e1reas afins.<\/p>\n<h3><b>Local do Evento:<br \/>\n<\/b><\/h3>\n<p>Universidade Federal de Pelotas<br \/>\nCampus do Cap\u00e3o do Le\u00e3o<br \/>\nSal\u00e3o Nobre da Agronomia<br \/>\nPelotas &#8211; RS<\/p>\n","protected":false},"excerpt":{"rendered":"<p>Pelotas &#8211; Rio Grande do Sul &#8211; Brasil 24-26 de Agosto de 2011 O Workshop-Escola de Inform\u00e1tica Te\u00f3rica \u2013 WEIT 2011 \u00e9 uma promo\u00e7\u00e3o conjunta da Universidade Federal de Pelotas (UFPEL) e da Universidade Federal do Rio Grande (FURG), atrav\u00e9s do programa de P\u00f3s-Gradua\u00e7\u00e3o em Computa\u00e7\u00e3o (PPGC-UFPEL) e do Programa de P\u00f3s-Gradua\u00e7\u00e3o em Modelagem Computacional [&hellip;]<\/p>\n","protected":false},"author":234,"featured_media":0,"parent":0,"menu_order":0,"comment_status":"closed","ping_status":"closed","template":"","meta":{"footnotes":""},"class_list":["post-635","page","type-page","status-publish","hentry"],"_links":{"self":[{"href":"https:\/\/wp.ufpel.edu.br\/weit\/wp-json\/wp\/v2\/pages\/635","targetHints":{"allow":["GET"]}}],"collection":[{"href":"https:\/\/wp.ufpel.edu.br\/weit\/wp-json\/wp\/v2\/pages"}],"about":[{"href":"https:\/\/wp.ufpel.edu.br\/weit\/wp-json\/wp\/v2\/types\/page"}],"author":[{"embeddable":true,"href":"https:\/\/wp.ufpel.edu.br\/weit\/wp-json\/wp\/v2\/users\/234"}],"replies":[{"embeddable":true,"href":"https:\/\/wp.ufpel.edu.br\/weit\/wp-json\/wp\/v2\/comments?post=635"}],"version-history":[{"count":4,"href":"https:\/\/wp.ufpel.edu.br\/weit\/wp-json\/wp\/v2\/pages\/635\/revisions"}],"predecessor-version":[{"id":665,"href":"https:\/\/wp.ufpel.edu.br\/weit\/wp-json\/wp\/v2\/pages\/635\/revisions\/665"}],"wp:attachment":[{"href":"https:\/\/wp.ufpel.edu.br\/weit\/wp-json\/wp\/v2\/media?parent=635"}],"curies":[{"name":"wp","href":"https:\/\/api.w.org\/{rel}","templated":true}]}}