{"id":68,"date":"2021-06-21T18:47:30","date_gmt":"2021-06-21T21:47:30","guid":{"rendered":"https:\/\/wp.ufpel.edu.br\/votacao\/?page_id=68"},"modified":"2021-06-24T08:19:45","modified_gmt":"2021-06-24T11:19:45","slug":"meu-id-e-senha-estao-invalidos-no-sistema-helios-voting","status":"publish","type":"page","link":"https:\/\/wp.ufpel.edu.br\/votacao\/perguntas-frequentes\/meu-id-e-senha-estao-invalidos-no-sistema-helios-voting\/","title":{"rendered":"Meu ID e senha est\u00e3o inv\u00e1lidos no sistema Helios voting?"},"content":{"rendered":"<p style=\"text-align: justify\">O ID \u00e9 o n\u00famero do CPF do eleitor (sem espa\u00e7os ou pontos) conforme<br \/>\nenviado por e-mail atrav\u00e9s do sistema<em> Helios voting<\/em>\/UFPEL<br \/>\n(<a href=\"https:\/\/votacao.ufpel.edu.br\/\">https:\/\/votacao.ufpel.edu.br\/<\/a>).<br \/>\nA SENHA \u00e9 pessoal, gerada pelo sistema, com car\u00e1ter sigiloso e<br \/>\nintransfer\u00edvel.<br \/>\nAo receber a mensagem de ID\/Senha Inv\u00e1lidos verifique:<\/p>\n<p style=\"text-align: justify\">a. Se n\u00e3o existem espa\u00e7os antes ou depois do n\u00famero do CPF e da Senha.<\/p>\n<p style=\"text-align: justify\"><strong><em>Sugere-se que o ID e a senha sejam copiados e colados conforme o e-mail enviado<\/em><\/strong><br \/>\n<strong><em>pelo sistema de vota\u00e7\u00e3o, evitando equ\u00edvocos. Chama-se a aten\u00e7\u00e3o para que n\u00e3o se<\/em><\/strong><br \/>\n<strong><em>copie espa\u00e7os suplementares, pois estes est\u00e3o na origem de problema de entrada.<\/em><\/strong><\/p>\n<p style=\"text-align: justify\">b. Se a tecla <em>CapsLock<\/em> n\u00e3o est\u00e1 ativa.<\/p>\n<p style=\"text-align: justify\">Se o erro persistir:<br \/>\nc. Abra e feche o navegador, tentando novamente, ou troque de navegador.<br \/>\nd. Troque de computador ou meio eletr\u00f4nico.<br \/>\ne. Entre em contato com a Comiss\u00e3o Eleitoral Local<\/p>\n","protected":false},"excerpt":{"rendered":"<p>O ID \u00e9 o n\u00famero do CPF do eleitor (sem espa\u00e7os ou pontos) conforme enviado por e-mail atrav\u00e9s do sistema Helios voting\/UFPEL (https:\/\/votacao.ufpel.edu.br\/). A SENHA \u00e9 pessoal, gerada pelo sistema, com car\u00e1ter sigiloso e intransfer\u00edvel. Ao receber a mensagem de ID\/Senha Inv\u00e1lidos verifique: a. Se n\u00e3o existem espa\u00e7os antes ou depois do n\u00famero do CPF [&hellip;]<\/p>\n","protected":false},"author":1138,"featured_media":0,"parent":31,"menu_order":0,"comment_status":"closed","ping_status":"closed","template":"","meta":{"footnotes":""},"class_list":["post-68","page","type-page","status-publish","hentry"],"jetpack_sharing_enabled":true,"_links":{"self":[{"href":"https:\/\/wp.ufpel.edu.br\/votacao\/wp-json\/wp\/v2\/pages\/68","targetHints":{"allow":["GET"]}}],"collection":[{"href":"https:\/\/wp.ufpel.edu.br\/votacao\/wp-json\/wp\/v2\/pages"}],"about":[{"href":"https:\/\/wp.ufpel.edu.br\/votacao\/wp-json\/wp\/v2\/types\/page"}],"author":[{"embeddable":true,"href":"https:\/\/wp.ufpel.edu.br\/votacao\/wp-json\/wp\/v2\/users\/1138"}],"replies":[{"embeddable":true,"href":"https:\/\/wp.ufpel.edu.br\/votacao\/wp-json\/wp\/v2\/comments?post=68"}],"version-history":[{"count":3,"href":"https:\/\/wp.ufpel.edu.br\/votacao\/wp-json\/wp\/v2\/pages\/68\/revisions"}],"predecessor-version":[{"id":116,"href":"https:\/\/wp.ufpel.edu.br\/votacao\/wp-json\/wp\/v2\/pages\/68\/revisions\/116"}],"up":[{"embeddable":true,"href":"https:\/\/wp.ufpel.edu.br\/votacao\/wp-json\/wp\/v2\/pages\/31"}],"wp:attachment":[{"href":"https:\/\/wp.ufpel.edu.br\/votacao\/wp-json\/wp\/v2\/media?parent=68"}],"curies":[{"name":"wp","href":"https:\/\/api.w.org\/{rel}","templated":true}]}}