{"id":128,"date":"2020-11-29T20:07:23","date_gmt":"2020-11-29T23:07:23","guid":{"rendered":"https:\/\/wp.ufpel.edu.br\/vivenciasteatraisemescolas\/?page_id=128"},"modified":"2025-01-24T15:45:39","modified_gmt":"2025-01-24T18:45:39","slug":"capitulos-de-livro","status":"publish","type":"page","link":"https:\/\/wp.ufpel.edu.br\/vivenciasteatraisemescolas\/capitulos-de-livro\/","title":{"rendered":"Cap\u00edtulos de Livro"},"content":{"rendered":"<p>LEITE, Vanessa C<strong>.<\/strong>; ZANELLA, A. K. . VIV\u00caNCIAS TEATRAIS EM ESCOLAS: O QUE FIZEMOS EM TEMPOS DE PANDEMIA?. In: Karyne Dias Coutinho Jefferson Fernandes Alves Organizadores. (Org.). <strong>(IM)POSSIBILIDADES DO TEATRO NA ESCOLA EM TEMPOS DE PANDEMIA (Volume 2)<\/strong>. 1ed.Natal\/RN: SEDIS\/UFRN, 2022, v. 2, p. 171-178.<\/p>\n<p>Acesse o livro completo <a href=\"https:\/\/docs.google.com\/document\/d\/1pTy1sPMIZCkRw_LLyKi4yPyoo0dxq1Nh\/edit?usp=drive_link&amp;ouid=103717022638115563577&amp;rtpof=true&amp;sd=true\">AQUI<\/a><\/p>\n<p>LEITE, Vanessa Caldeira; ZANELLA, Andrisa Kemel; BOTELHO, Maria Fernanda; ARA\u00daJO, Carla Silva; COSTA, Naylson Rodrigues. VIV\u00caNCIAS TEATRAIS NA EMEF GET\u00daLIO VARGAS: A EXTENS\u00c3O UNIVERSIT\u00c1RIA CRIANDO POSSIBILIDADES NA ESCOLA. In: MICHELON, Francisca Ferreira; BANDEIRA, Ana da Rosa. (org.). <strong>A extens\u00e3o universit\u00e1ria nos 50 anos da Universidade Federal de Pelotas<\/strong> [recurso eletr\u00f4nico]. Pelotas: UFPel. PREC; Ed. da UFPel, 2020. p. 415 &#8211; 430. Dispon\u00edvel em: <a href=\"http:\/\/guaiaca.ufpel.edu.br:8080\/handle\/prefix\/5671\">http:\/\/guaiaca.ufpel.edu.br:8080\/handle\/prefix\/5671<\/a><\/p>\n","protected":false},"excerpt":{"rendered":"<p>LEITE, Vanessa C.; ZANELLA, A. K. . VIV\u00caNCIAS TEATRAIS EM ESCOLAS: O QUE FIZEMOS EM TEMPOS DE PANDEMIA?. In: Karyne Dias Coutinho Jefferson Fernandes Alves Organizadores. (Org.). (IM)POSSIBILIDADES DO TEATRO NA ESCOLA EM TEMPOS DE PANDEMIA (Volume 2). 1ed.Natal\/RN: SEDIS\/UFRN, 2022, v. 2, p. 171-178. Acesse o livro completo AQUI LEITE, Vanessa Caldeira; ZANELLA, Andrisa [&hellip;]<\/p>\n","protected":false},"author":1100,"featured_media":0,"parent":0,"menu_order":0,"comment_status":"closed","ping_status":"closed","template":"","meta":{"footnotes":""},"class_list":["post-128","page","type-page","status-publish","hentry"],"jetpack_sharing_enabled":true,"_links":{"self":[{"href":"https:\/\/wp.ufpel.edu.br\/vivenciasteatraisemescolas\/wp-json\/wp\/v2\/pages\/128","targetHints":{"allow":["GET"]}}],"collection":[{"href":"https:\/\/wp.ufpel.edu.br\/vivenciasteatraisemescolas\/wp-json\/wp\/v2\/pages"}],"about":[{"href":"https:\/\/wp.ufpel.edu.br\/vivenciasteatraisemescolas\/wp-json\/wp\/v2\/types\/page"}],"author":[{"embeddable":true,"href":"https:\/\/wp.ufpel.edu.br\/vivenciasteatraisemescolas\/wp-json\/wp\/v2\/users\/1100"}],"replies":[{"embeddable":true,"href":"https:\/\/wp.ufpel.edu.br\/vivenciasteatraisemescolas\/wp-json\/wp\/v2\/comments?post=128"}],"version-history":[{"count":8,"href":"https:\/\/wp.ufpel.edu.br\/vivenciasteatraisemescolas\/wp-json\/wp\/v2\/pages\/128\/revisions"}],"predecessor-version":[{"id":766,"href":"https:\/\/wp.ufpel.edu.br\/vivenciasteatraisemescolas\/wp-json\/wp\/v2\/pages\/128\/revisions\/766"}],"wp:attachment":[{"href":"https:\/\/wp.ufpel.edu.br\/vivenciasteatraisemescolas\/wp-json\/wp\/v2\/media?parent=128"}],"curies":[{"name":"wp","href":"https:\/\/api.w.org\/{rel}","templated":true}]}}