{"id":127,"date":"2020-11-29T20:07:23","date_gmt":"2020-11-29T23:07:23","guid":{"rendered":"https:\/\/wp.ufpel.edu.br\/vivenciasteatraisemescolas\/?page_id=127"},"modified":"2025-07-24T13:53:23","modified_gmt":"2025-07-24T16:53:23","slug":"anais-de-evento","status":"publish","type":"page","link":"https:\/\/wp.ufpel.edu.br\/vivenciasteatraisemescolas\/anais-de-evento\/","title":{"rendered":"Anais de Evento"},"content":{"rendered":"<p><span style=\"font-size: 18pt;\"><strong>Trabalhos completos publicados em anais de congressos<\/strong><\/span><\/p>\n<p>ARAUJO, C. S. ; ZANELLA, A. K. ;\u00a0LEITE, Vanessa C<strong>.<\/strong>\u00a0; COSTA, N. R. . Cartas para Vanessa: Viv\u00eancias de uma futura professora. In: VI SIMP\u00d3SIO INTERNACIONAL DE G\u00caNERO, ARTE E MEM\u00d3RIA: Protagonismos de Pandora., 2019, Pelotas. <strong>ANAIS DO VI SIMP\u00d3SIO INTERNACIONAL DE G\u00caNERO, ARTE E MEM\u00d3RIA<\/strong>: Protagonismos de Pandora.. Pelotas: Ed. da UFPel, 2019. v. 6. p. 96-101. Dispon\u00edvel em: <a href=\"https:\/\/wp.ufpel.edu.br\/artenaescola\/files\/2020\/01\/ANAIS-VI-SIGAM.pdf\">https:\/\/wp.ufpel.edu.br\/artenaescola\/files\/2020\/01\/ANAIS-VI-SIGAM.pdf<\/a><\/p>\n<p><a href=\"http:\/\/lattes.cnpq.br\/1768149389791865\"><strong><br \/>\n<\/strong><\/a>LEITE, Vanessa C<a href=\"http:\/\/lattes.cnpq.br\/1768149389791865\"><strong>.<\/strong><\/a>; COSTA, N. R. . EXPERENCIAR TEATRO: REFLEX\u00d5ES DE UMA PR\u00c1TICA PEDAG\u00d3GICA COM ALUNOS DO ENSINO FUNDAMENTAL. In: XXVII Congresso Nacional da Federa\u00e7\u00e3o de Arte\/Educadores do Brasil ; V Congresso Internacional dos Arte\/Educadores, 2017, Campo Grande. <strong>Anais do XXVII Congresso Nacional da Federa\u00e7\u00e3o de Arte\/Educadores do Brasil<\/strong> ; V Congresso Internacional dos Arte\/Educadores. Campo Grande\/MS: Federa\u00e7\u00e3o de Arte\/Educadores do Brasil, 2017. v. 27. p. 2027-2038. Dispon\u00edvel em: <a href=\"https:\/\/faeb.com.br\/wp-content\/uploads\/2020\/07\/2017_anais_xxvii_confaeb_campogrande.pdf\">https:\/\/faeb.com.br\/wp-content\/uploads\/2020\/07\/2017_anais_xxvii_confaeb_campogrande.pdf<\/a><\/p>\n<p>&nbsp;<\/p>\n<p><span style=\"font-size: 18pt;\"><strong>Resumos expandidos publicados em anais de congressos<\/strong><\/span><\/p>\n<p>FIGUEIREDO, S. P. ; TEIXEIRA, G. N. ; MATIAS, E. R. ;\u00a0<b><a class=\"tooltip\" tabindex=\"188\" href=\"http:\/\/lattes.cnpq.br\/1768149389791865\" target=\"_blank\" rel=\"noopener\">LEITE, Vanessa C.<\/a><\/b>\u00a0; ZANELLA, A. K. . VIV\u00caNCIAS TEATRAIS EM ESCOLAS: IMPACTOS E NOVOS DESAFIOS. In: XI Congresso de Extens\u00e3o e Cultura da UFPel, 2024, Pelotas. <strong>Anais do&#8230; [recurso eletr\u00f4nico]<\/strong>. Pelotas: Ed. da UFPEL, 2024. v. 11. p. 1190-1192. Dispon\u00edvel em: <a href=\"https:\/\/wp.ufpel.edu.br\/congressoextensao\/files\/2025\/01\/Educacao.pdf\">https:\/\/wp.ufpel.edu.br\/congressoextensao\/files\/2025\/01\/Educacao.pdf<\/a><\/p>\n<p>&nbsp;<\/p>\n<p>LEMOS, A. A. ; ZANELLA, A. K. ;\u00a0<b><a class=\"tooltip\" tabindex=\"189\" href=\"http:\/\/lattes.cnpq.br\/1768149389791865\" target=\"_blank\" rel=\"noopener\">LEITE, Vanessa C.<\/a><\/b> . IMPACTOS DA EXTENS\u00c3O NO CONTEXTO ESCOLAR: UM ESTUDO DE CASO DO PROJETO VIV\u00caNCIAS TEATRAIS. In: XXXIII CIC &#8211; Congresso de Inicia\u00e7\u00e3o Cient\u00edfica da UFPEL, 2024, Pelotas. <strong>Anais do XXXIII CIC &#8211; Congresso de Inicia\u00e7\u00e3o Cient\u00edfica da UFPEL.<\/strong> PELOTAS: Ed. da UFPEL, 2024. v. 33. p. 1-3. Dispon\u00edvel em: <a href=\"https:\/\/cti.ufpel.edu.br\/siiepe\/arquivos\/2024\/LA_06188.pdf\">https:\/\/cti.ufpel.edu.br\/siiepe\/arquivos\/2024\/LA_06188.pdf<\/a><\/p>\n<p>&nbsp;<\/p>\n<p>RASSIER, C. L. ;\u00a0LEITE, Vanessa C.\u00a0; ZANELLA, A. K. . A RELEV\u00c2NCIA DA PR\u00c1TICA TEATRAL NA COMUNIDADE ESCOLAR. In: 1\u00ba Congresso dos Projetos Unificados do Centro de Artes da UFPel, 2023, Pelotas. <strong>Anais do 1\u00ba Congresso dos Projetos Unificados do Centro de Artes da UFPel<\/strong>. Pelotas: Ed. da UFPEL, 2023. v. 1. p. 57-59. Dispon\u00edvel em: <a href=\"https:\/\/guaiaca.ufpel.edu.br\/handle\/prefix\/11987\">https:\/\/guaiaca.ufpel.edu.br\/handle\/prefix\/11987<\/a><\/p>\n<p>&nbsp;<\/p>\n<p>RASSIER, C. L. ; ZANELLA, A. K. ;\u00a0LEITE, Vanessa C<strong>.<\/strong>\u00a0. ENCENA\u00c7\u00c3O TEATRAL NA ESCOLA: CONSTRU\u00c7\u00c3O DE UM EXPERIMENTO C\u00caNICO COM ALUNOS DA EDUCA\u00c7\u00c3O B\u00c1SICA. In: X Congresso de Extens\u00e3o e Cultura da UFPel, 2023, Pelotas. <strong>Anais do X Congresso de Extens\u00e3o e Cultura da UFPel. <\/strong>Pelotas<strong>:<\/strong> Ed. da UFPEL, 2023. v. 10. p. 669-671. Dispon\u00edvel em: <a href=\"https:\/\/wp.ufpel.edu.br\/congressoextensao\/files\/2023\/12\/Educac%CC%A7a%CC%83o_rev1.pdf\">https:\/\/wp.ufpel.edu.br\/congressoextensao\/files\/2023\/12\/Educac%CC%A7a%CC%83o_rev1.pdf<\/a><\/p>\n<p>&nbsp;<\/p>\n<p>RASSIER, C. L. ; ZANELLA, A. K. ; LEITE, Vanessa C. . IMPACTOS DA PR\u00c1TICA TEATRAL NO P\u00d3S PANDEMIA E SEUS REFLEXOS NO DESENVOLVIMENTO SOCIAL E PESSOAL. In: IX CEC &#8211; Congresso de Extens\u00e3o e Cultura, 2022, Pelotas. <strong>Anais do IX CEC &#8211; Congresso de Extens\u00e3o e Cultura.<\/strong> Pelotas: Ed. da UFPEL, 2022. v. 9. p. 54-57. Dispon\u00edvel em: <a href=\"https:\/\/wp.ufpel.edu.br\/congressoextensao\/files\/2022\/12\/2022EDUCACAO.pdf\">https:\/\/wp.ufpel.edu.br\/congressoextensao\/files\/2022\/12\/2022EDUCACAO.pdf<\/a><\/p>\n<p>&nbsp;<\/p>\n<p>CUBA, T. D. ; ZANELLA, A. K. ;\u00a0LEITE, Vanessa C.\u00a0. PROJETOS DE EXTENS\u00c3O: DE QUE FORMA PODEM TRANSFORMAR O ENSINO P\u00daBLICO?. In: IX CEC &#8211; Congresso de Extens\u00e3o e Cultura, 2022, Pelotas. <strong>Anais do IX CEC &#8211; Congresso de Extens\u00e3o e Cultura. <\/strong>Pelotas: Ed. da UFPEL, 2022. v. 9. p. 110-113. Dispon\u00edvel em: <a href=\"https:\/\/wp.ufpel.edu.br\/congressoextensao\/files\/2022\/12\/2022EDUCACAO.pdf\">https:\/\/wp.ufpel.edu.br\/congressoextensao\/files\/2022\/12\/2022EDUCACAO.pdf<\/a><\/p>\n<p>&nbsp;<\/p>\n<p>ARAUJO, C. S. ;\u00a0LEITE, Vanessa C.\u00a0; ZANELLA, A. K. . A EXPERI\u00caNCIA DE ENSINO DE TEATRO COM COMUNIDADE EM TEMPOS PAND\u00caMICOS. In: 8\u00ba Congresso de Extens\u00e3o e Cultura da UFPel, 2021, Pelotas. <strong>Anais do 8\u00ba Congresso de Extens\u00e3o e Cultura da UFPel<\/strong>. Pelotas: Ed. da UFPel, 2021. p. 98-101. Dispon\u00edvel em: <a href=\"https:\/\/wp.ufpel.edu.br\/congressoextensao\/files\/2022\/01\/Tema-4-Educacao-2021.pdf\">https:\/\/wp.ufpel.edu.br\/congressoextensao\/files\/2022\/01\/Tema-4-Educacao-2021.pdf<\/a><\/p>\n<p>&nbsp;<\/p>\n<p>COSTA, N. R. ;\u00a0LEITE, Vanessa C.\u00a0; ZANELLA, A. K. . Viv\u00eancias Teatrais em Escolas: modos de reaproxima\u00e7\u00f5es e afetos durante a Pandemia da Covid-19. In: 8\u00ba Congresso de Extens\u00e3o e Cultura da UFPel, 2021, Pelotas. <strong>Anais do 8\u00ba Congresso de Extens\u00e3o e Cultura da UFPel. <\/strong>Pelotas: Ed. da UFPel, 2021. p. 368-371. Dispon\u00edvel em: <a href=\"https:\/\/wp.ufpel.edu.br\/congressoextensao\/files\/2022\/01\/Tema-4-Educacao-2021.pdf\">https:\/\/wp.ufpel.edu.br\/congressoextensao\/files\/2022\/01\/Tema-4-Educacao-2021.pdf<\/a><\/p>\n<p>&nbsp;<\/p>\n<p>COSTA, N. R. ; ZANELLA, A. K. ; ARAUJO, C. S. ; BOTELHO, M. F. ;\u00a0LEITE, Vanessa C.\u00a0. Viv\u00eancias Teatrais em Escolas: AproximA\u00e7\u00f5es em tempos de Pandemia. In: VII Congresso de Extens\u00e3o e Cultura da UFPel, 2020, Pelotas. <strong>Anais do VII Congresso de Extens\u00e3o e Cultura da UFPel.<\/strong> Pelotas: Ed. da UFPel, 2020. p. 671-674. Dispon\u00edvel em: <a href=\"https:\/\/wp.ufpel.edu.br\/congressoextensao\/files\/2020\/12\/Tema-1.pdf\">https:\/\/wp.ufpel.edu.br\/congressoextensao\/files\/2020\/12\/Tema-1.pdf<\/a><\/p>\n<p>&nbsp;<\/p>\n<p>ARAUJO, C. S. ; ZANELLA, A. K. ;\u00a0LEITE, Vanessa C.\u00a0. MEM\u00d3RIAS DO PROJETO VIV\u00caNCIAS TEATRAIS EM ESCOLAS. In: VII Congresso de Extens\u00e3o e Cultura da UFPel, 2020, Pelotas. <strong>Anais do VII Congresso de Extens\u00e3o e Cultura da UFPel. <\/strong>Pelotas: Ed. da UFPel, 2020. p. 675-678. Dispon\u00edvel em: <a href=\"https:\/\/wp.ufpel.edu.br\/congressoextensao\/files\/2020\/12\/Tema-1.pdf\">https:\/\/wp.ufpel.edu.br\/congressoextensao\/files\/2020\/12\/Tema-1.pdf<\/a><\/p>\n<p>&nbsp;<\/p>\n<p>COSTA, N. R. ; ZANELLA, A. K. ;\u00a0LEITE, Vanessa C.\u00a0. Viv\u00eancias Teatrais em Escolas: Um campo de possibilidades no munic\u00edpio de Pedro Os\u00f3rio. In: VI Congresso de Extens\u00e3o e Cultura da UFPEL-5\u00aa Semana Integrada, 2019, Pelotas. <strong>Anais do VI Congresso de Extens\u00e3o e Cultura da UFPEL-5\u00aa Semana Integrada<\/strong>. Pelotas: Ed. da UFPel, 2019. v. 5. p. 459-462. Dispon\u00edvel em: <a href=\"https:\/\/wp.ufpel.edu.br\/congressoextensao\/files\/2019\/11\/Educa%C3%A7%C3%A3o.pdf\">https:\/\/wp.ufpel.edu.br\/congressoextensao\/files\/2019\/11\/Educa%C3%A7%C3%A3o.pdf<\/a><\/p>\n<p>&nbsp;<\/p>\n<p>ARAUJO, C. S. ; ZANELLA, A. K. ;\u00a0LEITE, Vanessa C.\u00a0. A EXPERI\u00caNCIA COMO BOLSISTA NO PROJETO DE EXTENS\u00c3O \u201cVIV\u00caNCIAS TEATRAIS EM ESCOLAS\u201d. In: VI Congresso de Extens\u00e3o e Cultura da UFPEL &#8211; 5\u00aa Semana Integrada, 2019, Pelotas. <strong>Anais do VI Congresso de Extens\u00e3o e Cultura da UFPEL &#8211; 5\u00aa Semana Integrada.<\/strong> Pelotas: Ed. da UFPel, 2019. v. 5. p. 470-472. Dispon\u00edvel em: <a href=\"https:\/\/wp.ufpel.edu.br\/congressoextensao\/files\/2019\/11\/Educa%C3%A7%C3%A3o.pdf\">https:\/\/wp.ufpel.edu.br\/congressoextensao\/files\/2019\/11\/Educa%C3%A7%C3%A3o.pdf<\/a><\/p>\n<p>&nbsp;<\/p>\n<p>CARDONA, P. C. ; GIGANTE, C. L. ; COSTA, N. R. ;\u00a0LEITE, Vanessa C.\u00a0. VIV\u00caNCIAS TEATRAIS EM ESCOLAS: (R)EVOLU\u00c7\u00d5ES DO PROCESSO. In: V congresso de Extens\u00e3o e Cultura da UFPel, 2018, Pelotas. <strong>Anais do V congresso de Extens\u00e3o e Cultura da UFPel. <\/strong>Pelotas: Ed. da UFPel, 2018. v. 5. p. 324-327. Dispon\u00edvel em: <a href=\"https:\/\/wp.ufpel.edu.br\/congressoextensao\/files\/2018\/12\/Educa%C3%A7%C3%A3o.pdf\">https:\/\/wp.ufpel.edu.br\/congressoextensao\/files\/2018\/12\/Educa%C3%A7%C3%A3o.pdf<\/a><\/p>\n<p>&nbsp;<\/p>\n<p>GIGANTE, C. L. ; COSTA, N. R. ; CARDONA, P. C. ;\u00a0LEITE, Vanessa C.\u00a0. IMPACTOS DO TEATRO NA ESCOLA: UMA PERSPECTIVA A PARTIR DE REGISTROS DOS OFICINANDOS. In: V Congresso de Extens\u00e3o e Cultura da UFPel, 2018, Pelotas. <strong>Anais do V Congresso de Extens\u00e3o e Cultura da UFPel.<\/strong> Pelotas: Ed. da UFPel, 2018. v. 5. p. 72-74. Dispon\u00edvel em: <a href=\"https:\/\/wp.ufpel.edu.br\/congressoextensao\/files\/2018\/12\/Cultura.pdf\">https:\/\/wp.ufpel.edu.br\/congressoextensao\/files\/2018\/12\/Cultura.pdf<\/a><\/p>\n<p>&nbsp;<\/p>\n<p>COSTA, N. R. ;LEITE, Vanessa C.\u00a0<strong>.<\/strong> Apresentando o Projeto Viv\u00eancias Teatrais. In: 3\u00aa Semana Integrada de Inova\u00e7\u00e3o, Ensino, Pesquisa e Extens\u00e3o, 2017, Pelotas. <strong>Anais da 3\u00aa Semana Integrada de Inova\u00e7\u00e3o, Ensino, Pesquisa e Extens\u00e3o<\/strong>. Pelotas: UFPEL, 2017. v. 3. p. 374-379. Dispon\u00edvel em: <a href=\"https:\/\/wp.ufpel.edu.br\/congressoextensao\/files\/2018\/07\/Educa%C3%A7%C3%A3o.pdf\">https:\/\/wp.ufpel.edu.br\/congressoextensao\/files\/2018\/07\/Educa%C3%A7%C3%A3o.pdf<\/a><\/p>\n<p>&nbsp;<\/p>\n<p><span style=\"font-size: 18pt;\"><strong>Resumos publicados em anais de congressos<\/strong><\/span><\/p>\n<p>SILVA, Jordan B. da; LEITE, Vanessa C.; ZANELLA, Andrisa K. VIV\u00caNCIAS TEATRAIS EM ESCOLAS: uma jornada de desenvolvimento acad\u00eamico e pessoal. In: <strong>Anais do V Semin\u00e1rio Internacional de Ensino da Arte <\/strong>[recurso eletr\u00f4nico]. Pelotas: Ed. UFPel, 2024. p. 273-274. Dispon\u00edvel em: <a href=\"https:\/\/static.even3.com\/download\/AnaisdoVSIEA_2024_UFPel.6a3216f2e362415e814f.pdf\">https:\/\/static.even3.com\/download\/AnaisdoVSIEA_2024_UFPel.6a3216f2e362415e814f.pdf<\/a><\/p>\n<p>&nbsp;<\/p>\n<p>RASSIER, Catarina L; LEITE, Vanessa C.; ZANELLA, Andrisa K. A RELEV\u00c2NCIA DO PROJETO VIV\u00caNCIAS TEATRAIS EM ESCOLAS NA<br \/>\nFORMA\u00c7\u00c3O DO PROFESSOR DE TEATRO. In: <strong>Anais do V Semin\u00e1rio Internacional de Ensino da Arte <\/strong>[recurso eletr\u00f4nico]. Pelotas: Ed. UFPel, 2024. p. 280-281. Dispon\u00edvel em: <a href=\"https:\/\/static.even3.com\/download\/AnaisdoVSIEA_2024_UFPel.6a3216f2e362415e814f.pdf\">https:\/\/static.even3.com\/download\/AnaisdoVSIEA_2024_UFPel.6a3216f2e362415e814f.pdf<\/a><\/p>\n","protected":false},"excerpt":{"rendered":"<p>Trabalhos completos publicados em anais de congressos ARAUJO, C. S. ; ZANELLA, A. K. ;\u00a0LEITE, Vanessa C.\u00a0; COSTA, N. R. . Cartas para Vanessa: Viv\u00eancias de uma futura professora. In: VI SIMP\u00d3SIO INTERNACIONAL DE G\u00caNERO, ARTE E MEM\u00d3RIA: Protagonismos de Pandora., 2019, Pelotas. ANAIS DO VI SIMP\u00d3SIO INTERNACIONAL DE G\u00caNERO, ARTE E MEM\u00d3RIA: Protagonismos de [&hellip;]<\/p>\n","protected":false},"author":1100,"featured_media":0,"parent":0,"menu_order":0,"comment_status":"closed","ping_status":"closed","template":"","meta":{"footnotes":""},"class_list":["post-127","page","type-page","status-publish","hentry"],"jetpack_sharing_enabled":true,"_links":{"self":[{"href":"https:\/\/wp.ufpel.edu.br\/vivenciasteatraisemescolas\/wp-json\/wp\/v2\/pages\/127","targetHints":{"allow":["GET"]}}],"collection":[{"href":"https:\/\/wp.ufpel.edu.br\/vivenciasteatraisemescolas\/wp-json\/wp\/v2\/pages"}],"about":[{"href":"https:\/\/wp.ufpel.edu.br\/vivenciasteatraisemescolas\/wp-json\/wp\/v2\/types\/page"}],"author":[{"embeddable":true,"href":"https:\/\/wp.ufpel.edu.br\/vivenciasteatraisemescolas\/wp-json\/wp\/v2\/users\/1100"}],"replies":[{"embeddable":true,"href":"https:\/\/wp.ufpel.edu.br\/vivenciasteatraisemescolas\/wp-json\/wp\/v2\/comments?post=127"}],"version-history":[{"count":10,"href":"https:\/\/wp.ufpel.edu.br\/vivenciasteatraisemescolas\/wp-json\/wp\/v2\/pages\/127\/revisions"}],"predecessor-version":[{"id":773,"href":"https:\/\/wp.ufpel.edu.br\/vivenciasteatraisemescolas\/wp-json\/wp\/v2\/pages\/127\/revisions\/773"}],"wp:attachment":[{"href":"https:\/\/wp.ufpel.edu.br\/vivenciasteatraisemescolas\/wp-json\/wp\/v2\/media?parent=127"}],"curies":[{"name":"wp","href":"https:\/\/api.w.org\/{rel}","templated":true}]}}