{"id":7,"date":"2025-12-29T19:09:22","date_gmt":"2025-12-29T22:09:22","guid":{"rendered":"https:\/\/wp.ufpel.edu.br\/vielbpgg\/?page_id=7"},"modified":"2026-03-31T14:35:00","modified_gmt":"2026-03-31T17:35:00","slug":"programacao","status":"publish","type":"page","link":"https:\/\/wp.ufpel.edu.br\/vielbpgg\/programacao\/","title":{"rendered":"Programa\u00e7\u00e3o"},"content":{"rendered":"<p><img loading=\"lazy\" decoding=\"async\" class=\" wp-image-138 aligncenter\" src=\"https:\/\/wp.ufpel.edu.br\/vielbpgg\/files\/2026\/01\/programacao-400x179.jpg\" alt=\"\" width=\"820\" height=\"367\" srcset=\"https:\/\/wp.ufpel.edu.br\/vielbpgg\/files\/2026\/01\/programacao-400x179.jpg 400w, https:\/\/wp.ufpel.edu.br\/vielbpgg\/files\/2026\/01\/programacao-768x343.jpg 768w, https:\/\/wp.ufpel.edu.br\/vielbpgg\/files\/2026\/01\/programacao-600x268.jpg 600w, https:\/\/wp.ufpel.edu.br\/vielbpgg\/files\/2026\/01\/programacao-945x422.jpg 945w, https:\/\/wp.ufpel.edu.br\/vielbpgg\/files\/2026\/01\/programacao.jpg 974w\" sizes=\"auto, (max-width: 820px) 100vw, 820px\" \/><\/p>\n<p><img loading=\"lazy\" decoding=\"async\" class=\" wp-image-177 aligncenter\" src=\"https:\/\/wp.ufpel.edu.br\/vielbpgg\/files\/2026\/03\/programacao-400x184.png\" alt=\"\" width=\"826\" height=\"380\" srcset=\"https:\/\/wp.ufpel.edu.br\/vielbpgg\/files\/2026\/03\/programacao-400x184.png 400w, https:\/\/wp.ufpel.edu.br\/vielbpgg\/files\/2026\/03\/programacao-600x276.png 600w, https:\/\/wp.ufpel.edu.br\/vielbpgg\/files\/2026\/03\/programacao.png 652w\" sizes=\"auto, (max-width: 826px) 100vw, 826px\" \/><\/p>\n<p style=\"text-align: center;\">Obs: A programa\u00e7\u00e3o detalhada, incluindo os trabalhos de campo, ser\u00e1 divulgada nas circulares seguintes.<\/p>\n","protected":false},"excerpt":{"rendered":"<p>Obs: A programa\u00e7\u00e3o detalhada, incluindo os trabalhos de campo, ser\u00e1 divulgada nas circulares seguintes.<\/p>\n","protected":false},"author":1533,"featured_media":0,"parent":0,"menu_order":2,"comment_status":"closed","ping_status":"closed","template":"","meta":{"footnotes":""},"class_list":["post-7","page","type-page","status-publish","hentry"],"_links":{"self":[{"href":"https:\/\/wp.ufpel.edu.br\/vielbpgg\/wp-json\/wp\/v2\/pages\/7","targetHints":{"allow":["GET"]}}],"collection":[{"href":"https:\/\/wp.ufpel.edu.br\/vielbpgg\/wp-json\/wp\/v2\/pages"}],"about":[{"href":"https:\/\/wp.ufpel.edu.br\/vielbpgg\/wp-json\/wp\/v2\/types\/page"}],"author":[{"embeddable":true,"href":"https:\/\/wp.ufpel.edu.br\/vielbpgg\/wp-json\/wp\/v2\/users\/1533"}],"replies":[{"embeddable":true,"href":"https:\/\/wp.ufpel.edu.br\/vielbpgg\/wp-json\/wp\/v2\/comments?post=7"}],"version-history":[{"count":4,"href":"https:\/\/wp.ufpel.edu.br\/vielbpgg\/wp-json\/wp\/v2\/pages\/7\/revisions"}],"predecessor-version":[{"id":178,"href":"https:\/\/wp.ufpel.edu.br\/vielbpgg\/wp-json\/wp\/v2\/pages\/7\/revisions\/178"}],"wp:attachment":[{"href":"https:\/\/wp.ufpel.edu.br\/vielbpgg\/wp-json\/wp\/v2\/media?parent=7"}],"curies":[{"name":"wp","href":"https:\/\/api.w.org\/{rel}","templated":true}]}}