{"id":37,"date":"2024-04-05T20:27:59","date_gmt":"2024-04-05T23:27:59","guid":{"rendered":"https:\/\/wp.ufpel.edu.br\/vieifi\/?page_id=37"},"modified":"2024-09-20T15:11:06","modified_gmt":"2024-09-20T18:11:06","slug":"pelotas","status":"publish","type":"page","link":"https:\/\/wp.ufpel.edu.br\/vieifi\/pelotas\/","title":{"rendered":"INFORMA\u00c7\u00d5ES SOBRE PELOTAS"},"content":{"rendered":"<header class=\"vl-main-header\">\n<h1 style=\"text-align: justify;\"><strong style=\"font-size: 24px;\">Como chegar?<\/strong><\/h1>\n<\/header>\n<article id=\"post-138\" class=\"vl-article-content post-138 page type-page status-publish hentry\">\n<div class=\"entry-content\">\n<p style=\"text-align: justify;\">O munic\u00edpio de Pelotas est\u00e1 localizado a 260 quil\u00f4metros da capital, Porto Alegre. As companhias a\u00e9reas Gol e Azul operam voos para Pelotas, enquanto o deslocamento terrestre, para quem chega ao Rio Grande do Sul por Porto Alegre, \u00e9 realizado pela empresa Expresso Embaixador. Mais informa\u00e7\u00f5es podem ser consultadas nas p\u00e1ginas do aeroporto de Pelotas (<a href=\"https:\/\/www.ccraeroportos.com.br\/pelotas-rs\">https:\/\/www.ccraeroportos.com.br\/pelotas-rs<\/a>) e da Expresso Embaixador (<a href=\"https:\/\/www.expressoembaixador.com.br\/\">https:\/\/www.expressoembaixador.com.br\/<\/a>).<\/p>\n<p style=\"text-align: justify;\"><img loading=\"lazy\" decoding=\"async\" class=\"size-medium wp-image-140 aligncenter\" src=\"https:\/\/wp.ufpel.edu.br\/escravidaoeliberdade2023\/files\/2023\/03\/Mapa-1-400x391.png\" sizes=\"auto, (max-width: 400px) 100vw, 400px\" srcset=\"https:\/\/wp.ufpel.edu.br\/escravidaoeliberdade2023\/files\/2023\/03\/Mapa-1-400x391.png 400w, https:\/\/wp.ufpel.edu.br\/escravidaoeliberdade2023\/files\/2023\/03\/Mapa-1.png 470w\" alt=\"\" width=\"400\" height=\"391\" \/><\/p>\n<h3 style=\"text-align: justify;\"><strong>Onde se hospedar?<\/strong><\/h3>\n<p style=\"text-align: justify;\"><strong>\u00a0HOT\u00c9IS<\/strong><\/p>\n<p style=\"text-align: justify;\"><strong>Jacques Georges Tower<\/strong><\/p>\n<p style=\"text-align: justify;\">Rua Almirante Barroso, 2069 \u2013 Centro<\/p>\n<p style=\"text-align: justify;\"><strong>Jacques Georges Hotel<\/strong><\/p>\n<p style=\"text-align: justify;\">Rua Gon\u00e7alves Chaves, 512\u00a0\u2013 Centro<\/p>\n<p style=\"text-align: justify;\"><strong>Curi Palace Hotel<\/strong><\/p>\n<p style=\"text-align: justify;\">Rua General Neto, 1279 \u2013 Centro<\/p>\n<p style=\"text-align: justify;\"><strong>Hotel Curi Executive<\/strong><\/p>\n<p style=\"text-align: justify;\">Rua General Os\u00f3rio, 719 \u2013 Centro<\/p>\n<p style=\"text-align: justify;\"><strong>Hotel Alles Blau<\/strong><\/p>\n<p style=\"text-align: justify;\">Rua Sete de Setembro, 354 \u2013 Centro<\/p>\n<p style=\"text-align: justify;\"><strong>Hotel Manta<\/strong><\/p>\n<p style=\"text-align: justify;\">Rua General Neto, 1131 \u2013 Centro<\/p>\n<p style=\"text-align: justify;\"><strong>M.Tower Hotel<\/strong><\/p>\n<p style=\"text-align: justify;\">Rua Felix da Cunha, 213 \u2013 Centro<\/p>\n<p style=\"text-align: justify;\"><strong>Hotel Estoril<\/strong><\/p>\n<p style=\"text-align: justify;\">Rua General Os\u00f3rio, 718 \u2013 Centro<\/p>\n<p style=\"text-align: justify;\"><strong>Prov\u00edncia Casa Hotel<\/strong><\/p>\n<p style=\"text-align: justify;\">Avenida Adolfo Fetter, 2994 \u2013 Recanto de Portugal<\/p>\n<p style=\"text-align: justify;\"><strong>HOSTELS E POUSADAS<\/strong><\/p>\n<p style=\"text-align: justify;\"><strong>Pousada do Estudante<\/strong><\/p>\n<p style=\"text-align: justify;\">Rua 15 de Novembro, 311 \u2013 Centro<\/p>\n<p style=\"text-align: justify;\"><strong>Vila Santa Eul\u00e1lia Hostel e Pousada<\/strong><\/p>\n<p style=\"text-align: justify;\">Rua Quinze de Novembro, 209 \u2013 Centro<\/p>\n<p style=\"text-align: justify;\"><strong>Hello Hostel Pelotas<\/strong><\/p>\n<p style=\"text-align: justify;\">Rua Quinze de Novembro, 958\u00a0\u2013 Centro<\/p>\n<p style=\"text-align: justify;\"><strong>Hostel Ateli\u00ea Marli Marques<\/strong><\/p>\n<p style=\"text-align: justify;\">Rua Padre Ozy, 51 \u2013 Centro<\/p>\n<p style=\"text-align: justify;\"><strong>Pousada Brum<\/strong><\/p>\n<p style=\"text-align: justify;\">Rua Bar\u00e3o de Santa Tecla, 119 \u2013 Centro<\/p>\n<p style=\"text-align: justify;\"><strong>Pelotas Bier Hostel<\/strong><\/p>\n<p style=\"text-align: justify;\">Rua F\u00e9lix da Cunha, 568 \u2013 Centro<\/p>\n<h3 style=\"text-align: justify;\"><strong>Localiza\u00e7\u00e3o das atividades do VI EIFI<\/strong><\/h3>\n<p style=\"text-align: justify;\">Campos das Ci\u00eancias Humanas e Sociais (CCHS).<\/p>\n<p style=\"text-align: justify;\">Centro de Pesquisa e P\u00f3s-Gradua\u00e7\u00e3o (CEHUS) segundo andar da Biblioteca das Ci\u00eancias Sociais.<\/p>\n<p style=\"text-align: justify;\">Instituto de Ci\u00eancias Humanas (ICH).<\/p>\n<p style=\"text-align: justify;\">Rua Alberto Rosa, 154.<\/p>\n<p style=\"text-align: justify;\"><img loading=\"lazy\" decoding=\"async\" class=\" wp-image-141 aligncenter\" src=\"https:\/\/wp.ufpel.edu.br\/escravidaoeliberdade2023\/files\/2023\/03\/mapa-2-400x197.png\" sizes=\"auto, (max-width: 686px) 100vw, 686px\" srcset=\"https:\/\/wp.ufpel.edu.br\/escravidaoeliberdade2023\/files\/2023\/03\/mapa-2-400x197.png 400w, https:\/\/wp.ufpel.edu.br\/escravidaoeliberdade2023\/files\/2023\/03\/mapa-2-768x379.png 768w, https:\/\/wp.ufpel.edu.br\/escravidaoeliberdade2023\/files\/2023\/03\/mapa-2.png 886w\" alt=\"\" width=\"686\" height=\"338\" \/><\/p>\n<h3 style=\"text-align: justify;\"><strong>Museus<\/strong><\/h3>\n<p style=\"text-align: justify;\"><strong>Museu do Doce<\/strong><\/p>\n<p style=\"text-align: justify;\">Pra\u00e7a Cel. Pedro Os\u00f3rio, Casar\u00e3o 8 \u2013 Centro<\/p>\n<p style=\"text-align: justify;\"><a href=\"https:\/\/wp.ufpel.edu.br\/museudodoce\/\">https:\/\/wp.ufpel.edu.br\/museudodoce\/<\/a><\/p>\n<p style=\"text-align: justify;\"><strong>Museu de Arte Leopoldo Gotuzzo<\/strong><\/p>\n<p style=\"text-align: justify;\">Pra\u00e7a 7 de Julho, 180 \u2013 Centro<\/p>\n<p style=\"text-align: justify;\"><a href=\"https:\/\/wp.ufpel.edu.br\/malg\/\">https:\/\/wp.ufpel.edu.br\/malg\/<\/a><\/p>\n<p style=\"text-align: justify;\"><strong>Museu de Ci\u00eancias Naturais Carlos Ritter<\/strong><\/p>\n<p style=\"text-align: justify;\">Pra\u00e7a Cel. Pedro Os\u00f3rio, 1 \u2013 Centro<\/p>\n<p style=\"text-align: justify;\"><a href=\"https:\/\/wp.ufpel.edu.br\/carlosritter\/\">https:\/\/wp.ufpel.edu.br\/carlosritter\/<\/a><\/p>\n<p style=\"text-align: justify;\"><strong>Museu da Baronesa<\/strong><\/p>\n<p style=\"text-align: justify;\">Av. Domingos de Almeida, 1490 \u2013 Areal<\/p>\n<p style=\"text-align: justify;\">(atualmente fechado para restaura\u00e7\u00e3o)<\/p>\n<p style=\"text-align: justify;\">Para saber mais sobre outros museus, cole\u00e7\u00f5es, acervos e museus virtuais, consulte a p\u00e1gina da Rede de Museus da UFPel:<\/p>\n<p style=\"text-align: justify;\"><a href=\"https:\/\/wp.ufpel.edu.br\/rededemuseusdaufpel\/\">https:\/\/wp.ufpel.edu.br\/rededemuseusdaufpel\/<\/a><\/p>\n<p style=\"text-align: justify;\">Informa\u00e7\u00f5es tur\u00edsticas de Pelotas, consulte:<\/p>\n<p style=\"text-align: justify;\"><a href=\"https:\/\/www.pelotasturismo.com.br\/\">https:\/\/www.pelotasturismo.com.br\/<\/a><\/p>\n<p style=\"text-align: justify;\">Para saber mais sobre a hist\u00f3ria de Pelotas e sobre a Universidade Federal de Pelotas, consulte as seguintes p\u00e1ginas:<\/p>\n<p style=\"text-align: justify;\"><a href=\"https:\/\/www.pelotas.com.br\/cidade\/historia\">https:\/\/www.pelotas.com.br\/cidade\/historia<\/a><\/p>\n<p style=\"text-align: justify;\"><a href=\"https:\/\/portal.ufpel.edu.br\/\">https:\/\/portal.ufpel.edu.br\/<\/a><\/p>\n<p style=\"text-align: justify;\"><a href=\"https:\/\/wp.ufpel.edu.br\/ndh\/\">https:\/\/wp.ufpel.edu.br\/ndh\/<\/a><\/p>\n<p style=\"text-align: justify;\"><a href=\"https:\/\/wp.ufpel.edu.br\/ndh\/publicacoes\/\">https:\/\/wp.ufpel.edu.br\/ndh\/publicacoes\/<\/a><\/p>\n<p style=\"text-align: justify;\"><a href=\"https:\/\/wp.ufpel.edu.br\/ppgh\/\">https:\/\/wp.ufpel.edu.br\/ppgh\/<\/a><\/p>\n<\/div>\n<\/article>\n","protected":false},"excerpt":{"rendered":"<p>Como chegar? O munic\u00edpio de Pelotas est\u00e1 localizado a 260 quil\u00f4metros da capital, Porto Alegre. As companhias a\u00e9reas Gol e Azul operam voos para Pelotas, enquanto o deslocamento terrestre, para quem chega ao Rio Grande do Sul por Porto Alegre, \u00e9 realizado pela empresa Expresso Embaixador. Mais informa\u00e7\u00f5es podem ser consultadas nas p\u00e1ginas do aeroporto [&hellip;]<\/p>\n","protected":false},"author":1007,"featured_media":0,"parent":0,"menu_order":0,"comment_status":"closed","ping_status":"closed","template":"","meta":{"footnotes":""},"class_list":["post-37","page","type-page","status-publish","hentry"],"_links":{"self":[{"href":"https:\/\/wp.ufpel.edu.br\/vieifi\/wp-json\/wp\/v2\/pages\/37","targetHints":{"allow":["GET"]}}],"collection":[{"href":"https:\/\/wp.ufpel.edu.br\/vieifi\/wp-json\/wp\/v2\/pages"}],"about":[{"href":"https:\/\/wp.ufpel.edu.br\/vieifi\/wp-json\/wp\/v2\/types\/page"}],"author":[{"embeddable":true,"href":"https:\/\/wp.ufpel.edu.br\/vieifi\/wp-json\/wp\/v2\/users\/1007"}],"replies":[{"embeddable":true,"href":"https:\/\/wp.ufpel.edu.br\/vieifi\/wp-json\/wp\/v2\/comments?post=37"}],"version-history":[{"count":4,"href":"https:\/\/wp.ufpel.edu.br\/vieifi\/wp-json\/wp\/v2\/pages\/37\/revisions"}],"predecessor-version":[{"id":210,"href":"https:\/\/wp.ufpel.edu.br\/vieifi\/wp-json\/wp\/v2\/pages\/37\/revisions\/210"}],"wp:attachment":[{"href":"https:\/\/wp.ufpel.edu.br\/vieifi\/wp-json\/wp\/v2\/media?parent=37"}],"curies":[{"name":"wp","href":"https:\/\/api.w.org\/{rel}","templated":true}]}}