{"id":30,"date":"2024-04-05T17:43:39","date_gmt":"2024-04-05T20:43:39","guid":{"rendered":"https:\/\/wp.ufpel.edu.br\/vieifi\/?page_id=30"},"modified":"2025-03-05T20:51:59","modified_gmt":"2025-03-05T23:51:59","slug":"inscricoes","status":"publish","type":"page","link":"https:\/\/wp.ufpel.edu.br\/vieifi\/inscricoes\/","title":{"rendered":"INSCRI\u00c7\u00d5ES"},"content":{"rendered":"<h5 style=\"text-align: center;\">PROGRAMA\u00c7\u00c3O SIMP\u00d3SIOS TEM\u00c1TICOS<\/h5>\n<p style=\"text-align: center;\"><a href=\"https:\/\/drive.google.com\/file\/d\/10-xp7AYLuzUWMFmvPs4_0ntfU0zHpq7H\/view?usp=sharing\">Programa\u00e7\u00e3o STs VI EIFI (atualizada) &#8211; clique aqui<\/a><\/p>\n<p style=\"text-align: center;\"><a href=\"https:\/\/drive.google.com\/file\/d\/1am8s2Bi6e_lwYSn8T9yvzINxIR6eVqFM\/view?usp=sharing\">SALAS DAS SESS\u00d5ES DOS SIMP\u00d3SIOS TEM\u00c1TICOS &#8211; clique aqui<\/a><\/p>\n<h5 style=\"text-align: center;\"><strong>ORIENTA\u00c7\u00d5ES PARA APRESENTA\u00c7\u00d5ES DE TRABALHOS EM STs<\/strong><\/h5>\n<p>1. O tempo de apresenta\u00e7\u00e3o ser\u00e1 de 15min.<br \/>\n2. As apresenta\u00e7\u00f5es ser\u00e3o separadas em blocos com espa\u00e7o para debate ao final de cada bloco.<br \/>\n3. Os coordenadores ficar\u00e3o respons\u00e1veis por enviar o link para as apresenta\u00e7\u00f5es remotas.<br \/>\n4. A Comiss\u00e3o Organizadora n\u00e3o garante que todas as salas ter\u00e3o computador, assim, na medida do poss\u00edvel, solicitamos que cada comunicador traga o seu notebook. Caso isso n\u00e3o seja poss\u00edvel, os\/as apresentadores\/as dever\u00e3o trazer suas apresenta\u00e7\u00f5es salvas em pen-drive.<br \/>\n5. Ser\u00e1 disponibilizado um template para as apresenta\u00e7\u00f5es. <a href=\"https:\/\/docs.google.com\/presentation\/d\/1fhzvo-ptBcJUAJ_moyYzMwk98nw_aYah\/edit?usp=sharing&amp;ouid=105061265692750300853&amp;rtpof=true&amp;sd=true\">Sugest\u00e3o de template &#8211; clique aqui.<\/a><\/p>\n<p style=\"text-align: justify;\">AOS COMUNICADORES E COMUNICADORAS QUE DESEJAREM ENVIAR O TEXTO COMPLETO, SEGUEM ALGUMAS INFORMA\u00c7\u00d5ES:<\/p>\n<p>1. Somente textos de comunicadores que, de fato, apresentarem seus trabalhos ser\u00e3o publicados.<\/p>\n<p>2. Os coordenadores dos STs far\u00e3o uma sele\u00e7\u00e3o de trabalhos para uma poss\u00edvel publica\u00e7\u00e3o em e-book. Nestes casos, os\/as autores\/as ser\u00e3o comunicados por e-mail. Os demais trabalhos ser\u00e3o publicados em Anais.<\/p>\n<p>3. O trabalho dever\u00e1 ser enviado diretamente para o e-mail: encontrofronteiraseidentidades@gmail.com<\/p>\n<p>4. Prazo para envio do texto: 30\/03\/2025<\/p>\n<p>5. Prazo para a publica\u00e7\u00e3o: julho de 2025<\/p>\n<p>6. O texto dever\u00e1 seguir os seguintes par\u00e2metros:<br \/>\na) T\u00edtulo: No m\u00e1ximo duas linhas.<br \/>\nb) Autoria: Nome completo, trazendo, em nota de rodap\u00e9 refer\u00eancias (institui\u00e7\u00e3o de origem, titula\u00e7\u00e3o, programa de p\u00f3s-gradua\u00e7\u00e3o a que est\u00e1 ligado e ag\u00eancia financiadora, quando for o caso, e e-mail para contato).<br \/>\nc) Extens\u00e3o: no m\u00ednimo oito p\u00e1ginas e, no m\u00e1ximo, 12 p\u00e1ginas, inclu\u00eddas imagens, tabelas, quadros e refer\u00eancias bibliogr\u00e1ficas.<br \/>\nd) Fonte Times New Roman, 12, espa\u00e7o 1,5.<br \/>\ne) Cita\u00e7\u00f5es com mais tr\u00eas linhas devem ser recuadas em 4 cm, com fonte 11, espa\u00e7o simples.<br \/>\nf) As refer\u00eancias das mesmas devem constar no corpo do texto (e n\u00e3o em nota de rodap\u00e9 ou nota de fim), entre par\u00eanteses, no modelo autor-data, indicando sobrenome do autor, data de publica\u00e7\u00e3o e p\u00e1ginas citadas, por exemplo: (Loner, 2010, p. 15).<br \/>\nNotas de rodap\u00e9: Quando necess\u00e1rias, devem ter apenas car\u00e1ter explicativo e\/ou aditivo. Devem ser numeradas sequencialmente em espa\u00e7o simples, Times New Roman, 9. Caso nas notas de rodap\u00e9 houver refer\u00eancias bibliogr\u00e1ficas estas devem seguir o modelo autor-data.<br \/>\nTabelas: No caso de utiliza\u00e7\u00e3o de tabelas, elas devem ser digitadas seguindo a formata\u00e7\u00e3o de Tabela do Word.<br \/>\nImagens: As imagens devem ser anexadas no corpo do texto, respeitado o local de sua inser\u00e7\u00e3o pelo autor. Devem estar em formato JPEG ou TIF, escaneadas em 300 DPI.<br \/>\ng) O texto enviado deve ser in\u00e9dito no pa\u00eds e sua remessa indica que o autor\/a concorda com a cess\u00e3o dos direitos autorais para a publica\u00e7\u00e3o.<br \/>\nh) O texto dever\u00e1 ser enviado no formato .doc<br \/>\ni) Solicita-se aos autores uma criteriosa revis\u00e3o de portugu\u00eas.<br \/>\nj) Refer\u00eancias Bibliogr\u00e1ficas conforme ABNT, seguindo os seguintes modelos:<br \/>\nCap\u00edtulos de livros: SOBRENOME, Nome. T\u00edtulo do cap\u00edtulo. In: SOBRENOME, Nome. T\u00edtulo do livro. Subt\u00edtulo. Tradu\u00e7\u00e3o, se houver. Cidade: Editora, Ano, n\u00famero inicial e n\u00famero final das p\u00e1ginas do cap\u00edtulo.<br \/>\nArtigos: SOBRENOME, Nome. T\u00edtulo do artigo. Nome do peri\u00f3dico. Cidade: editora, volume, n\u00famero, m\u00eas(es), n\u00famero inicial e n\u00famero final das p\u00e1ginas do artigo, ano.<br \/>\nSites: Autor e t\u00edtulo (se houver). Dispon\u00edvel em: www\u2026 Acessado em dd\/mm\/aaaa.<br \/>\nDemais refer\u00eancias devem seguir estritamente as normas da ABNT para trabalhos cient\u00edficos.<\/p>\n","protected":false},"excerpt":{"rendered":"<p>PROGRAMA\u00c7\u00c3O SIMP\u00d3SIOS TEM\u00c1TICOS Programa\u00e7\u00e3o STs VI EIFI (atualizada) &#8211; clique aqui SALAS DAS SESS\u00d5ES DOS SIMP\u00d3SIOS TEM\u00c1TICOS &#8211; clique aqui ORIENTA\u00c7\u00d5ES PARA APRESENTA\u00c7\u00d5ES DE TRABALHOS EM STs 1. O tempo de apresenta\u00e7\u00e3o ser\u00e1 de 15min. 2. As apresenta\u00e7\u00f5es ser\u00e3o separadas em blocos com espa\u00e7o para debate ao final de cada bloco. 3. Os coordenadores ficar\u00e3o [&hellip;]<\/p>\n","protected":false},"author":1007,"featured_media":0,"parent":0,"menu_order":0,"comment_status":"closed","ping_status":"closed","template":"","meta":{"footnotes":""},"class_list":["post-30","page","type-page","status-publish","hentry"],"_links":{"self":[{"href":"https:\/\/wp.ufpel.edu.br\/vieifi\/wp-json\/wp\/v2\/pages\/30","targetHints":{"allow":["GET"]}}],"collection":[{"href":"https:\/\/wp.ufpel.edu.br\/vieifi\/wp-json\/wp\/v2\/pages"}],"about":[{"href":"https:\/\/wp.ufpel.edu.br\/vieifi\/wp-json\/wp\/v2\/types\/page"}],"author":[{"embeddable":true,"href":"https:\/\/wp.ufpel.edu.br\/vieifi\/wp-json\/wp\/v2\/users\/1007"}],"replies":[{"embeddable":true,"href":"https:\/\/wp.ufpel.edu.br\/vieifi\/wp-json\/wp\/v2\/comments?post=30"}],"version-history":[{"count":33,"href":"https:\/\/wp.ufpel.edu.br\/vieifi\/wp-json\/wp\/v2\/pages\/30\/revisions"}],"predecessor-version":[{"id":288,"href":"https:\/\/wp.ufpel.edu.br\/vieifi\/wp-json\/wp\/v2\/pages\/30\/revisions\/288"}],"wp:attachment":[{"href":"https:\/\/wp.ufpel.edu.br\/vieifi\/wp-json\/wp\/v2\/media?parent=30"}],"curies":[{"name":"wp","href":"https:\/\/api.w.org\/{rel}","templated":true}]}}