{"id":66,"date":"2014-05-16T16:37:21","date_gmt":"2014-05-16T19:37:21","guid":{"rendered":"https:\/\/wp.ufpel.edu.br\/veterinaria\/?page_id=66"},"modified":"2022-05-13T14:51:35","modified_gmt":"2022-05-13T17:51:35","slug":"graduacao","status":"publish","type":"page","link":"https:\/\/wp.ufpel.edu.br\/veterinaria\/graduacao\/","title":{"rendered":"Gradua\u00e7\u00e3o"},"content":{"rendered":"<p><span style=\"font-family: 'times new roman', times, serif; font-size: 12pt;\">Para acessar a p\u00e1gina do Colegiado do Curso de Medicina Veterin\u00e1ria, clique <a href=\"https:\/\/wp.ufpel.edu.br\/medvet\/\" target=\"_blank\" rel=\"noopener\">AQUI<\/a><\/span><\/p>\n<p><span style=\"font-family: 'times new roman', times, serif; font-size: 12pt;\">Guia do Calouro em Medicina Veterin\u00e1ria (\u00c1reas da Medicina Veterin\u00e1ria), clique <a href=\"https:\/\/wp.ufpel.edu.br\/veterinaria\/files\/2022\/05\/Guia-do-calouro-Iniciacao-veterinaria-7.pdf\" target=\"_blank\" rel=\"noopener\">AQUI<\/a>\u00a0<\/span><\/p>\n<p><span style=\"font-family: 'comic sans ms', sans-serif; font-size: 12pt;\"><span style=\"font-family: 'times new roman', times, serif;\">Rol de Docentes do Curso de Medicina Veterin\u00e1ria, clique <a href=\"https:\/\/wp.ufpel.edu.br\/veterinaria\/files\/2022\/05\/rol-docentes-fac-veterinaria-6.pdf\" target=\"_blank\" rel=\"noopener\">AQUI<\/a><\/span>\u00a0<\/span><\/p>\n","protected":false},"excerpt":{"rendered":"<p>Para acessar a p\u00e1gina do Colegiado do Curso de Medicina Veterin\u00e1ria, clique AQUI Guia do Calouro em Medicina Veterin\u00e1ria (\u00c1reas da Medicina Veterin\u00e1ria), clique AQUI\u00a0 Rol de Docentes do Curso de Medicina Veterin\u00e1ria, clique AQUI\u00a0<\/p>\n","protected":false},"author":381,"featured_media":0,"parent":0,"menu_order":3,"comment_status":"closed","ping_status":"closed","template":"","meta":{"footnotes":""},"class_list":["post-66","page","type-page","status-publish","hentry"],"_links":{"self":[{"href":"https:\/\/wp.ufpel.edu.br\/veterinaria\/wp-json\/wp\/v2\/pages\/66","targetHints":{"allow":["GET"]}}],"collection":[{"href":"https:\/\/wp.ufpel.edu.br\/veterinaria\/wp-json\/wp\/v2\/pages"}],"about":[{"href":"https:\/\/wp.ufpel.edu.br\/veterinaria\/wp-json\/wp\/v2\/types\/page"}],"author":[{"embeddable":true,"href":"https:\/\/wp.ufpel.edu.br\/veterinaria\/wp-json\/wp\/v2\/users\/381"}],"replies":[{"embeddable":true,"href":"https:\/\/wp.ufpel.edu.br\/veterinaria\/wp-json\/wp\/v2\/comments?post=66"}],"version-history":[{"count":9,"href":"https:\/\/wp.ufpel.edu.br\/veterinaria\/wp-json\/wp\/v2\/pages\/66\/revisions"}],"predecessor-version":[{"id":1006,"href":"https:\/\/wp.ufpel.edu.br\/veterinaria\/wp-json\/wp\/v2\/pages\/66\/revisions\/1006"}],"wp:attachment":[{"href":"https:\/\/wp.ufpel.edu.br\/veterinaria\/wp-json\/wp\/v2\/media?parent=66"}],"curies":[{"name":"wp","href":"https:\/\/api.w.org\/{rel}","templated":true}]}}