{"id":251,"date":"2014-05-19T16:44:05","date_gmt":"2014-05-19T19:44:05","guid":{"rendered":"https:\/\/wp.ufpel.edu.br\/veterinaria\/?page_id=251"},"modified":"2014-05-23T12:25:08","modified_gmt":"2014-05-23T15:25:08","slug":"repropel","status":"publish","type":"page","link":"https:\/\/wp.ufpel.edu.br\/veterinaria\/links\/grupos-de-pesquisa\/repropel\/","title":{"rendered":"REPROPEL"},"content":{"rendered":"<p>Visite o site do N\u00facleo de Ensino e Pesquisa em Reprodu\u00e7\u00e3o Animal &#8211; REPROPEL, atrav\u00e9s do link <a href=\"https:\/\/wp.ufpel.edu.br\/repropel\/\" target=\"_blank\">AQUI<\/a>.<\/p>\n","protected":false},"excerpt":{"rendered":"<p>Visite o site do N\u00facleo de Ensino e Pesquisa em Reprodu\u00e7\u00e3o Animal &#8211; REPROPEL, atrav\u00e9s do link AQUI.<\/p>\n","protected":false},"author":381,"featured_media":0,"parent":174,"menu_order":0,"comment_status":"closed","ping_status":"closed","template":"","meta":{"footnotes":""},"class_list":["post-251","page","type-page","status-publish","hentry"],"_links":{"self":[{"href":"https:\/\/wp.ufpel.edu.br\/veterinaria\/wp-json\/wp\/v2\/pages\/251","targetHints":{"allow":["GET"]}}],"collection":[{"href":"https:\/\/wp.ufpel.edu.br\/veterinaria\/wp-json\/wp\/v2\/pages"}],"about":[{"href":"https:\/\/wp.ufpel.edu.br\/veterinaria\/wp-json\/wp\/v2\/types\/page"}],"author":[{"embeddable":true,"href":"https:\/\/wp.ufpel.edu.br\/veterinaria\/wp-json\/wp\/v2\/users\/381"}],"replies":[{"embeddable":true,"href":"https:\/\/wp.ufpel.edu.br\/veterinaria\/wp-json\/wp\/v2\/comments?post=251"}],"version-history":[{"count":2,"href":"https:\/\/wp.ufpel.edu.br\/veterinaria\/wp-json\/wp\/v2\/pages\/251\/revisions"}],"predecessor-version":[{"id":326,"href":"https:\/\/wp.ufpel.edu.br\/veterinaria\/wp-json\/wp\/v2\/pages\/251\/revisions\/326"}],"up":[{"embeddable":true,"href":"https:\/\/wp.ufpel.edu.br\/veterinaria\/wp-json\/wp\/v2\/pages\/174"}],"wp:attachment":[{"href":"https:\/\/wp.ufpel.edu.br\/veterinaria\/wp-json\/wp\/v2\/media?parent=251"}],"curies":[{"name":"wp","href":"https:\/\/api.w.org\/{rel}","templated":true}]}}