{"id":249,"date":"2014-05-19T16:41:51","date_gmt":"2014-05-19T19:41:51","guid":{"rendered":"https:\/\/wp.ufpel.edu.br\/veterinaria\/?page_id=249"},"modified":"2014-05-23T12:24:14","modified_gmt":"2014-05-23T15:24:14","slug":"micvet","status":"publish","type":"page","link":"https:\/\/wp.ufpel.edu.br\/veterinaria\/links\/grupos-de-pesquisa\/micvet\/","title":{"rendered":"MICVET"},"content":{"rendered":"<p>Visite o site do Centro de Diagn\u00f3stico e Pesquisa em Micologia Veterin\u00e1ria &#8211; MICVET, atrav\u00e9s do link <a href=\"http:\/\/fvet.ufpel.edu.br\/micvet\/site\/\" target=\"_blank\">AQUI<\/a>.<\/p>\n","protected":false},"excerpt":{"rendered":"<p>Visite o site do Centro de Diagn\u00f3stico e Pesquisa em Micologia Veterin\u00e1ria &#8211; MICVET, atrav\u00e9s do link AQUI.<\/p>\n","protected":false},"author":381,"featured_media":0,"parent":174,"menu_order":0,"comment_status":"closed","ping_status":"closed","template":"","meta":{"footnotes":""},"class_list":["post-249","page","type-page","status-publish","hentry"],"_links":{"self":[{"href":"https:\/\/wp.ufpel.edu.br\/veterinaria\/wp-json\/wp\/v2\/pages\/249","targetHints":{"allow":["GET"]}}],"collection":[{"href":"https:\/\/wp.ufpel.edu.br\/veterinaria\/wp-json\/wp\/v2\/pages"}],"about":[{"href":"https:\/\/wp.ufpel.edu.br\/veterinaria\/wp-json\/wp\/v2\/types\/page"}],"author":[{"embeddable":true,"href":"https:\/\/wp.ufpel.edu.br\/veterinaria\/wp-json\/wp\/v2\/users\/381"}],"replies":[{"embeddable":true,"href":"https:\/\/wp.ufpel.edu.br\/veterinaria\/wp-json\/wp\/v2\/comments?post=249"}],"version-history":[{"count":2,"href":"https:\/\/wp.ufpel.edu.br\/veterinaria\/wp-json\/wp\/v2\/pages\/249\/revisions"}],"predecessor-version":[{"id":324,"href":"https:\/\/wp.ufpel.edu.br\/veterinaria\/wp-json\/wp\/v2\/pages\/249\/revisions\/324"}],"up":[{"embeddable":true,"href":"https:\/\/wp.ufpel.edu.br\/veterinaria\/wp-json\/wp\/v2\/pages\/174"}],"wp:attachment":[{"href":"https:\/\/wp.ufpel.edu.br\/veterinaria\/wp-json\/wp\/v2\/media?parent=249"}],"curies":[{"name":"wp","href":"https:\/\/api.w.org\/{rel}","templated":true}]}}