{"id":167,"date":"2014-05-19T09:04:39","date_gmt":"2014-05-19T12:04:39","guid":{"rendered":"https:\/\/wp.ufpel.edu.br\/veterinaria\/?page_id=167"},"modified":"2014-05-23T12:21:36","modified_gmt":"2014-05-23T15:21:36","slug":"hospital-de-clinicas-veterinarias","status":"publish","type":"page","link":"https:\/\/wp.ufpel.edu.br\/veterinaria\/links\/orgaos-acessorios\/hospital-de-clinicas-veterinarias\/","title":{"rendered":"Hospital de Cl\u00ednicas Veterin\u00e1rias"},"content":{"rendered":"<p>Visite o site do Hospital de Cl\u00ednicas Veterin\u00e1rias atrav\u00e9s do link <a href=\"https:\/\/wp.ufpel.edu.br\/hcv\/\" target=\"_blank\">aqui<\/a>.<\/p>\n","protected":false},"excerpt":{"rendered":"<p>Visite o site do Hospital de Cl\u00ednicas Veterin\u00e1rias atrav\u00e9s do link aqui.<\/p>\n","protected":false},"author":381,"featured_media":0,"parent":159,"menu_order":0,"comment_status":"closed","ping_status":"closed","template":"","meta":{"footnotes":""},"class_list":["post-167","page","type-page","status-publish","hentry"],"_links":{"self":[{"href":"https:\/\/wp.ufpel.edu.br\/veterinaria\/wp-json\/wp\/v2\/pages\/167","targetHints":{"allow":["GET"]}}],"collection":[{"href":"https:\/\/wp.ufpel.edu.br\/veterinaria\/wp-json\/wp\/v2\/pages"}],"about":[{"href":"https:\/\/wp.ufpel.edu.br\/veterinaria\/wp-json\/wp\/v2\/types\/page"}],"author":[{"embeddable":true,"href":"https:\/\/wp.ufpel.edu.br\/veterinaria\/wp-json\/wp\/v2\/users\/381"}],"replies":[{"embeddable":true,"href":"https:\/\/wp.ufpel.edu.br\/veterinaria\/wp-json\/wp\/v2\/comments?post=167"}],"version-history":[{"count":3,"href":"https:\/\/wp.ufpel.edu.br\/veterinaria\/wp-json\/wp\/v2\/pages\/167\/revisions"}],"predecessor-version":[{"id":319,"href":"https:\/\/wp.ufpel.edu.br\/veterinaria\/wp-json\/wp\/v2\/pages\/167\/revisions\/319"}],"up":[{"embeddable":true,"href":"https:\/\/wp.ufpel.edu.br\/veterinaria\/wp-json\/wp\/v2\/pages\/159"}],"wp:attachment":[{"href":"https:\/\/wp.ufpel.edu.br\/veterinaria\/wp-json\/wp\/v2\/media?parent=167"}],"curies":[{"name":"wp","href":"https:\/\/api.w.org\/{rel}","templated":true}]}}