{"id":59,"date":"2020-06-12T02:36:17","date_gmt":"2020-06-12T05:36:17","guid":{"rendered":"https:\/\/wp.ufpel.edu.br\/vetcor\/?page_id=59"},"modified":"2020-06-30T18:00:52","modified_gmt":"2020-06-30T21:00:52","slug":"intoxicacoes","status":"publish","type":"page","link":"https:\/\/wp.ufpel.edu.br\/vetcor\/intoxicacoes\/","title":{"rendered":"Intoxica\u00e7\u00f5es"},"content":{"rendered":"<p style=\"text-align: center\"><img loading=\"lazy\" decoding=\"async\" class=\"alignnone  wp-image-340\" src=\"https:\/\/wp.ufpel.edu.br\/vetcor\/files\/2020\/06\/82-400x40.png\" alt=\"\" width=\"1173\" height=\"118\" srcset=\"https:\/\/wp.ufpel.edu.br\/vetcor\/files\/2020\/06\/82-400x40.png 400w, https:\/\/wp.ufpel.edu.br\/vetcor\/files\/2020\/06\/82-1024x102.png 1024w, https:\/\/wp.ufpel.edu.br\/vetcor\/files\/2020\/06\/82-768x77.png 768w, https:\/\/wp.ufpel.edu.br\/vetcor\/files\/2020\/06\/82.png 1349w\" sizes=\"auto, (max-width: 1173px) 100vw, 1173px\" \/><\/p>\n<h2 style=\"text-align: center\"><a href=\"https:\/\/wp.ufpel.edu.br\/vetcor\/2020\/06\/15\/intoxicacao-por-metais-pesados-%e2%80%8b%e2%80%8bem-uma-calopsita-nymphicus-hollandicus\/\" target=\"_top\" rel=\"noopener noreferrer\">Intoxica\u00e7\u00e3o por Metais Pesados \u200b\u200bem uma Calopsita (Nymphicus Hollandicus)<\/a><\/h2>\n<h2 style=\"text-align: center\"><a href=\"https:\/\/wp.ufpel.edu.br\/vetcor\/2020\/06\/15\/complicacoes-do-uso-do-itraconazol-revisao\/\" target=\"_top\" rel=\"noopener noreferrer\">Complica\u00e7\u00f5es do uso do Itraconazol \u2013 Revis\u00e3o<\/a><\/h2>\n<h2 style=\"text-align: center\"><a href=\"https:\/\/wp.ufpel.edu.br\/vetcor\/2020\/06\/15\/para-uma-melhor-compreensao-da-toxicidade-de-ipomoea-asarifolia-evidencias-do-envolvimento-de-uma-lectina-foliar\/\" target=\"_top\" rel=\"noopener noreferrer\">Para uma melhor compreens\u00e3o da toxicidade de Ipomoea asarifolia: Evid\u00eancias do envolvimento de uma lectina foliar<\/a><\/h2>\n<h2 style=\"text-align: center\"><a href=\"https:\/\/wp.ufpel.edu.br\/vetcor\/2020\/06\/15\/o-extrato-da-agua-viva-phyllorhiza-punctata-promove-efeitos-neurotoxicos\/\" target=\"_top\" rel=\"noopener noreferrer\">O extrato da \u00e1gua-viva\u00a0Phyllorhiza punctata\u00a0promove efeitos neurot\u00f3xicos<\/a><\/h2>\n<h2 style=\"text-align: center\"><a href=\"https:\/\/wp.ufpel.edu.br\/vetcor\/2020\/06\/15\/intoxicacao-por-cannabis-sativa-em-paciente-canino-relato-de-caso\/\" target=\"_top\" rel=\"noopener noreferrer\">Intoxica\u00e7\u00e3o por\u00a0Cannabis sativa\u00a0em paciente canino \u2013 relato de caso<\/a><\/h2>\n","protected":false},"excerpt":{"rendered":"<p>Intoxica\u00e7\u00e3o por Metais Pesados \u200b\u200bem uma Calopsita (Nymphicus Hollandicus) Complica\u00e7\u00f5es do uso do Itraconazol \u2013 Revis\u00e3o Para uma melhor compreens\u00e3o da toxicidade de Ipomoea asarifolia: Evid\u00eancias do envolvimento de uma lectina foliar O extrato da \u00e1gua-viva\u00a0Phyllorhiza punctata\u00a0promove efeitos neurot\u00f3xicos Intoxica\u00e7\u00e3o por\u00a0Cannabis sativa\u00a0em paciente canino \u2013 relato de caso<\/p>\n","protected":false},"author":1020,"featured_media":0,"parent":0,"menu_order":0,"comment_status":"closed","ping_status":"closed","template":"","meta":{"footnotes":""},"class_list":["post-59","page","type-page","status-publish","hentry","post"],"_links":{"self":[{"href":"https:\/\/wp.ufpel.edu.br\/vetcor\/wp-json\/wp\/v2\/pages\/59","targetHints":{"allow":["GET"]}}],"collection":[{"href":"https:\/\/wp.ufpel.edu.br\/vetcor\/wp-json\/wp\/v2\/pages"}],"about":[{"href":"https:\/\/wp.ufpel.edu.br\/vetcor\/wp-json\/wp\/v2\/types\/page"}],"author":[{"embeddable":true,"href":"https:\/\/wp.ufpel.edu.br\/vetcor\/wp-json\/wp\/v2\/users\/1020"}],"replies":[{"embeddable":true,"href":"https:\/\/wp.ufpel.edu.br\/vetcor\/wp-json\/wp\/v2\/comments?post=59"}],"version-history":[{"count":5,"href":"https:\/\/wp.ufpel.edu.br\/vetcor\/wp-json\/wp\/v2\/pages\/59\/revisions"}],"predecessor-version":[{"id":342,"href":"https:\/\/wp.ufpel.edu.br\/vetcor\/wp-json\/wp\/v2\/pages\/59\/revisions\/342"}],"wp:attachment":[{"href":"https:\/\/wp.ufpel.edu.br\/vetcor\/wp-json\/wp\/v2\/media?parent=59"}],"curies":[{"name":"wp","href":"https:\/\/api.w.org\/{rel}","templated":true}]}}