{"id":1309,"date":"2021-03-09T18:28:58","date_gmt":"2021-03-09T21:28:58","guid":{"rendered":"https:\/\/wp.ufpel.edu.br\/vertice\/?page_id=1309"},"modified":"2021-03-09T19:34:18","modified_gmt":"2021-03-09T22:34:18","slug":"ppci","status":"publish","type":"page","link":"https:\/\/wp.ufpel.edu.br\/vertice\/ppci\/","title":{"rendered":"PPCI"},"content":{"rendered":"<h1 style=\"text-align: justify\"><span style=\"font-family: tahoma, arial, helvetica, sans-serif\">Projeto de Preven\u00e7\u00e3o contra Inc\u00eandio<\/span><\/h1>\n<h2 style=\"text-align: justify\"><span style=\"font-family: tahoma, arial, helvetica, sans-serif\"><img loading=\"lazy\" decoding=\"async\" class=\"alignnone size-full wp-image-1322\" style=\"font-size: 16px\" src=\"https:\/\/wp.ufpel.edu.br\/vertice\/files\/2021\/03\/fire-extinguisher-min-scaled.jpg\" alt=\"\" width=\"2560\" height=\"1799\" srcset=\"https:\/\/wp.ufpel.edu.br\/vertice\/files\/2021\/03\/fire-extinguisher-min-scaled.jpg 2560w, https:\/\/wp.ufpel.edu.br\/vertice\/files\/2021\/03\/fire-extinguisher-min-400x281.jpg 400w, https:\/\/wp.ufpel.edu.br\/vertice\/files\/2021\/03\/fire-extinguisher-min-1024x720.jpg 1024w, https:\/\/wp.ufpel.edu.br\/vertice\/files\/2021\/03\/fire-extinguisher-min-768x540.jpg 768w, https:\/\/wp.ufpel.edu.br\/vertice\/files\/2021\/03\/fire-extinguisher-min-1536x1079.jpg 1536w, https:\/\/wp.ufpel.edu.br\/vertice\/files\/2021\/03\/fire-extinguisher-min-2048x1439.jpg 2048w\" sizes=\"auto, (max-width: 2560px) 100vw, 2560px\" \/><\/span><\/h2>\n<h2 style=\"text-align: justify\"><span style=\"font-family: tahoma, arial, helvetica, sans-serif\">O que \u00e9 o PPCI?<\/span><\/h2>\n<p style=\"text-align: justify\"><span style=\"font-family: tahoma, arial, helvetica, sans-serif\">O PPCI \u00e9 uma sigla que significa plano de preven\u00e7\u00e3o e prote\u00e7\u00e3o de combate a inc\u00eandio, baseado em um conjunto de a\u00e7\u00f5es que possam garantir a seguran\u00e7a das pessoas. <strong>Esse plano \u00e9 exigido por lei, sendo um documento fiscalizado pelo Corpo de Bombeiros para verificar se as instala\u00e7\u00f5es e implementa\u00e7\u00f5es realizadas no local est\u00e3o de acordo com as normas vigentes.<\/strong><\/span><\/p>\n<p style=\"text-align: justify\"><span style=\"font-family: tahoma, arial, helvetica, sans-serif\">Esse plano de preven\u00e7\u00e3o deve ser realizado para qualquer tipo de estabelecimento comercial, residencial ou industrial que necessite obter o AVCB (Auto de vistoria do corpo de bombeiros) ou CLCB (Certificado de Licenciamento do corpo de bombeiros).<\/span><\/p>\n<h2 style=\"text-align: justify\"><span style=\"font-family: tahoma, arial, helvetica, sans-serif\">Porque eu preciso do PPCI?<\/span><\/h2>\n<p style=\"text-align: justify\"><span style=\"font-family: tahoma, arial, helvetica, sans-serif\">A V\u00e9rtice ir\u00e1 elaborar o PPCI para seu estabelecimento e implantar as medidas de seguran\u00e7a necess\u00e1rias para a preven\u00e7\u00e3o de inc\u00eandios. As medidas ser\u00e3o analisadas pelo Corpo de Bombeiros. Ap\u00f3s a aprova\u00e7\u00e3o do plano o \u00f3rg\u00e3o respons\u00e1vel ir\u00e1 realizar a fiscaliza\u00e7\u00e3o atrav\u00e9s de uma vistoria onde ser\u00e1 verificado se as instala\u00e7\u00f5es est\u00e3o de acordo com o plano aprovado. Os bombeiros ir\u00e3o averiguar o PPCI e poder\u00e3o exigir novas medidas de seguran\u00e7a, al\u00e9m de poderem determinar um per\u00edodo para que as mesmas sejam executadas.<\/span><\/p>\n<p style=\"text-align: justify\"><span style=\"font-family: tahoma, arial, helvetica, sans-serif\"><strong>Esse tipo projeto \u00e9 obrigat\u00f3rio por lei federal e, no caso do Rio Grande do Sul, \u00e9 regulamentado pela lei complementar n\u00ba 14.376 de 2013<\/strong>, atualizada e incrementada devido \u00e0 trag\u00e9dia da Boate Kiss em Santa Maria, sendo assim muitas edifica\u00e7\u00f5es ainda est\u00e3o com o documento desatualizado.<\/span><\/p>\n<p><img loading=\"lazy\" decoding=\"async\" class=\"wp-image-1326 aligncenter\" src=\"https:\/\/wp.ufpel.edu.br\/vertice\/files\/2021\/03\/man-is-reaching-his-hand-to-push-fire-alarm-hand-station-min-scaled.jpg\" alt=\"\" width=\"820\" height=\"546\" srcset=\"https:\/\/wp.ufpel.edu.br\/vertice\/files\/2021\/03\/man-is-reaching-his-hand-to-push-fire-alarm-hand-station-min-scaled.jpg 2560w, https:\/\/wp.ufpel.edu.br\/vertice\/files\/2021\/03\/man-is-reaching-his-hand-to-push-fire-alarm-hand-station-min-400x267.jpg 400w, https:\/\/wp.ufpel.edu.br\/vertice\/files\/2021\/03\/man-is-reaching-his-hand-to-push-fire-alarm-hand-station-min-1024x683.jpg 1024w, https:\/\/wp.ufpel.edu.br\/vertice\/files\/2021\/03\/man-is-reaching-his-hand-to-push-fire-alarm-hand-station-min-768x512.jpg 768w, https:\/\/wp.ufpel.edu.br\/vertice\/files\/2021\/03\/man-is-reaching-his-hand-to-push-fire-alarm-hand-station-min-1536x1024.jpg 1536w, https:\/\/wp.ufpel.edu.br\/vertice\/files\/2021\/03\/man-is-reaching-his-hand-to-push-fire-alarm-hand-station-min-2048x1365.jpg 2048w, https:\/\/wp.ufpel.edu.br\/vertice\/files\/2021\/03\/man-is-reaching-his-hand-to-push-fire-alarm-hand-station-min-272x182.jpg 272w\" sizes=\"auto, (max-width: 820px) 100vw, 820px\" \/><\/p>\n<h2 style=\"text-align: justify\"><span style=\"font-family: tahoma, arial, helvetica, sans-serif\">O que a V\u00e9rtice pode fazer por mim?<\/span><\/h2>\n<p><span style=\"font-family: tahoma, arial, helvetica, sans-serif\">A realiza\u00e7\u00e3o do projeto consiste de visitas t\u00e9cnicas ao local e da<\/span><\/p>\n<p><span style=\"font-family: tahoma, arial, helvetica, sans-serif\">\u00a0representa\u00e7\u00e3o dos elementos de preven\u00e7\u00e3o na planta arquitet\u00f4nica,<strong> tudo isso sob orienta\u00e7\u00e3o, revis\u00e3o e assinatura de um Engenheiro ou Arquiteto formado.<\/strong> Em seguida, fazemos o protocolo junto ao Corpo de Bombeiros para, ent\u00e3o, entregarmos o Plano ao cliente junto de um Memorial Descritivo com recomenda\u00e7\u00f5es para a execu\u00e7\u00e3o do PPCI.<\/span><\/p>\n<p>&nbsp;<\/p>\n<p><img loading=\"lazy\" decoding=\"async\" class=\"wp-image-1327 alignleft\" src=\"https:\/\/wp.ufpel.edu.br\/vertice\/files\/2021\/03\/19198241-min.jpg\" alt=\"\" width=\"203\" height=\"203\" srcset=\"https:\/\/wp.ufpel.edu.br\/vertice\/files\/2021\/03\/19198241-min.jpg 7730w, https:\/\/wp.ufpel.edu.br\/vertice\/files\/2021\/03\/19198241-min-400x400.jpg 400w, https:\/\/wp.ufpel.edu.br\/vertice\/files\/2021\/03\/19198241-min-1024x1024.jpg 1024w, https:\/\/wp.ufpel.edu.br\/vertice\/files\/2021\/03\/19198241-min-768x768.jpg 768w\" sizes=\"auto, (max-width: 203px) 100vw, 203px\" \/><\/p>\n<p><span style=\"font-family: tahoma, arial, helvetica, sans-serif\"><strong>Equip<\/strong><\/span><span style=\"font-family: tahoma, arial, helvetica, sans-serif\"><strong>amentos que\u00a0<\/strong><\/span><strong style=\"font-family: tahoma, arial, helvetica, sans-serif\">podem ser instalados:<\/strong><\/p>\n<p><span style=\"font-family: tahoma, arial, helvetica, sans-serif\">\u2022 Extintores de Inc\u00eandio;<br \/>\n\u2022 Placas de Sinaliza\u00e7\u00e3o;<br \/>\n\u2022 Portas corta Fogo;<br \/>\n\u2022 Sa\u00eddas de Emerg\u00eancia;<br \/>\n\u2022 Hidrantes;<br \/>\n\u2022 L\u00e2mpadas de Emerg\u00eancia;<br \/>\n\u2022 Detector de Fuma\u00e7a e Alarme de inc\u00eandio;<\/span><\/p>\n","protected":false},"excerpt":{"rendered":"<p>Projeto de Preven\u00e7\u00e3o contra Inc\u00eandio O que \u00e9 o PPCI? O PPCI \u00e9 uma sigla que significa plano de preven\u00e7\u00e3o e prote\u00e7\u00e3o de combate a inc\u00eandio, baseado em um conjunto de a\u00e7\u00f5es que possam garantir a seguran\u00e7a das pessoas. Esse plano \u00e9 exigido por lei, sendo um documento fiscalizado pelo Corpo de Bombeiros para verificar [&hellip;]<\/p>\n","protected":false},"author":860,"featured_media":1322,"parent":0,"menu_order":0,"comment_status":"closed","ping_status":"closed","template":"","meta":{"footnotes":""},"class_list":["post-1309","page","type-page","status-publish","has-post-thumbnail","hentry","post","post-with-thumbnail","post-with-thumbnail-large"],"_links":{"self":[{"href":"https:\/\/wp.ufpel.edu.br\/vertice\/wp-json\/wp\/v2\/pages\/1309","targetHints":{"allow":["GET"]}}],"collection":[{"href":"https:\/\/wp.ufpel.edu.br\/vertice\/wp-json\/wp\/v2\/pages"}],"about":[{"href":"https:\/\/wp.ufpel.edu.br\/vertice\/wp-json\/wp\/v2\/types\/page"}],"author":[{"embeddable":true,"href":"https:\/\/wp.ufpel.edu.br\/vertice\/wp-json\/wp\/v2\/users\/860"}],"replies":[{"embeddable":true,"href":"https:\/\/wp.ufpel.edu.br\/vertice\/wp-json\/wp\/v2\/comments?post=1309"}],"version-history":[{"count":7,"href":"https:\/\/wp.ufpel.edu.br\/vertice\/wp-json\/wp\/v2\/pages\/1309\/revisions"}],"predecessor-version":[{"id":1329,"href":"https:\/\/wp.ufpel.edu.br\/vertice\/wp-json\/wp\/v2\/pages\/1309\/revisions\/1329"}],"wp:featuredmedia":[{"embeddable":true,"href":"https:\/\/wp.ufpel.edu.br\/vertice\/wp-json\/wp\/v2\/media\/1322"}],"wp:attachment":[{"href":"https:\/\/wp.ufpel.edu.br\/vertice\/wp-json\/wp\/v2\/media?parent=1309"}],"curies":[{"name":"wp","href":"https:\/\/api.w.org\/{rel}","templated":true}]}}