{"id":8,"date":"2025-04-28T16:45:07","date_gmt":"2025-04-28T19:45:07","guid":{"rendered":"https:\/\/wp.ufpel.edu.br\/unifica\/?page_id=8"},"modified":"2025-06-28T14:34:50","modified_gmt":"2025-06-28T17:34:50","slug":"inscricoes","status":"publish","type":"page","link":"https:\/\/wp.ufpel.edu.br\/unifica\/inscricoes\/","title":{"rendered":"INSCRI\u00c7\u00d5ES"},"content":{"rendered":"<div id=\"pl-8\"  class=\"panel-layout\" ><div id=\"pg-8-0\"  class=\"panel-grid panel-no-style\" ><div id=\"pgc-8-0-0\"  class=\"panel-grid-cell\" ><div id=\"panel-8-0-0-0\" class=\"so-panel widget widget_sow-accordion panel-first-child panel-last-child\" data-index=\"0\" ><div\n\t\t\t\n\t\t\tclass=\"so-widget-sow-accordion so-widget-sow-accordion-default-d9295f5bfa93-8\"\n\t\t\t\n\t\t><div>\n\t<div class=\"sow-accordion\">\n\t\t\t<div class=\"sow-accordion-panel\n\t\t\t\t\"\n\t\t\tdata-anchor-id=\"1-grupos-tematicos\">\n\t\t\t\t<div class=\"sow-accordion-panel-header-container\" role=\"heading\" aria-level=\"2\">\n\t\t\t\t\t<div class=\"sow-accordion-panel-header\" tabindex=\"0\" role=\"button\" id=\"accordion-label-1-grupos-tem%c3%a1ticos\" aria-controls=\"accordion-content-1-grupos-tem%c3%a1ticos\" aria-expanded=\"false\">\n\t\t\t\t\t\t<div class=\"sow-accordion-title sow-accordion-title-icon-left\">\n\t\t\t\t\t\t\t\t\t\t\t\t\t\t1. Grupos Tem\u00e1ticos\t\t\t\t\t\t\t\t\t\t\t\t\t<\/div>\n\t\t\t\t\t\t<div class=\"sow-accordion-open-close-button\">\n\t\t\t\t\t\t\t<div class=\"sow-accordion-open-button\">\n\t\t\t\t\t\t\t\t<span class=\"sow-icon-ionicons\" data-sow-icon=\"&#xf218;\"\n\t\t \n\t\taria-hidden=\"true\"><\/span>\t\t\t\t\t\t\t<\/div>\n\t\t\t\t\t\t\t<div class=\"sow-accordion-close-button\">\n\t\t\t\t\t\t\t\t<span class=\"sow-icon-ionicons\" data-sow-icon=\"&#xf209;\"\n\t\t \n\t\taria-hidden=\"true\"><\/span>\t\t\t\t\t\t\t<\/div>\n\t\t\t\t\t\t<\/div>\n\t\t\t\t\t<\/div>\n\t\t\t\t<\/div>\n\n\t\t\t<div\n\t\t\t\tclass=\"sow-accordion-panel-content\"\n\t\t\t\trole=\"region\"\n\t\t\t\taria-labelledby=\"accordion-label-1-grupos-tem%c3%a1ticos\"\n\t\t\t\tid=\"accordion-content-1-grupos-tem%c3%a1ticos\"\n\t\t\t\tstyle=\"display: none;\"\t\t\t>\n\t\t\t\t<div class=\"sow-accordion-panel-border\">\n\t\t\t\t\t<p>Consulte o <a href=\"https:\/\/wp.ufpel.edu.br\/unifica\/files\/2025\/05\/EDITAL-UNIFICA-2025.pdf\">edital aqui<\/a><\/p>\n<p><b>P\u00fablico-alvo<\/b><span style=\"font-weight: 400;\">: Docentes, discentes e t\u00e9cnicos do CA vinculados a projetos unificados.<\/span><span style=\"font-weight: 400;\"><br \/>\n<\/span><b>Per\u00edodo<\/b><span style=\"font-weight: 400;\">:\u00a0 05 de maio a <\/span><del><span style=\"font-weight: 400;\">29 de maio.<\/span><\/del><span style=\"font-weight: 400;\"> Prorrogado at\u00e9 <\/span><span style=\"font-weight: 400;\">08 de Junho de 2025 (at\u00e9 23h59).<\/span><\/p>\n<p><b>Requisitos<\/b><span style=\"font-weight: 400;\">:<\/span><\/p>\n<ul>\n<li style=\"font-weight: 400;\" aria-level=\"1\"><span style=\"font-weight: 400;\">Preencher<\/span><a href=\"https:\/\/forms.gle\/9AEW1UKnMUN67vPo6\"> <span style=\"font-weight: 400;\">formul\u00e1rio online<\/span><\/a><\/li>\n<li style=\"font-weight: 400;\" aria-level=\"1\"><span style=\"font-weight: 400;\">Enviar resumo expandido (3-4 p\u00e1ginas, modelo<\/span><a href=\"https:\/\/docs.google.com\/document\/d\/1gAzwQcVzCuNK3eIlEz8ebEkDMUF5-bUQ\/edit\"> <span style=\"font-weight: 400;\">ANEXO 1<\/span><\/a><\/li>\n<li style=\"font-weight: 400;\" aria-level=\"1\"><span style=\"font-weight: 400;\">Incluir carta de representa\u00e7\u00e3o do coordenador do projeto (modelo<\/span><a href=\"https:\/\/wp.ufpel.edu.br\/unifica\/files\/2025\/05\/ANEXO-3.docx\"> <span style=\"font-weight: 400;\">ANEXO 3<\/span><\/a><\/li>\n<li style=\"font-weight: 400;\" aria-level=\"1\"><span style=\"font-weight: 400;\">M\u00e1ximo de 5 autores por trabalho; apenas 1 apresentador.<\/span><\/li>\n<li style=\"font-weight: 400;\" aria-level=\"1\"><span style=\"font-weight: 400;\">Limite de 3 trabalhos por projeto unificado.<\/span><\/li>\n<\/ul>\n<p><b>Formatos de Apresenta\u00e7\u00e3o<\/b><span style=\"font-weight: 400;\">:<\/span><\/p>\n<ul>\n<li style=\"font-weight: 400;\" aria-level=\"1\"><b>Oral<\/b><span style=\"font-weight: 400;\">: Tradicional, com recursos audiovisuais opcionais.<\/span><\/li>\n<li style=\"font-weight: 400;\" aria-level=\"1\"><b>Performativa<\/b><span style=\"font-weight: 400;\">: Experimenta\u00e7\u00f5es art\u00edsticas vinculadas ao projeto.<\/span><\/li>\n<\/ul>\n<p><b>Downloads<\/b><\/p>\n<ul>\n<li style=\"font-weight: 400;\" aria-level=\"1\"><a href=\"https:\/\/docs.google.com\/presentation\/d\/1iiOtT22Vt0a9vL6xsfy9dSsxttw8mU6zLb4lHvRXDRs\/edit#slide=id.p\"><span style=\"font-weight: 400;\">Modelo de apresenta\u00e7\u00e3o\u00a0<\/span><\/a><\/li>\n<li style=\"font-weight: 400;\" aria-level=\"1\"><a href=\"https:\/\/docs.google.com\/document\/d\/1gAzwQcVzCuNK3eIlEz8ebEkDMUF5-bUQ\/edit\"><span style=\"font-weight: 400;\">Template De Trabalho<\/span><\/a><\/li>\n<\/ul>\n<p><a href=\"https:\/\/docs.google.com\/presentation\/d\/1TL1HKo_EDOD9wr5x6q6xGxEx28dpzQc0P5lm09svMnM\/edit?usp=sharing\"><b>Programa\u00e7\u00e3o dos Grupos Tem\u00e1ticos<\/b><\/a><\/p>\n<p><span style=\"font-size: 12pt;\"><strong>Aten\u00e7\u00e3o:<\/strong> Todos os trabalhos com ajustes conforme a <a href=\"https:\/\/wp.ufpel.edu.br\/unifica\/files\/2025\/06\/GTs-UNIFICA.pdf\">programa\u00e7\u00e3o<\/a> devem ser enviados at\u00e9 <strong>20\/07\/2025<\/strong> para <a href=\"https:\/\/mailto:unifica.ca@gmail.com\/\"><span style=\"font-weight: 400;\">unifica.ca@gmail.com<\/span><\/a> com o assunto: CORRE\u00c7\u00c3O GT X - T\u00cdTULO DO TRABALHO (substituir 'X' pelo n\u00famero do GT)<\/span><\/p>\n\t\t\t\t<\/div>\n\t\t\t<\/div>\n\t\t<\/div>\n\t\t\t<div class=\"sow-accordion-panel\n\t\t\t\t\"\n\t\t\tdata-anchor-id=\"2-mostra-artistica\">\n\t\t\t\t<div class=\"sow-accordion-panel-header-container\" role=\"heading\" aria-level=\"2\">\n\t\t\t\t\t<div class=\"sow-accordion-panel-header\" tabindex=\"0\" role=\"button\" id=\"accordion-label-2-mostra-art%c3%adstica\" aria-controls=\"accordion-content-2-mostra-art%c3%adstica\" aria-expanded=\"false\">\n\t\t\t\t\t\t<div class=\"sow-accordion-title sow-accordion-title-icon-left\">\n\t\t\t\t\t\t\t\t\t\t\t\t\t\t2. Mostra Art\u00edstica\t\t\t\t\t\t\t\t\t\t\t\t\t<\/div>\n\t\t\t\t\t\t<div class=\"sow-accordion-open-close-button\">\n\t\t\t\t\t\t\t<div class=\"sow-accordion-open-button\">\n\t\t\t\t\t\t\t\t<span class=\"sow-icon-ionicons\" data-sow-icon=\"&#xf218;\"\n\t\t \n\t\taria-hidden=\"true\"><\/span>\t\t\t\t\t\t\t<\/div>\n\t\t\t\t\t\t\t<div class=\"sow-accordion-close-button\">\n\t\t\t\t\t\t\t\t<span class=\"sow-icon-ionicons\" data-sow-icon=\"&#xf209;\"\n\t\t \n\t\taria-hidden=\"true\"><\/span>\t\t\t\t\t\t\t<\/div>\n\t\t\t\t\t\t<\/div>\n\t\t\t\t\t<\/div>\n\t\t\t\t<\/div>\n\n\t\t\t<div\n\t\t\t\tclass=\"sow-accordion-panel-content\"\n\t\t\t\trole=\"region\"\n\t\t\t\taria-labelledby=\"accordion-label-2-mostra-art%c3%adstica\"\n\t\t\t\tid=\"accordion-content-2-mostra-art%c3%adstica\"\n\t\t\t\tstyle=\"display: none;\"\t\t\t>\n\t\t\t\t<div class=\"sow-accordion-panel-border\">\n\t\t\t\t\t<p><b>P\u00fablico-alvo<\/b><span style=\"font-weight: 400;\">: Integrantes de projetos unificados do CA.<\/span><span style=\"font-weight: 400;\"><br \/>\n<\/span><b>Per\u00edodo<\/b><span style=\"font-weight: 400;\">: 5 de Maio a <del>29\/maio\/.<\/del> Prorrogado at\u00e9 8 de Junho de 2025 (at\u00e9 23h59).<\/span><\/p>\n<p><b>Requisitos<\/b><span style=\"font-weight: 400;\">:<\/span><\/p>\n<ul>\n<li style=\"font-weight: 400;\" aria-level=\"1\"><span style=\"font-weight: 400;\">Preencher<\/span><a href=\"https:\/\/forms.gle\/MmK1CrE5ARB2ebF87\"> <span style=\"font-weight: 400;\">formul\u00e1rio online<\/span><\/a><span style=\"font-weight: 400;\"> + <\/span><a href=\"https:\/\/forms.gle\/VhTkepzMSLbEodpM6\"><span style=\"font-weight: 400;\">Formul\u00e1rio de Elenco<\/span><\/a><span style=\"font-weight: 400;\">.<\/span><\/li>\n<li style=\"font-weight: 400;\" aria-level=\"1\"><span style=\"font-weight: 400;\">Enviar material art\u00edstico (v\u00eddeo, fotos ou portf\u00f3lio).<\/span><\/li>\n<li style=\"font-weight: 400;\" aria-level=\"1\"><span style=\"font-weight: 400;\">1 proposta por projeto unificado.<\/span><\/li>\n<\/ul>\n<p><b>Categorias<\/b><span style=\"font-weight: 400;\">:<\/span><\/p>\n<ul>\n<li style=\"font-weight: 400;\" aria-level=\"1\"><span style=\"font-weight: 400;\">Apresenta\u00e7\u00f5es c\u00eanicas, musicais ou coreogr\u00e1ficas<\/span><\/li>\n<li style=\"font-weight: 400;\" aria-level=\"1\"><span style=\"font-weight: 400;\">Exposi\u00e7\u00f5es, instala\u00e7\u00f5es e obras audiovisuais<\/span><\/li>\n<li style=\"font-weight: 400;\" aria-level=\"1\"><span style=\"font-weight: 400;\">Performances h\u00edbridas<\/span><\/li>\n<\/ul>\n<p><b>D\u00favidas<\/b><span style=\"font-weight: 400;\">: <\/span><a href=\"https:\/\/mailto:unifica.ca@gmail.com\/\"><span style=\"font-weight: 400;\">unifica.ca@gmail.com<\/span><span style=\"font-weight: 400;\"><br \/>\n<\/span><\/a><\/p>\n\t\t\t\t<\/div>\n\t\t\t<\/div>\n\t\t<\/div>\n\t\t\t<div class=\"sow-accordion-panel\n\t\t\t\t\"\n\t\t\tdata-anchor-id=\"3-ouvinte\">\n\t\t\t\t<div class=\"sow-accordion-panel-header-container\" role=\"heading\" aria-level=\"2\">\n\t\t\t\t\t<div class=\"sow-accordion-panel-header\" tabindex=\"0\" role=\"button\" id=\"accordion-label-3-ouvinte\" aria-controls=\"accordion-content-3-ouvinte\" aria-expanded=\"false\">\n\t\t\t\t\t\t<div class=\"sow-accordion-title sow-accordion-title-icon-left\">\n\t\t\t\t\t\t\t\t\t\t\t\t\t\t3. Ouvinte\t\t\t\t\t\t\t\t\t\t\t\t\t<\/div>\n\t\t\t\t\t\t<div class=\"sow-accordion-open-close-button\">\n\t\t\t\t\t\t\t<div class=\"sow-accordion-open-button\">\n\t\t\t\t\t\t\t\t<span class=\"sow-icon-ionicons\" data-sow-icon=\"&#xf218;\"\n\t\t \n\t\taria-hidden=\"true\"><\/span>\t\t\t\t\t\t\t<\/div>\n\t\t\t\t\t\t\t<div class=\"sow-accordion-close-button\">\n\t\t\t\t\t\t\t\t<span class=\"sow-icon-ionicons\" data-sow-icon=\"&#xf209;\"\n\t\t \n\t\taria-hidden=\"true\"><\/span>\t\t\t\t\t\t\t<\/div>\n\t\t\t\t\t\t<\/div>\n\t\t\t\t\t<\/div>\n\t\t\t\t<\/div>\n\n\t\t\t<div\n\t\t\t\tclass=\"sow-accordion-panel-content\"\n\t\t\t\trole=\"region\"\n\t\t\t\taria-labelledby=\"accordion-label-3-ouvinte\"\n\t\t\t\tid=\"accordion-content-3-ouvinte\"\n\t\t\t\tstyle=\"display: none;\"\t\t\t>\n\t\t\t\t<div class=\"sow-accordion-panel-border\">\n\t\t\t\t\t<p><b>P\u00fablico-alvo<\/b><span style=\"font-weight: 400;\">: Comunidade acad\u00eamica do CA.<\/span><span style=\"font-weight: 400;\"><br \/>\n<\/span><b>Requisitos<\/b><span style=\"font-weight: 400;\">: As inscri\u00e7\u00f5es continuam <strong>abertas<\/strong>. Apenas preencher<\/span><a href=\"https:\/\/forms.gle\/eAAD3TF16ZVYJVti8\"><span style=\"font-weight: 400;\"> formul\u00e1rio online<\/span><\/a><span style=\"font-weight: 400;\">.<\/span><\/p>\n<p><b>Certifica\u00e7\u00e3o<\/b><span style=\"font-weight: 400;\">: Exige participa\u00e7\u00e3o em 5 atividades (2 GTs + 2 Mostra + 1 confer\u00eancia).<\/span><\/p>\n<p><b>D\u00favidas<\/b><span style=\"font-weight: 400;\">: <\/span><a href=\"https:\/\/mailto:unifica.ca@gmail.com\/\"><span style=\"font-weight: 400;\">unifica.ca@gmail.com<\/span><span style=\"font-weight: 400;\"><br \/>\n<\/span><\/a><\/p>\n<p>&nbsp;<\/p>\n\t\t\t\t<\/div>\n\t\t\t<\/div>\n\t\t<\/div>\n\t\t\t<div class=\"sow-accordion-panel\n\t\t\t\t\"\n\t\t\tdata-anchor-id=\"4-feira\">\n\t\t\t\t<div class=\"sow-accordion-panel-header-container\" role=\"heading\" aria-level=\"2\">\n\t\t\t\t\t<div class=\"sow-accordion-panel-header\" tabindex=\"0\" role=\"button\" id=\"accordion-label-4-feira\" aria-controls=\"accordion-content-4-feira\" aria-expanded=\"false\">\n\t\t\t\t\t\t<div class=\"sow-accordion-title sow-accordion-title-icon-left\">\n\t\t\t\t\t\t\t\t\t\t\t\t\t\t4. Feira\t\t\t\t\t\t\t\t\t\t\t\t\t<\/div>\n\t\t\t\t\t\t<div class=\"sow-accordion-open-close-button\">\n\t\t\t\t\t\t\t<div class=\"sow-accordion-open-button\">\n\t\t\t\t\t\t\t\t<span class=\"sow-icon-ionicons\" data-sow-icon=\"&#xf218;\"\n\t\t \n\t\taria-hidden=\"true\"><\/span>\t\t\t\t\t\t\t<\/div>\n\t\t\t\t\t\t\t<div class=\"sow-accordion-close-button\">\n\t\t\t\t\t\t\t\t<span class=\"sow-icon-ionicons\" data-sow-icon=\"&#xf209;\"\n\t\t \n\t\taria-hidden=\"true\"><\/span>\t\t\t\t\t\t\t<\/div>\n\t\t\t\t\t\t<\/div>\n\t\t\t\t\t<\/div>\n\t\t\t\t<\/div>\n\n\t\t\t<div\n\t\t\t\tclass=\"sow-accordion-panel-content\"\n\t\t\t\trole=\"region\"\n\t\t\t\taria-labelledby=\"accordion-label-4-feira\"\n\t\t\t\tid=\"accordion-content-4-feira\"\n\t\t\t\tstyle=\"display: none;\"\t\t\t>\n\t\t\t\t<div class=\"sow-accordion-panel-border\">\n\t\t\t\t\t<ul>\n<li>Na feira do 2\u00ba UNIFICA\u00a0 voc\u00ea poder\u00e1 expor e comercializar sua produ\u00e7\u00e3o art\u00edstica, produtos artesanais ou alimentos durante o evento.<br \/>\nHor\u00e1rios de funcionamento da feira:<br \/>\nManh\u00e3s das 10h \u00e0s 12h<br \/>\nTardes das 15h \u00e0s 18h<\/li>\n<\/ul>\n<p><a href=\"http:\/\/forms.gle\/o59TNDtP9oi5oiQp6\">Inscri\u00e7\u00f5es aqui.<\/a><\/p>\n\t\t\t\t<\/div>\n\t\t\t<\/div>\n\t\t<\/div>\n\t\t\t<div class=\"sow-accordion-panel\n\t\t\t\t\"\n\t\t\tdata-anchor-id=\"5-oficinas\">\n\t\t\t\t<div class=\"sow-accordion-panel-header-container\" role=\"heading\" aria-level=\"2\">\n\t\t\t\t\t<div class=\"sow-accordion-panel-header\" tabindex=\"0\" role=\"button\" id=\"accordion-label-5-oficinas\" aria-controls=\"accordion-content-5-oficinas\" aria-expanded=\"false\">\n\t\t\t\t\t\t<div class=\"sow-accordion-title sow-accordion-title-icon-left\">\n\t\t\t\t\t\t\t\t\t\t\t\t\t\t5. Oficinas\t\t\t\t\t\t\t\t\t\t\t\t\t<\/div>\n\t\t\t\t\t\t<div class=\"sow-accordion-open-close-button\">\n\t\t\t\t\t\t\t<div class=\"sow-accordion-open-button\">\n\t\t\t\t\t\t\t\t<span class=\"sow-icon-ionicons\" data-sow-icon=\"&#xf218;\"\n\t\t \n\t\taria-hidden=\"true\"><\/span>\t\t\t\t\t\t\t<\/div>\n\t\t\t\t\t\t\t<div class=\"sow-accordion-close-button\">\n\t\t\t\t\t\t\t\t<span class=\"sow-icon-ionicons\" data-sow-icon=\"&#xf209;\"\n\t\t \n\t\taria-hidden=\"true\"><\/span>\t\t\t\t\t\t\t<\/div>\n\t\t\t\t\t\t<\/div>\n\t\t\t\t\t<\/div>\n\t\t\t\t<\/div>\n\n\t\t\t<div\n\t\t\t\tclass=\"sow-accordion-panel-content\"\n\t\t\t\trole=\"region\"\n\t\t\t\taria-labelledby=\"accordion-label-5-oficinas\"\n\t\t\t\tid=\"accordion-content-5-oficinas\"\n\t\t\t\tstyle=\"display: none;\"\t\t\t>\n\t\t\t\t<div class=\"sow-accordion-panel-border\">\n\t\t\t\t\t<p>Acesse este <a href=\"https:\/\/forms.gle\/8VPp3Gwbe6uqgLka9\">formul\u00e1rio<\/a> para inscrever-se nas oficinas.<\/p>\n\t\t\t\t<\/div>\n\t\t\t<\/div>\n\t\t<\/div>\n\t\t<\/div>\n<\/div>\n<\/div><\/div><\/div><\/div><\/div>","protected":false},"excerpt":{"rendered":"<p>1. Grupos Tem\u00e1ticos Consulte o edital aqui P\u00fablico-alvo: Docentes, discentes e t\u00e9cnicos do CA vinculados a projetos unificados. Per\u00edodo:\u00a0 05 de maio a 29 de maio. Prorrogado at\u00e9 08 de Junho de 2025 (at\u00e9 23h59). Requisitos: Preencher formul\u00e1rio online Enviar resumo expandido (3-4 p\u00e1ginas, modelo ANEXO 1 Incluir carta de representa\u00e7\u00e3o do coordenador do projeto [&hellip;]<\/p>\n","protected":false},"author":1182,"featured_media":0,"parent":0,"menu_order":0,"comment_status":"closed","ping_status":"closed","template":"","meta":{"footnotes":""},"class_list":["post-8","page","type-page","status-publish","hentry","post"],"_links":{"self":[{"href":"https:\/\/wp.ufpel.edu.br\/unifica\/wp-json\/wp\/v2\/pages\/8","targetHints":{"allow":["GET"]}}],"collection":[{"href":"https:\/\/wp.ufpel.edu.br\/unifica\/wp-json\/wp\/v2\/pages"}],"about":[{"href":"https:\/\/wp.ufpel.edu.br\/unifica\/wp-json\/wp\/v2\/types\/page"}],"author":[{"embeddable":true,"href":"https:\/\/wp.ufpel.edu.br\/unifica\/wp-json\/wp\/v2\/users\/1182"}],"replies":[{"embeddable":true,"href":"https:\/\/wp.ufpel.edu.br\/unifica\/wp-json\/wp\/v2\/comments?post=8"}],"version-history":[{"count":23,"href":"https:\/\/wp.ufpel.edu.br\/unifica\/wp-json\/wp\/v2\/pages\/8\/revisions"}],"predecessor-version":[{"id":252,"href":"https:\/\/wp.ufpel.edu.br\/unifica\/wp-json\/wp\/v2\/pages\/8\/revisions\/252"}],"wp:attachment":[{"href":"https:\/\/wp.ufpel.edu.br\/unifica\/wp-json\/wp\/v2\/media?parent=8"}],"curies":[{"name":"wp","href":"https:\/\/api.w.org\/{rel}","templated":true}]}}