{"id":16,"date":"2023-10-21T01:36:49","date_gmt":"2023-10-21T04:36:49","guid":{"rendered":"https:\/\/wp.ufpel.edu.br\/ulisses\/?page_id=16"},"modified":"2023-11-21T22:30:46","modified_gmt":"2023-11-22T01:30:46","slug":"pesquisa","status":"publish","type":"page","link":"https:\/\/wp.ufpel.edu.br\/ulisses\/pesquisa\/","title":{"rendered":"Pesquisa"},"content":{"rendered":"<h1>Atua\u00e7\u00e3o em Pesquisa<\/h1>\n<h2>Acad\u00eamica<\/h2>\n<p>Atualmente sou Professor Permanente Junior junto ao Programa de P\u00f3s-gradua\u00e7\u00e3o em Computa\u00e7\u00e3o do Centro de Desenvolvimento Tecnol\u00f3gico (CDTec). Tenho ministrado as disciplinas de <a href=\"https:\/\/institucional.ufpel.edu.br\/disciplinas\/cod\/22000301\">Fundamentos de Intelig\u00eancia Artificial<\/a> e <a href=\"https:\/\/institucional.ufpel.edu.br\/disciplinas\/cod\/1118004\">Aprendizado de M\u00e1quina<\/a>.<\/p>\n<blockquote class=\"wp-embedded-content\" data-secret=\"clpjVupxeG\"><p><a href=\"https:\/\/wp.ufpel.edu.br\/computacao\/ppgc\/\">Programa de P\u00f3s-Gradua\u00e7\u00e3o em Computa\u00e7\u00e3o<\/a><\/p><\/blockquote>\n<p><iframe class=\"wp-embedded-content\" sandbox=\"allow-scripts\" security=\"restricted\" style=\"position: absolute; clip: rect(1px, 1px, 1px, 1px);\" title=\"&#8220;Programa de P\u00f3s-Gradua\u00e7\u00e3o em Computa\u00e7\u00e3o&#8221; &#8212; Computa\u00e7\u00e3o - UFPel\" src=\"https:\/\/wp.ufpel.edu.br\/computacao\/ppgc\/embed\/#?secret=yKJZ6iTfnx#?secret=clpjVupxeG\" data-secret=\"clpjVupxeG\" width=\"500\" height=\"282\" frameborder=\"0\" marginwidth=\"0\" marginheight=\"0\" scrolling=\"no\"><\/iframe><\/p>\n<h3>Orienta\u00e7\u00f5es em Andamento<\/h3>\n<h4>Mestrado<\/h4>\n<ul>\n<li>Francisco Dias Franco<\/li>\n<li>Henry Soares Pereira<\/li>\n<li>Gabriel Almeida Gomes<\/li>\n<li>Arthur Cerveira<\/li>\n<li>Em\u00e9rson Lopes<\/li>\n<li>Ger\u00f4nimo Lemos<\/li>\n<li>Thiago Porto<\/li>\n<li>Iana Costa<\/li>\n<li>Carlos Augusto Calage<\/li>\n<\/ul>\n<h4>Doutorado<\/h4>\n<ul>\n<li>Alexandre Thurow Bender (coorienta\u00e7\u00e3o)<\/li>\n<\/ul>\n<h3>Orienta\u00e7\u00f5es Conclu\u00eddas<\/h3>\n<h4>Mestrado<\/h4>\n<ul>\n<li>Vin\u00edcius Vasconcelos Maurente (Coorienta\u00e7\u00e3o) &#8211; PPGCOMP\/FURG<\/li>\n<li>Alexandre Thurow Bender (Coorienta\u00e7\u00e3o) &#8211; PPGC\/UFPel<\/li>\n<\/ul>\n<h4>Doutorado<\/h4>\n<ul>\n<li>Miguel David Guevara\u00a0 &#8211; PPGMACSA &#8211; (coorienta\u00e7\u00e3o)<\/li>\n<\/ul>\n<h2>Aplicada<\/h2>\n<p>Atualmente coordeno o <a href=\"http:\/\/ia.ufpel.edu.br\/\">Hub de Inova\u00e7\u00e3o em Intelig\u00eancia Artificial<\/a> do CDTec\/UFPel, onde atuamos com Pesquisa e Desenvolvimento em parceria com Empresas.<\/p>\n<p>Nosso foco \u00e9 auxiliar na difus\u00e3o de conceitos de intelig\u00eancia artificial, bem como no desenvolvimento de projetos inovadores baseados nessas t\u00e9cnologias.<\/p>\n<p>&nbsp;<\/p>\n<p>&nbsp;<\/p>\n","protected":false},"excerpt":{"rendered":"<p>Atua\u00e7\u00e3o em Pesquisa Acad\u00eamica Atualmente sou Professor Permanente Junior junto ao Programa de P\u00f3s-gradua\u00e7\u00e3o em Computa\u00e7\u00e3o do Centro de Desenvolvimento Tecnol\u00f3gico (CDTec). Tenho ministrado as disciplinas de Fundamentos de Intelig\u00eancia Artificial e Aprendizado de M\u00e1quina. Programa de P\u00f3s-Gradua\u00e7\u00e3o em Computa\u00e7\u00e3o Orienta\u00e7\u00f5es em Andamento Mestrado Francisco Dias Franco Henry Soares Pereira Gabriel Almeida Gomes Arthur Cerveira [&hellip;]<\/p>\n","protected":false},"author":1214,"featured_media":0,"parent":0,"menu_order":2,"comment_status":"closed","ping_status":"closed","template":"","meta":{"footnotes":""},"class_list":["post-16","page","type-page","status-publish","hentry"],"jetpack_sharing_enabled":true,"_links":{"self":[{"href":"https:\/\/wp.ufpel.edu.br\/ulisses\/wp-json\/wp\/v2\/pages\/16","targetHints":{"allow":["GET"]}}],"collection":[{"href":"https:\/\/wp.ufpel.edu.br\/ulisses\/wp-json\/wp\/v2\/pages"}],"about":[{"href":"https:\/\/wp.ufpel.edu.br\/ulisses\/wp-json\/wp\/v2\/types\/page"}],"author":[{"embeddable":true,"href":"https:\/\/wp.ufpel.edu.br\/ulisses\/wp-json\/wp\/v2\/users\/1214"}],"replies":[{"embeddable":true,"href":"https:\/\/wp.ufpel.edu.br\/ulisses\/wp-json\/wp\/v2\/comments?post=16"}],"version-history":[{"count":7,"href":"https:\/\/wp.ufpel.edu.br\/ulisses\/wp-json\/wp\/v2\/pages\/16\/revisions"}],"predecessor-version":[{"id":47,"href":"https:\/\/wp.ufpel.edu.br\/ulisses\/wp-json\/wp\/v2\/pages\/16\/revisions\/47"}],"wp:attachment":[{"href":"https:\/\/wp.ufpel.edu.br\/ulisses\/wp-json\/wp\/v2\/media?parent=16"}],"curies":[{"name":"wp","href":"https:\/\/api.w.org\/{rel}","templated":true}]}}