{"id":1291,"date":"2024-04-05T17:43:16","date_gmt":"2024-04-05T20:43:16","guid":{"rendered":"https:\/\/wp.ufpel.edu.br\/ucbmf\/?page_id=1291"},"modified":"2024-04-16T16:33:10","modified_gmt":"2024-04-16T19:33:10","slug":"o-que-e-o-cetap","status":"publish","type":"page","link":"https:\/\/wp.ufpel.edu.br\/ucbmf\/o-que-e-o-cetap\/","title":{"rendered":"O QUE \u00c9 O CETAP"},"content":{"rendered":"<p>O Centro de Patologias e Deformidades da Face (CETAP) nasce da experi\u00eancia acumulada em vinte anos de trabalho: estudo, pesquisa e assist\u00eancia ao paciente. Sentimos a necessidade de reunir, em um servi\u00e7o, a capacidade de disgnosticar e tratar pacientes com patologias e deformidades da face, na nossa \u00e1rea de atua\u00e7\u00e3o. Nosso servi\u00e7o busca atrav\u00e9s de aulas presenciais, on-line, com professores renomados, atualizar e discutir nossas pr\u00e1ticas. Atuamos na pesquisa, desenvolvendo estudos que objetivam resolver problemas, que a pr\u00e1tica nos coloca. Ainda, prestamos assist\u00eancia aos pacientes realizando procedimentos cir\u00fargicos e cl\u00ednicos.<\/p>\n<p>Miss\u00e3o:<br \/>\nProporcionar excel\u00eancia em cuidados bucomaxilofaciais atrav\u00e9s de cirurgias de alta qualidade, pesquisa inovadora e educa\u00e7\u00e3o cont\u00ednua, com o compromisso de melhorar a sa\u00fade e o bem-estar dos pacientes e contribuir para o avan\u00e7o da cirurgia bucomaxilofacial.<\/p>\n<p>Vis\u00e3o:<br \/>\nTornar-se l\u00edder nacional em cirurgia bucomaxilofacial, impulsionando a inova\u00e7\u00e3o, excel\u00eancia cl\u00ednica e cuidado centrado no paciente para transformar positivamente a sa\u00fade facial em todo o pa\u00eds.<\/p>\n<p>Valores:<\/p>\n<p>    Excel\u00eancia: Buscamos os mais altos padr\u00f5es de qualidade em todas as \u00e1reas do nosso trabalho, desde o diagn\u00f3stico e tratamento at\u00e9 a educa\u00e7\u00e3o e pesquisa em cirurgia bucomaxilofacial.<\/p>\n<p>    Integridade: Atuamos com honestidade, \u00e9tica e transpar\u00eancia em todas as nossas intera\u00e7\u00f5es com pacientes, colegas e comunidade.<\/p>\n<p>    Compaix\u00e3o: Colocamos o bem-estar e o conforto dos nossos pacientes em primeiro lugar, oferecendo cuidados personalizados e atenciosos em cada etapa do processo cir\u00fargico bucomaxilofacial.<\/p>\n<p>    Inova\u00e7\u00e3o: Estamos comprometidos com a busca incessante por novas abordagens e tecnologias que melhorem os resultados dos tratamentos bucomaxilofaciais e impulsionem o progresso da medicina nessa \u00e1rea.<\/p>\n<p>    Educa\u00e7\u00e3o: Acreditamos na import\u00e2ncia da educa\u00e7\u00e3o cont\u00ednua para profissionais de sa\u00fade, fornecendo treinamento de alta qualidade em cirurgia bucomaxilofacial e conduta cl\u00ednica para promover melhores resultados e seguran\u00e7a para os pacientes.<\/p>\n<p>    Colabora\u00e7\u00e3o: Valorizamos parcerias e colabora\u00e7\u00f5es com outros profissionais de sa\u00fade, institui\u00e7\u00f5es de pesquisa e comunidade, reconhecendo que juntos podemos alcan\u00e7ar mais do que individualmente na \u00e1rea da cirurgia bucomaxilofacial.<\/p>\n","protected":false},"excerpt":{"rendered":"<p>O Centro de Patologias e Deformidades da Face (CETAP) nasce da experi\u00eancia acumulada em vinte anos de trabalho: estudo, pesquisa e assist\u00eancia ao paciente. Sentimos a necessidade de reunir, em um servi\u00e7o, a capacidade de disgnosticar e tratar pacientes com patologias e deformidades da face, na nossa \u00e1rea de atua\u00e7\u00e3o. Nosso servi\u00e7o busca atrav\u00e9s de&#8230; <\/p>\n<div class=\"link-more\"><a href=\"https:\/\/wp.ufpel.edu.br\/ucbmf\/o-que-e-o-cetap\/\">Leia mais<\/a><\/div>\n","protected":false},"author":101,"featured_media":0,"parent":0,"menu_order":2,"comment_status":"closed","ping_status":"closed","template":"","meta":{"footnotes":""},"class_list":["post-1291","page","type-page","status-publish","hentry"],"_links":{"self":[{"href":"https:\/\/wp.ufpel.edu.br\/ucbmf\/wp-json\/wp\/v2\/pages\/1291","targetHints":{"allow":["GET"]}}],"collection":[{"href":"https:\/\/wp.ufpel.edu.br\/ucbmf\/wp-json\/wp\/v2\/pages"}],"about":[{"href":"https:\/\/wp.ufpel.edu.br\/ucbmf\/wp-json\/wp\/v2\/types\/page"}],"author":[{"embeddable":true,"href":"https:\/\/wp.ufpel.edu.br\/ucbmf\/wp-json\/wp\/v2\/users\/101"}],"replies":[{"embeddable":true,"href":"https:\/\/wp.ufpel.edu.br\/ucbmf\/wp-json\/wp\/v2\/comments?post=1291"}],"version-history":[{"count":5,"href":"https:\/\/wp.ufpel.edu.br\/ucbmf\/wp-json\/wp\/v2\/pages\/1291\/revisions"}],"predecessor-version":[{"id":1313,"href":"https:\/\/wp.ufpel.edu.br\/ucbmf\/wp-json\/wp\/v2\/pages\/1291\/revisions\/1313"}],"wp:attachment":[{"href":"https:\/\/wp.ufpel.edu.br\/ucbmf\/wp-json\/wp\/v2\/media?parent=1291"}],"curies":[{"name":"wp","href":"https:\/\/api.w.org\/{rel}","templated":true}]}}