{"id":39,"date":"2018-04-19T17:03:56","date_gmt":"2018-04-19T20:03:56","guid":{"rendered":"https:\/\/wp.ufpel.edu.br\/travessias\/?page_id=39"},"modified":"2021-06-03T10:36:36","modified_gmt":"2021-06-03T13:36:36","slug":"escritos","status":"publish","type":"page","link":"https:\/\/wp.ufpel.edu.br\/travessias\/escritos\/","title":{"rendered":"Publica\u00e7\u00f5es"},"content":{"rendered":"<p style=\"text-align: justify\"><strong><span style=\"color: #cf4040\">Artigos publicados em peri\u00f3dicos<\/span><\/strong><\/p>\n<p style=\"text-align: justify\">ROCHA, Eduardo; RESENDE, Lorena Maia. <a href=\"http:\/\/www.scielo.br\/scielo.php?script=sci_abstract&amp;pid=S2175-33692019000100218&amp;lng=en&amp;nrm=iso&amp;tlng=en&amp;fbclid=IwAR2W8m8R5vRK-b1ZQqRV3YVeTYk_tZtYA3MS69giPgKAWpVRj843ry2b9jw\" target=\"_blank\" rel=\"noopener noreferrer\">Para-\u00adFormal Commerce: a cartography of public space in the Brazil\u00adUruguay border.<\/a> URBE. REVISTA BRASILEIRA DE GEST\u00c3O URBANA. v.11, p.1 \u00ad 16, 2019.<\/p>\n<p>ROCHA, E.; RESENDE, Lorena. M. ; DETONI, L. P. ; SANTOS, T. B. ; FORNECK, V. . <a href=\"http:\/\/www.nomads.usp.br\/virus\/virus19\/?sec=4&amp;item=8&amp;lang=pt\">Caminhar e Cartografar: travessia na fronteira Chu\u00ed-BR e Chuy-UY.<\/a> VIRUS, v. 19, p. 1-11, 2019.<\/p>\n<p style=\"text-align: justify\">FORNECK, V.; FERREIRA, L. B.; MACHADO, V.; BAUMBACH, F. A.; RAMIRES, B.; ROCHA, E. <a href=\"https:\/\/periodicos.ufpel.edu.br\/ojs2\/index.php\/pixo\/article\/view\/14452\/8885\">A Produ\u00e7\u00e3o de Mapas Cartogr\u00e1ficos e \u00e0 \u00c9tica na Fronteira Brasil\u00adUruguay<\/a>. Pixo \u00ad revista de arquitetura, cidade e contemporaneidade. v.2, p.142 \u00ad 153, 2018.<\/p>\n<p style=\"text-align: justify\">DETONI, Luana P.; RESENDE, Lorena M.; PINHO, Rafaela B. de; ROCHA, Eduardo. <a href=\"https:\/\/wp.ufpel.edu.br\/travessias\/files\/2018\/05\/a-exteriencia-da-p\u00e9dagogia-da-viagem.pdf\">A EXPERI\u00caNCIA DA PEDAGOGIA DA VIAGEM NA FRONTEIRA BRASIL-URUGUAY<\/a> . InSitu, S\u00e3o Paulo, 3 (2): 83-98, Jul\/Dez. 2017.<\/p>\n<p style=\"text-align: justify\"><strong><span style=\"color: #cf4040\">Resumos expandidos\u00a0<\/span><\/strong><\/p>\n<p style=\"text-align: justify\">DAVILA, N. L. ; SANTOS, T. B. ; DETONI, L. P. ; ROCHA, E. . <a href=\"https:\/\/cti.ufpel.edu.br\/siepe\/arquivos\/2020\/SA_01536.pdf\">AUTOFOTOGRAFIA DE VIAJANTES: O CASO DA FRONTEIRA BRASIL-URUGUAY.<\/a> In: XXIX CIC\/UFPel, 2020, Pelotas. Anais do XXIX CIC\/UFPel. Pelotas: UFPel, 2020. v. 1.<\/p>\n<p style=\"text-align: justify\">FORNECK, V. ; ROCHA, E. . <a href=\"https:\/\/cti.ufpel.edu.br\/siepe\/arquivos\/2020\/SA_01219.pdf\">O ABANDONO DE ESTA\u00c7\u00d5ES F\u00c9RREAS EM SANTANA DO LIVRAMENTO E RIVERA NA FRONTEIRA BRASIL-URUGUAY.<\/a> In: XXII ENPOS\/UFPel, 2020, Pelotas. Anais do XXII ENPOS\/UFPel. Pelotas: UFPel, 2020.<\/p>\n<p style=\"text-align: justify\">SANTOS, A. ; SANTOS, T. B. ; ROCHA, E. . <a href=\"https:\/\/cti.ufpel.edu.br\/siepe\/arquivos\/2020\/SA_02501.pdf\">Interven\u00e7\u00f5es urbanas e seus (atraves)samentos: Travessias pela linha de fronteira Brasil-Uruguai<\/a>. In: XXIX CIC\/UFPel, 2020, Pelotas. Anais do XXIX CIC\/UFPel. Pelotas: UFPel, 2020. v. 1. p. 1-5.<\/p>\n<p style=\"text-align: justify\">DAVILA, N. L. ; MACHADO, V. ; PINHO, R. B. ; RESENDE, Lorena. M. ; FORNECK, V. ; ROCHA, E. . <a href=\"https:\/\/cti.ufpel.edu.br\/siepe\/arquivos\/2019\/SA_00609.pdf\">AUTOFOTOGRAFIA NA LINHA DE FRONTEIRA BRASIL-URUGUAY<\/a>. In: XXVIII CIC\/UFPel, 2019, Pelotas. Anais do XXVIII CIC\/UFPel. Pelotas: UFPel, 2019. v. 1. p. 1-5.<\/p>\n<p style=\"text-align: justify\">FORNECK, V. ; ROCHA, E. . <a href=\"https:\/\/cti.ufpel.edu.br\/siepe\/arquivos\/2019\/SA_03737.pdf\">ABANDONO DE ESTA\u00c7\u00d5ES F\u00c9RREAS: CARTOGRAFIA NAS CIDADES DE FRONTEIRA MOLHADA BRASIL-URUGUAY<\/a>. In: XXI ENPOS\/UFPel, 2019, Pelotas. Anais do XXI ENPOS\/UFPel. Pelotas: UFPel, 2019. v. 1. p. 1-5.<\/p>\n<p style=\"text-align: justify\">PORTELA, L. D. ; ROCHA, E. . <a href=\"https:\/\/cti.ufpel.edu.br\/siepe\/arquivos\/2019\/SA_04270.pdf\">ABANDONO DE POVOADOS: MINAS DO CAMAQU\u00c3 E MINAS CORRALES NA FRONTEIRA BRASIL-URUGUAY.<\/a> In: XXI ENPOS\/UFPel, 2019, Pelotas. Anais do XXI ENPOS\/UFPel. Pelotas: UFPel, 2019. v. 1. p. 1-5.<\/p>\n<p style=\"text-align: justify\">RESENDE, Lorena. M. ; ROCHA, E. . <a href=\"https:\/\/cti.ufpel.edu.br\/siepe\/arquivos\/2019\/SA_02802.pdf\">OCUPA\u00c7\u00d5ES URBANAS DESVIANTES E DISCIPLINADAS NA LINHA DE FRONTEIRA BRASIL-URUGUAY.<\/a> In: XXI ENPOS\/UFPel, 2019, Pelotas. Anais XXI ENPOS\/UFPel. Pelotas: UFPel, 2019. v. 1. p. 1-5.<\/p>\n<p style=\"text-align: justify\">SOUZA, H. L. ; SANTOS, T. B. ; ROCHA, E. . <a href=\"https:\/\/wp.ufpel.edu.br\/congressoextensao\/files\/2019\/11\/Comunica%C3%A7%C3%A3o.pdf\">TRAVESSIAS NA FRONTEIRA BRASIL-URUGUAY: A\u00c7\u00d5ES DE EXTENS\u00c3O.<\/a> In: VI CEC, 2019, Pelotas. Anais do VI CEC. Pelotas: UFPel, 2019. p. 94-97.<\/p>\n<p style=\"text-align: justify\">SOUZA, H. L. ; SANTOS, T. B. ; CLASEN, C. M. ; ROCHA, E. . <a href=\"https:\/\/cti.ufpel.edu.br\/siepe\/arquivos\/2019\/SA_04654.pdf\">TRAVESSIAS NA FRONTEIRA BRASIL-URUGUAY: O AUDIOVISUAL COMO FERRAMENTA DE PESQUISA.<\/a> In: XXVIII CIC\/UFPel, 2019, Pelotas. Anais do XXVIII CIC\/UFPel. Pelotas: UFPel, 2019. v. 1. p. 1-5.<\/p>\n<p style=\"text-align: justify\">DAVILA, N. L. ; MACHADO, V. ; PINHO, R. B. ; RESENDE, L. M. ; FORNECK, V. ; ROCHA, E. . <a href=\"https:\/\/cti.ufpel.edu.br\/siepe\/arquivos\/2018\/SA_02573.pdf\">AUTOFOTOGRAFIA NA LINHA DE FRONTEIRA BRASIL-URUGUAY.<\/a> In: XXVII CIC\/UFPel, 2018, Pelotas. Anais do XXVII CIC\/UFPel. Pelotas: UFPel, 2018. v. 1. p. 1-4.<\/p>\n<p style=\"text-align: justify\">FERREIRA, L. B. ; DETONI, L. P. ; RESENDE, L. M. ; LEAL, R. B. ; SANTOS, P. M. ; ROCHA, E. . <a href=\"https:\/\/cti.ufpel.edu.br\/siepe\/arquivos\/2018\/SA_02319.pdf\">A ENTREVISTA DE MANEJO CARTOGR\u00c1FICO: APREENS\u00c3O DE UM TERRIT\u00d3RIO DE FRONTEIRA.<\/a> In: XXVII CIC\/UFPel, 2018, Pelotas. Anais do XXVII CIC\/UFPel. Pelotas: UFPel, 2018. v. 1. p. 1-4.<\/p>\n<p style=\"text-align: justify\">FERREIRA, L. B. ; SOUZA, H. L. ; GARCIA, G. F. ; SANTOS, T. B. ; PINHO, R. B. ; ROCHA, E. . <a href=\"https:\/\/wp.ufpel.edu.br\/congressoextensao\/files\/2018\/12\/Cultura.pdf\">TRAVESSIAS NA LINHA DE FRONTEIRA BRASIL-URUGUAY: CONTROV\u00c9RSIAS E MEDIA\u00c7\u00d5ES NO ESPA\u00c7O P\u00daBLICO DAS CIDADES-G\u00caMEAS.<\/a> In: V Congresso de Extens\u00e3o e Cultura, 2018, Pelotas. Anais do V Congresso de Extens\u00e3o e Cultura. Pelotas: UFPel, 2018. p. 137-140.<\/p>\n<p style=\"text-align: justify\">RAMIRES, B. ; FORNECK, V. ; FERREIRA, L. B. ; BAUMBACH, F. A. ; MACHADO, V. ; ROCHA, E. . <a href=\"https:\/\/cti.ufpel.edu.br\/siepe\/arquivos\/2018\/SA_02284.pdf\">MAPEAMENTO CARTOGR\u00c1FICO DAS CIDADES-\u00adG\u00caMEAS ENTRE BRASIL E URUGUAY.<\/a> In: XXVII CIC\/UFPel, 2018, Pelotas. Anais do XXVII CIC\/UFPel. Pelotas: UFPel, 2018. v. 1. p. 1-4<\/p>\n<p style=\"text-align: justify\">RESENDE, L. M. ; ROCHA, E. . <a href=\"https:\/\/cti.ufpel.edu.br\/siepe\/arquivos\/2018\/SA_00214.pdf\">A PEDAGOGIA DA VIAGEM COMO INSTRUMENTO DE PESQUISA: UMA DISCUSS\u00c3O SOBRE O M\u00c9TODO.<\/a> In: XX ENPOS\/UFPel, 2018, Pelotas. Anais do XX ENPOS\/UFPel. Pelotas: UFPel, 2018. v. 1. p. 1-4.<\/p>\n<p style=\"text-align: justify\">SANTOS, P. M. ; RESENDE, L. M. ; ROCHA, E. . <a href=\"https:\/\/cti.ufpel.edu.br\/siepe\/arquivos\/2018\/SA_00209.pdf\">CIDADES DA FRONTEIRA BRASIL-URUGUAY.<\/a> In: IV CEG\/UFPel, 2018, Pelotas. Anais do IV CEG\/UFPel. Pelotas: UFPel, 2018. v. 1. p. 1-4.<\/p>\n<p style=\"text-align: justify\">SOUZA, H. L. ; SANTOS, T. B. ; CLASEN, C. M. ; ROCHA, E. . <a href=\"https:\/\/cti.ufpel.edu.br\/siepe\/arquivos\/2018\/SA_03977.pdf\">TRAVESSIAS NA FRONTEIRA BRASIL- URUGUAY: DESALINHOS AUDIOVISUAIS SOBRE O ESPA\u00c7O P\u00daBLICO.<\/a> In: XXVII CIC\/UFPel, 2018, Pelotas. Anais do XXVII CIC\/UFPel. Pelotas: UFPel, 2018. v. 1. p. 1-4.<\/p>\n<p style=\"text-align: justify\">PORTELA, L. D. ; RESENDE, L. M. ; SOUZA, H. L. ; ROCHA, E. . <a href=\"https:\/\/cti.ufpel.edu.br\/siepe\/arquivos\/2017\/SA_03151.pdf\">O PARA-FORMAL NA FRONTEIRA BRASIL-URUGUAI: CONFIGURA\u00c7\u00c3O E DESCONFIGURA\u00c7\u00c3O DO ESPA\u00c7O P\u00daBLICO.<\/a> In: XXVI CIC UFPel, 2017, Pelotas. Anais do XXVI CIC UFPel. Pelotas: UFPel, 2017. v. 1. p. 1-4<\/p>\n<p style=\"text-align: justify\">RESENDE, Lorena M.; ROCHA, Eduardo. <a href=\"https:\/\/wp.ufpel.edu.br\/travessias\/files\/2018\/05\/19-enpos-cartografia-na-linha-da-fronteira.pdf\">CARTOGRAFIA NA LINHA DE FRONTEIRA BRASIL-URUGUAY .<\/a><span style=\"color: #000000\"> In: XIX ENPOS\/UFPel, 2017, Pelotas. Anais do XIX ENPOS\/UFPel. Pelotas: UFPel, 2017. v. 1. p. 1-4.\u00a0<\/span><\/p>\n<p style=\"text-align: justify\">RESENDE, L. M. ; ROCHA, E. . <a href=\"https:\/\/wp.ufpel.edu.br\/prograu\/files\/2019\/06\/19.pdf\">CARTOGRADIA URBANA NA LINHA DE FRONTEIRA: TRAVESSIAS NAS CIDADES G\u00caMEAS BRASIL-URUGUAY.<\/a> In: VIII Semin\u00e1rio de Pesquisa PROGRAU\/UFPEL, 2017, Pelotas. Anais do VIII Semin\u00e1rio de Pesquisa PROGRAU\/UFPEL. Pelotas: PROGRAU, 2017. v. 3. p. 157-166.<\/p>\n<p style=\"text-align: justify\">RESENDE, L. M. ; ROCHA, E. . <a href=\"https:\/\/wp.ufpel.edu.br\/eiccmu\/files\/2018\/04\/ANAIS-6EICCMU-1.pdf\">CARTOGRAFIA URBANA SENS\u00cdVEL: UMA EXPERI\u00caNCIA NA FRONTEIRA BRASIL-URUGUAY.<\/a> In: 6 Encontro Internacional Cidade, Contemporaneidade e Morfologia Urbana, 2017, Pelotas. Anais do 6 Encontro Internacional Cidade, Contemporaneidade e Morfologia Urbana. Pelotas: FAUrb, 2017. v. 1. p. 318-323.<\/p>\n<p style=\"text-align: justify\">PORTELA, L.D. ; ALLEMAND, D. S. ; RESENDE, L. M. ; PINHO, R. B. ; ROCHA, E. . <a href=\"https:\/\/wp.ufpel.edu.br\/travessias\/files\/2018\/05\/paraformal-cic-2015.pdf\">O \u201cPARA-FORMAL\u201d NA FRONTEIRA BRASIL-URUGUAI: controv\u00e9rsias e media\u00e7\u00f5es no espa\u00e7o p\u00fablico <\/a><span style=\"color: #000000;font-size: 1rem\">\u00a0 In: XXIV CIC UFPel, 2015, Pelotas. Anais do XXIV CIC UFPel. Pelotas: UFPel, 2015. v. 1. p. 1-4.<\/span><\/p>\n<p><span style=\"color: #cf4040\"><strong>Resumos publicados em anais de congresso<\/strong><\/span><\/p>\n<p style=\"text-align: justify\">FORNECK, V. ; ROCHA, E. . <a href=\"https:\/\/claec.org\/ehm\/wp-content\/uploads\/sites\/2\/2019\/11\/V-EHM_CADERNO_RESUMOS.pdf\">ABANDONO DE ESTA\u00c7\u00d5ES F\u00c9RREAS: CARTOGRAFIA NAS CIDADES DE JAGUAR\u00c3O E RIO BRANCO NA FRONTEIRA BRASIL-URUGUAY.<\/a> In: IV Encontro Human\u00edstico Multidisciplinar\/III Congresso Latino-Americano de Estudos Human\u00edsticos Multidisciplinares, 2019, Jaguar\u00e3o. Anais do IV Encontro Human\u00edstico Multidisciplinar\/IIICongresso Latino-Americano de Estudos Human\u00edsticos Multidisciplinares. Jaguar\u00e3o: BasiBooks, 2019. v. 1. p. 85-86.<\/p>\n<p style=\"text-align: justify\">SOUZA, H. L. ; ROCHA, E. . <a href=\"https:\/\/claec.org\/ehm\/wp-content\/uploads\/sites\/2\/2019\/11\/V-EHM_CADERNO_RESUMOS.pdf\">TRAVESSIAS NA FRONTEIRA BRASIL-URUGUAY: O AUDIOVISUAL COMO FERRAMENTA DE PESQUISA.<\/a> In: IV Encontro Human\u00edstico Multidisciplinar\/III Congresso Latino-Americano de Estudos Human\u00edsticos Multidisciplinares, 2019, Jaguar\u00e3o. Anais do IV Encontro Human\u00edstico Multidisciplinar\/III Congresso Latino-Americano de Estudos Human\u00edsticos Multidisciplinares. Jaguar\u00e3o: BasiBooks, 2019. v. 1. p. 198-200.<\/p>\n<p style=\"text-align: justify\">RESENDE, L. M. ; ROCHA, E. . <a href=\"https:\/\/2d9febec-9164-4f00-8582-60e0edea63bf.filesusr.com\/ugd\/13b3a8_7dc8102a4ed44cd0beee49384d819d2e.pdf\">CARTOGRAFIA URBANA NA LINHA DE FRONTEIRA: TRAVESSIAS NAS CIDADES G\u00caMEAS BRASIL-URUGUAY.<\/a> In: I CONGRESSO INTERNACIONAL DE PESQUISA EM CULTURA E SOCIEDADE, 2018, Pelotas. Anais do I CONGRESSO INTERNACIONAL DE PESQUISA EM CULTURA E SOCIEDADE. Pelotas: UFPel, 2018. v. 1. p. 129-143.<\/p>\n<p style=\"text-align: justify\"><a href=\"http:\/\/lattes.cnpq.br\/1703526475128461\">DETONI, L. P.<\/a> ; ROCHA, E. . <a href=\"http:\/\/anpur.org.br\/xviienanpur\/principal\/publicacoes\/XVII.ENANPUR_Caderno_de_Resumos\/XVII.ENANPUR_CadernodeResumoDigital.pdf\">CARTOGRAFIAS DAS CIDADES PEQUENAS: O caso de Acegu\u00e1\/BR e Acegua\/UY.<\/a> In: XVII ENANPUR, 2017, S\u00e3o Paulo. Caderno de Resumos. S\u00e3o Paulo: ANPUR, 2017. v. 1. p. 216-216.<\/p>\n<p style=\"text-align: justify\"><a href=\"https:\/\/wp.ufpel.edu.br\/travessias\/files\/2018\/05\/ANAIS-6EICCMU-1.pdf\">Anais do 6\u00ba Encontro Internacional Cidade, Contemporaneidade e Morfologia Urbana 2017 | N \u00b0 3<\/a><span style=\"font-size: 1rem;color: #000000\">\u00a0<span style=\"font-size: 12pt\">Organizadores: Eduardo Rocha, Rafaela Barros de Pinho e Ta\u00eds Beltrame dos Santos.<\/span><\/span><\/p>\n<p style=\"text-align: justify\"><a href=\"https:\/\/wp.ufpel.edu.br\/travessias\/files\/2018\/05\/Anais_5EICCMU_2016-cartografia-em-cidades-pequenas-E-parafomal.pdf\">REFLEX\u00d5ES COM A CIDADE &#8211; Anais do 5\u00ba Encontro Internacional de Cidade + Contemporaneidade e Morfologia Urbana<\/a><span style=\"color: #000000;font-size: 1rem\">\u00a0Organizadores: Carolina Mesquita Clasen; Eduardo Rocha; Ot\u00e1vio Martins Peres e Mauricio Couto Polidori.<\/span><\/p>\n<p style=\"text-align: justify\"><a href=\"https:\/\/wp.ufpel.edu.br\/travessias\/files\/2018\/05\/ANAIS-4EICCMU-1-paraformal-NA-FRONTEIRA-BRASIL-URUGUAI-CONTROV\u00c9RSIAS-E-MEDIA\u00c7\u00d5ES-NO-ESPA\u00c7O-P\u00daBLICO.pdf\">Anais do 4\u00ba Encontro Internacional Cidade, Contemporaneidade e Morfologia Urbana 2015 | N \u00b0 1<\/a><span style=\"font-size: 1rem;color: #000000\"><span style=\"font-size: 12pt\"> Coordenadores: Eduardo Rocha, Rafaela Barros de Pinho e Ta\u00eds Beltrame dos Santos.<\/span><\/span><\/p>\n<p style=\"text-align: justify\"><span style=\"color: #cf4040\"><strong>Trabalhos completos publicados em anais de congressos\u00a0<\/strong><\/span><\/p>\n<p style=\"text-align: justify\">FERREIRA, L. B.; FORNECK, V.; RESENDE, L. M.; BAUMBACH, F. A.; MACHADO, V.; RAMIRES, B.; ROCHA, E. <a href=\"https:\/\/wp.ufpel.edu.br\/eiccmu\/files\/2019\/02\/capa_fapergs-mesclado-compactado.pdf\" target=\"_blank\" rel=\"noopener noreferrer\">Mapas cartogr\u00e1ficos: produ\u00e7\u00e3o \u00e9tica dos percursos na linha de fronteira Brasil-Uruguay. <\/a>In: Anais do 7 Encontro Internacional Cidade, Contemporaneidade e Morfologia Urbana. Pelotas: FAUrb, 2018. v.1. p.82 \u00ad 96.<\/p>\n<p style=\"text-align: justify\">DETONI, Luana; RESENDE, Lorena. <a href=\"https:\/\/wp.ufpel.edu.br\/eiccmu\/files\/2019\/02\/capa_fapergs-mesclado-compactado.pdf\" target=\"_blank\" rel=\"noopener noreferrer\">Mulheres e lugares de fala: um percorrido pelas entrevistas cartogr\u00e1ficas na Fronteira Brasil-Uruguay.<\/a> In: Anais do 7 Encontro Internacional Cidade, Contemporaneidade e Morfologia Urbana. Pelotas: FAUrb, 2018. v.1. p.841\u00ad 868.<\/p>\n<p style=\"text-align: justify\"><a href=\"https:\/\/wp.ufpel.edu.br\/travessias\/files\/2018\/05\/17-enampur-cartografia-das-cidades-pequenas.pdf\">Cartografia das Cidades Pequenas: o caso de Acegu\u00e1\/BR e Acegua\/UY\u00a0<\/a><span style=\"color: #000000;font-size: 1rem\">Autoria: Luana Pavan Detoni e Eduardo Rocha.<\/span><\/p>\n<p style=\"text-align: justify\">ROCHA, E.; RESENDE, L. M. ; PINHO, R. B. . <a href=\"https:\/\/docplayer.com.br\/84789784-Anais-ii-seminario-internacional-america-latina-politicas-e-conflitos-contemporaneos-sialat-tema-colonialidade-poder-e-territorios.html#download_tab_content\">O COM\u00c9RCIO PARA-FORMAL NA FRONTEIRA BRASIL-URUGUAY: OCUPA\u00c7\u00d5ES CONTROVERSAS DO ESPA\u00c7O P\u00daBLICO.<\/a> In: II SIALAT, 2017, Bel\u00e9m. Anais do II SIALAT. Bel\u00e9m: UFPA, 2017. v. 1. p. 3201-3215<\/p>\n<p style=\"text-align: justify\"><a href=\"https:\/\/wp.ufpel.edu.br\/travessias\/files\/2018\/05\/arquitetura-na-fronteira-brasil-uruguay.pdf\">ARQUITETURA NA FRONTEIRA BRASIL-URUGUAY: hospitalidade e \u00e9tica\u00a0<\/a><span style=\"color: #000000;font-size: 1rem\">Autoria: Eduardo Rocha; D\u00e9bora Souto Allemand; Lorena Maia Resende; Luana Pavan Detoni e Rafaela Barros de Pinho.<\/span><\/p>\n<p><span style=\"color: #b30909\"><strong>Cap\u00edtulos de Livros Publicados<\/strong><\/span><\/p>\n<p style=\"text-align: justify\">ROCHA, E.; RESENDE, L. M. ; PORTELA, L. D. ; SOUZA, H. L. . <strong>O Para-formal na Fronteira Brasil-Uruguay: uma viagem pelo come\u0301rcio de rua das cidades limi\u0301trofes.<\/strong> In: Francisca Ferreira Michelon; Matheus Blaas Bastos. (Org.). Fronteiras. 1ed.Pelotas: UFPel, 2019, v. 1, p. 58-72.<\/p>\n<p style=\"text-align: justify\">DETONI, L. P. ; ROCHA, E. . <strong>Cartografia da fronteira em cidades pequenas: o caso de Acegu\u00e1 (Brasil) e Acegua (Uruguai).<\/strong>. In: Paulo Roberto Baqueiro Brand\u00e3o. (Org.). Cidades m\u00e9dias e pequenas: reflex\u00f5es sobre din\u00e2micas espaciais contempor\u00e2neas. 1ed.Curitiba: Prismas, 2018, v. 1, p. 247-272.<\/p>\n<p><span style=\"color: #b30909\"><strong>Teses, Disserta\u00e7\u00f5es e Monografias<\/strong><\/span><\/p>\n<p style=\"text-align: justify\">FORNECK, V. <strong>Abandonos de Esta\u00e7\u00f5es F\u00e9rreas: cartografia nas cidades da fronteira Brasil?Uruguay.<\/strong> Pelotas: PROGRAU\/UFPel. [disserta\u00e7\u00e3o de mestrado em arquitetura e urbanismo].<\/p>\n<p style=\"text-align: justify\">PORTELA, L.D. <strong>Abandonos de povoados: Minas do Camaqu\u00e3 e Minas Coralles na Fronteira Brasil-Uruguay.<\/strong> Pelotas: PROGRAU\/UFPel. [disserta\u00e7\u00e3o de mestrado em arquitetura e urbanismo].<\/p>\n<p style=\"text-align: justify\">SANTOS, T. B. <strong>Seres lentos e (d\u00eas) territ\u00f3rios: cartografia da err\u00e2ncia pelos lugares p\u00fablicos de Pelotas.<\/strong> Pelotas: PROGRAU\/UFPel. [disserta\u00e7\u00e3o de mestrado em arquitetura e urbanismo].<\/p>\n<p style=\"text-align: justify\">MACHADO, Valentina.\u00a0<strong>O Arroio, a Rua, o Verde e a Vida: cartografia do caminhar nas bordas do arroio Pepino.<\/strong> Pelotas: PROGRAU\/UFPel, 2020. [disserta\u00e7\u00e3o de mestrado em arquitetura e urbanismo].<\/p>\n<p style=\"text-align: justify\">RESENDE, L. M.<strong> Cartografia Urbana na Linha de Fronteira: travessias nas cidades g\u00eameas BR-UY.<\/strong>\u00a0Pelotas: PROGRAU\/UFPel, 2019. [disserta\u00e7\u00e3o de mestrado em arquitetura e urbanismo].<\/p>\n<p style=\"text-align: justify\">DETONI, Luana Pavan.\u00a0<strong>Cidades Pequenas: territ\u00f3rio de um devir menor na contemporaneidade.<\/strong> Pelotas: PROGRAU\/UFPel, 2018. [disserta\u00e7\u00e3o de mestrado em arquitetura e urbanismo].<\/p>\n<p><span style=\"color: #b30909\"><strong>Outros<\/strong><\/span><\/p>\n<p><a href=\"https:\/\/wp.ufpel.edu.br\/travessias\/files\/2018\/05\/estatuto-da-fronteira.pdf\">Estatuto da fronteira (PDF)<\/a><\/p>\n","protected":false},"excerpt":{"rendered":"<p>Artigos publicados em peri\u00f3dicos ROCHA, Eduardo; RESENDE, Lorena Maia. Para-\u00adFormal Commerce: a cartography of public space in the Brazil\u00adUruguay border. URBE. REVISTA BRASILEIRA DE GEST\u00c3O URBANA. v.11, p.1 \u00ad 16, 2019. ROCHA, E.; RESENDE, Lorena. M. ; DETONI, L. P. ; SANTOS, T. B. ; FORNECK, V. . Caminhar e Cartografar: travessia na fronteira Chu\u00ed-BR &hellip; <\/p>\n<p class=\"link-more\"><a href=\"https:\/\/wp.ufpel.edu.br\/travessias\/escritos\/\" class=\"more-link\">Continue lendo<span class=\"screen-reader-text\"> &#8220;Publica\u00e7\u00f5es&#8221;<\/span><\/a><\/p>\n","protected":false},"author":716,"featured_media":0,"parent":0,"menu_order":0,"comment_status":"closed","ping_status":"closed","template":"","meta":{"jetpack_post_was_ever_published":false,"footnotes":""},"class_list":["post-39","page","type-page","status-publish","hentry"],"jetpack_sharing_enabled":true,"jetpack_shortlink":"https:\/\/wp.me\/P9QwLM-D","jetpack-related-posts":[],"_links":{"self":[{"href":"https:\/\/wp.ufpel.edu.br\/travessias\/wp-json\/wp\/v2\/pages\/39","targetHints":{"allow":["GET"]}}],"collection":[{"href":"https:\/\/wp.ufpel.edu.br\/travessias\/wp-json\/wp\/v2\/pages"}],"about":[{"href":"https:\/\/wp.ufpel.edu.br\/travessias\/wp-json\/wp\/v2\/types\/page"}],"author":[{"embeddable":true,"href":"https:\/\/wp.ufpel.edu.br\/travessias\/wp-json\/wp\/v2\/users\/716"}],"replies":[{"embeddable":true,"href":"https:\/\/wp.ufpel.edu.br\/travessias\/wp-json\/wp\/v2\/comments?post=39"}],"version-history":[{"count":13,"href":"https:\/\/wp.ufpel.edu.br\/travessias\/wp-json\/wp\/v2\/pages\/39\/revisions"}],"predecessor-version":[{"id":971,"href":"https:\/\/wp.ufpel.edu.br\/travessias\/wp-json\/wp\/v2\/pages\/39\/revisions\/971"}],"wp:attachment":[{"href":"https:\/\/wp.ufpel.edu.br\/travessias\/wp-json\/wp\/v2\/media?parent=39"}],"curies":[{"name":"wp","href":"https:\/\/api.w.org\/{rel}","templated":true}]}}