{"id":33,"date":"2017-06-12T10:06:26","date_gmt":"2017-06-12T13:06:26","guid":{"rendered":"https:\/\/wp.ufpel.edu.br\/transposicaosociologia\/?page_id=33"},"modified":"2026-02-27T10:07:36","modified_gmt":"2026-02-27T13:07:36","slug":"repositorio-e-transposicoes","status":"publish","type":"page","link":"https:\/\/wp.ufpel.edu.br\/transposicaosociologia\/repositorio-e-transposicoes\/","title":{"rendered":"Transposi\u00e7\u00f5es"},"content":{"rendered":"<p><a href=\"https:\/\/wp.ufpel.edu.br\/transposicaosociologia\/files\/2026\/02\/Industria-Cultural-e-Cultura-Popular-.pdf\">Ind\u00fastria Cultural e Cultura Popular<\/a><\/p>\n<p><a href=\"https:\/\/wp.ufpel.edu.br\/transposicaosociologia\/files\/2026\/02\/WEBER-principais-conceitos.pdf\">WEBER principais conceitos<\/a><\/p>\n<p><a href=\"https:\/\/wp.ufpel.edu.br\/transposicaosociologia\/files\/2026\/02\/Meio-Ambiente.pdf\">Meio Ambiente<\/a><\/p>\n<p><a href=\"https:\/\/wp.ufpel.edu.br\/transposicaosociologia\/files\/2026\/02\/Estigma-Erving-Goffman.pdf\">Estigma Erving Goffman<\/a><\/p>\n<p><a href=\"https:\/\/wp.ufpel.edu.br\/transposicaosociologia\/files\/2026\/02\/Necropolitica-.pdf\">Necropolitica<\/a><\/p>\n<p><a href=\"https:\/\/wp.ufpel.edu.br\/transposicaosociologia\/files\/2026\/02\/Cordel-da-Vigilancia-Foucault-Biopolitica-e-Racismo-Digital.pdf\">Cordel da Vigil\u00e2ncia &#8211; Foucault Biopol\u00edtica e Racismo Digital<\/a><\/p>\n<p><a href=\"https:\/\/wp.ufpel.edu.br\/transposicaosociologia\/files\/2026\/02\/transp-Palimpsesto-Cultural.pdf\">\u00a0Palimpsesto<\/a><\/p>\n<p><a href=\"https:\/\/wp.ufpel.edu.br\/transposicaosociologia\/files\/2024\/08\/poder-Weber.pdf\">Poder Weber<\/a><\/p>\n<p><a href=\"https:\/\/wp.ufpel.edu.br\/transposicaosociologia\/files\/2024\/08\/Trabalho-Marx.pdf\">Trabalho Marx<\/a><\/p>\n<p><a href=\"https:\/\/wp.ufpel.edu.br\/transposicaosociologia\/files\/2026\/02\/Conceitos-trabalho-Marx.pdf\">Conceitos trabalho Marx<\/a><\/p>\n<p><a href=\"https:\/\/wp.ufpel.edu.br\/transposicaosociologia\/files\/2024\/08\/A-revista-da-industria-cultural.pdf\">A revista da industria cultural<\/a><\/p>\n<p><a href=\"https:\/\/wp.ufpel.edu.br\/transposicaosociologia\/files\/2024\/08\/Consequencia-da-modernidade-Giddens.pdf\">Consequ\u00ebncia da modernidade Giddens<\/a><\/p>\n<p><a href=\"https:\/\/drive.google.com\/file\/d\/1d-FPF7CFQkFL_F8WZE3jBZDJRXRaC1pu\/view\">Sociologia do Trabalho<\/a><\/p>\n<p><a href=\"https:\/\/wp.ufpel.edu.br\/transposicaosociologia\/files\/2021\/09\/Transposicao-Didatica-Papeis-Sociais-Erving-Goffman.pdf\">Transposi\u00e7\u00e3o Did\u00e1tica &#8211; Pap\u00e9is Sociais &#8211; Erving Goffman<\/a><\/p>\n<p><a href=\"https:\/\/wp.ufpel.edu.br\/transposicaosociologia\/files\/2021\/03\/zine-movimentos-sociais-1.pdf\">zine movimentos sociais (vol. 1 &#8211; 2 &#8211; 3)<\/a><\/p>\n<p><a href=\"https:\/\/wp.ufpel.edu.br\/transposicaosociologia\/files\/2021\/03\/O-Guia-de-Sobrevivencia-do-Principe-1.pdf\">O Guia de Sobreviv\u00eancia do Pr\u00edncipe<\/a><\/p>\n<p><a href=\"https:\/\/wp.ufpel.edu.br\/transposicaosociologia\/files\/2019\/08\/Transposi\u00e7\u00e3o-Carnavais-Malandros-e-Herois-Est\u00e1gio-I-1.pdf\">Transposi\u00e7\u00e3o Carnavais Malandros e Herois<\/a><\/p>\n<p><a href=\"https:\/\/wp.ufpel.edu.br\/transposicaosociologia\/files\/2017\/06\/durkheim-solidariedades.pdf\">Durkheim &#8211; solidariedades<\/a><\/p>\n<p><a href=\"https:\/\/wp.ufpel.edu.br\/transposicaosociologia\/files\/2019\/08\/Transposi\u00e7\u00e3o-Did\u00e1tica-Hobbes.pdf\">Hobbes &#8211; Leviat\u00e3<\/a><\/p>\n<p><a href=\"https:\/\/wp.ufpel.edu.br\/transposicaosociologia\/files\/2017\/06\/hall-identidade.pdf\">Hall &#8211; identidade<\/a><\/p>\n<p><a href=\"https:\/\/wp.ufpel.edu.br\/transposicaosociologia\/files\/2017\/06\/martins-sociedade-do-abismo.pdf\">Martins\u00a0 &#8211; sociedade do abismo<\/a><\/p>\n<p><a href=\"https:\/\/wp.ufpel.edu.br\/transposicaosociologia\/files\/2017\/06\/max-weber-ciencia-e-politica.pdf\">Weber &#8211; ciencia e politica<\/a><\/p>\n<p><a href=\"https:\/\/wp.ufpel.edu.br\/transposicaosociologia\/files\/2017\/06\/weber-\u00e9tica.pdf\">Weber &#8211; \u00e9tica<\/a><\/p>\n<p><a href=\"https:\/\/wp.ufpel.edu.br\/transposicaosociologia\/files\/2022\/10\/Cordel-Poder-VersAo-Final.pdf\">Cordel &#8211; Poder Foucault<\/a><\/p>\n<p><a href=\"https:\/\/wp.ufpel.edu.br\/transposicaosociologia\/files\/2022\/10\/Movimentos-sociais-2.pdf\">Movimentos sociais 2<\/a><\/p>\n","protected":false},"excerpt":{"rendered":"<p>Ind\u00fastria Cultural e Cultura Popular WEBER principais conceitos Meio Ambiente Estigma Erving Goffman Necropolitica Cordel da Vigil\u00e2ncia &#8211; Foucault Biopol\u00edtica e Racismo Digital \u00a0Palimpsesto Poder Weber Trabalho Marx Conceitos trabalho Marx A revista da industria cultural Consequ\u00ebncia da modernidade Giddens Sociologia do Trabalho Transposi\u00e7\u00e3o Did\u00e1tica &#8211; Pap\u00e9is Sociais &#8211; Erving Goffman zine movimentos sociais (vol. [&hellip;]<\/p>\n","protected":false},"author":761,"featured_media":0,"parent":0,"menu_order":1,"comment_status":"closed","ping_status":"closed","template":"","meta":{"footnotes":""},"class_list":["post-33","page","type-page","status-publish","hentry"],"_links":{"self":[{"href":"https:\/\/wp.ufpel.edu.br\/transposicaosociologia\/wp-json\/wp\/v2\/pages\/33","targetHints":{"allow":["GET"]}}],"collection":[{"href":"https:\/\/wp.ufpel.edu.br\/transposicaosociologia\/wp-json\/wp\/v2\/pages"}],"about":[{"href":"https:\/\/wp.ufpel.edu.br\/transposicaosociologia\/wp-json\/wp\/v2\/types\/page"}],"author":[{"embeddable":true,"href":"https:\/\/wp.ufpel.edu.br\/transposicaosociologia\/wp-json\/wp\/v2\/users\/761"}],"replies":[{"embeddable":true,"href":"https:\/\/wp.ufpel.edu.br\/transposicaosociologia\/wp-json\/wp\/v2\/comments?post=33"}],"version-history":[{"count":3,"href":"https:\/\/wp.ufpel.edu.br\/transposicaosociologia\/wp-json\/wp\/v2\/pages\/33\/revisions"}],"predecessor-version":[{"id":247,"href":"https:\/\/wp.ufpel.edu.br\/transposicaosociologia\/wp-json\/wp\/v2\/pages\/33\/revisions\/247"}],"wp:attachment":[{"href":"https:\/\/wp.ufpel.edu.br\/transposicaosociologia\/wp-json\/wp\/v2\/media?parent=33"}],"curies":[{"name":"wp","href":"https:\/\/api.w.org\/{rel}","templated":true}]}}