{"id":53,"date":"2017-10-13T17:13:03","date_gmt":"2017-10-13T20:13:03","guid":{"rendered":"https:\/\/wp.ufpel.edu.br\/transporte\/?page_id=53"},"modified":"2022-04-12T17:13:35","modified_gmt":"2022-04-12T20:13:35","slug":"manutencao","status":"publish","type":"page","link":"https:\/\/wp.ufpel.edu.br\/transporte\/manutencao\/","title":{"rendered":"Manuten\u00e7\u00e3o de Ve\u00edculos Oficiais &#8211; UFPel"},"content":{"rendered":"<p><a href=\"https:\/\/cobalto.ufpel.edu.br\/\"><img class=\"aligncenter wp-image-746 size-full\" src=\"https:\/\/wp.ufpel.edu.br\/transporte\/files\/2021\/02\/6.png\" alt=\"\" width=\"424\" height=\"100\" srcset=\"https:\/\/wp.ufpel.edu.br\/transporte\/files\/2021\/02\/6.png 424w, https:\/\/wp.ufpel.edu.br\/transporte\/files\/2021\/02\/6-400x94.png 400w\" sizes=\"(max-width: 424px) 100vw, 424px\" \/><\/a><\/p>\n<p><a href=\"https:\/\/wp.ufpel.edu.br\/transporte\/files\/2022\/04\/Apresntacao___Formulario_pedido_Manutencao___COBALTO.pdf\"><img class=\"aligncenter wp-image-1017 size-full\" src=\"https:\/\/wp.ufpel.edu.br\/transporte\/files\/2022\/01\/Orientacoes.png\" alt=\"\" width=\"424\" height=\"100\" srcset=\"https:\/\/wp.ufpel.edu.br\/transporte\/files\/2022\/01\/Orientacoes.png 424w, https:\/\/wp.ufpel.edu.br\/transporte\/files\/2022\/01\/Orientacoes-400x94.png 400w\" sizes=\"(max-width: 424px) 100vw, 424px\" \/><\/a><\/p>\n\n\n<p>As solicita\u00e7\u00f5es para <strong>manuten\u00e7\u00e3o preventiva, preditiva ou corretiva dos ve\u00edculos oficiais da UFPel<\/strong> dever\u00e1 ser efetuada <strong>SOMENTE via Plataforma COBALTO<\/strong>, pelo Menu \u2013 <strong>UFPEL \u2014 Infraestrutura \u2014 Cadastro \u2014 \u201cFrota \u2013 Manuten\u00e7\u00e3o\u201d<\/strong>, conforme orientado no Memorando-Circular 2 do NuTrans.<\/p>\n","protected":false},"excerpt":{"rendered":"<p>As solicita\u00e7\u00f5es para manuten\u00e7\u00e3o preventiva, preditiva ou corretiva dos ve\u00edculos oficiais da UFPel dever\u00e1 ser efetuada SOMENTE via Plataforma COBALTO, pelo Menu \u2013 UFPEL \u2014 Infraestrutura \u2014 Cadastro \u2014 \u201cFrota \u2013 Manuten\u00e7\u00e3o\u201d, conforme orientado no Memorando-Circular 2 do NuTrans.<\/p>\n","protected":false},"author":41,"featured_media":55,"parent":0,"menu_order":0,"comment_status":"closed","ping_status":"closed","template":"","meta":{"footnotes":""},"class_list":["post-53","page","type-page","status-publish","has-post-thumbnail","hentry"],"_links":{"self":[{"href":"https:\/\/wp.ufpel.edu.br\/transporte\/wp-json\/wp\/v2\/pages\/53","targetHints":{"allow":["GET"]}}],"collection":[{"href":"https:\/\/wp.ufpel.edu.br\/transporte\/wp-json\/wp\/v2\/pages"}],"about":[{"href":"https:\/\/wp.ufpel.edu.br\/transporte\/wp-json\/wp\/v2\/types\/page"}],"author":[{"embeddable":true,"href":"https:\/\/wp.ufpel.edu.br\/transporte\/wp-json\/wp\/v2\/users\/41"}],"replies":[{"embeddable":true,"href":"https:\/\/wp.ufpel.edu.br\/transporte\/wp-json\/wp\/v2\/comments?post=53"}],"version-history":[{"count":11,"href":"https:\/\/wp.ufpel.edu.br\/transporte\/wp-json\/wp\/v2\/pages\/53\/revisions"}],"predecessor-version":[{"id":1057,"href":"https:\/\/wp.ufpel.edu.br\/transporte\/wp-json\/wp\/v2\/pages\/53\/revisions\/1057"}],"wp:featuredmedia":[{"embeddable":true,"href":"https:\/\/wp.ufpel.edu.br\/transporte\/wp-json\/wp\/v2\/media\/55"}],"wp:attachment":[{"href":"https:\/\/wp.ufpel.edu.br\/transporte\/wp-json\/wp\/v2\/media?parent=53"}],"curies":[{"name":"wp","href":"https:\/\/api.w.org\/{rel}","templated":true}]}}

Manutenção de Veículos Oficiais &#8211; UFPel

<p><a href="https://cobalto.ufpel.edu.br/"><img class="aligncenter wp-image-746 size-full" src="https://wp.ufpel.edu.br/transporte/files/2021/02/6.png" alt="" width="424" height="100" srcset="https://wp.ufpel.edu.br/transporte/files/2021/02/6.png 424w, https://wp.ufpel.edu.br/transporte/files/2021/02/6-400x94.png 400w" sizes="(max-width: 424px) 100vw, 424px" /></a></p>
<p><a href="https://wp.ufpel.edu.br/transporte/files/2022/04/Apresntacao___Formulario_pedido_Manutencao___COBALTO.pdf"><img class="aligncenter wp-image-1017 size-full" src="https://wp.ufpel.edu.br/transporte/files/2022/01/Orientacoes.png" alt="" width="424" height="100" srcset="https://wp.ufpel.edu.br/transporte/files/2022/01/Orientacoes.png 424w, https://wp.ufpel.edu.br/transporte/files/2022/01/Orientacoes-400x94.png 400w" sizes="(max-width: 424px) 100vw, 424px" /></a></p>


<p>As solicitações para <strong>manutenção preventiva, preditiva ou corretiva dos veículos oficiais da UFPel</strong> deverá ser efetuada <strong>SOMENTE via Plataforma COBALTO</strong>, pelo Menu – <strong>UFPEL — Infraestrutura — Cadastro — “Frota – Manutenção”</strong>, conforme orientado no Memorando-Circular 2 do NuTrans.</p>

<p>As solicitações para manutenção preventiva, preditiva ou corretiva dos veículos oficiais da UFPel deverá ser efetuada SOMENTE via Plataforma COBALTO, pelo Menu – UFPEL — Infraestrutura — Cadastro — “Frota – Manutenção”, conforme orientado no Memorando-Circular 2 do NuTrans.</p>
