{"id":49,"date":"2017-10-13T17:11:08","date_gmt":"2017-10-13T20:11:08","guid":{"rendered":"https:\/\/wp.ufpel.edu.br\/transporte\/?page_id=49"},"modified":"2026-04-22T19:27:33","modified_gmt":"2026-04-22T22:27:33","slug":"documentos","status":"publish","type":"page","link":"https:\/\/wp.ufpel.edu.br\/transporte\/documentos\/","title":{"rendered":"Documentos"},"content":{"rendered":"\n<hr class=\"wp-block-separator has-alpha-channel-opacity\" \/>\n\n\n\n<div class=\"wp-block-group\"><div class=\"wp-block-group__inner-container is-layout-constrained wp-block-group-is-layout-constrained\">\n<h2 class=\"wp-block-heading\">Memorandos-Circulares<\/h2>\n\n\n\n<p><a href=\"https:\/\/wp.ufpel.edu.br\/transporte\/files\/2026\/04\/Politica-de-Viagens-Regras-transitorias-para-solicitacao-e-execucao-de-viagens-academicas-2026.01-SEI-Processo-23110.010729.2026-90.pdf\">Memorando-Circular n\u00ba 01\/2026 (Processo SEI n\u00ba 23110.010729\/2026-90)<\/a><\/p>\n\n\n\n<p>Memorando-Circular n\u00ba 08\/2022 (SEI n\u00ba 1787545)<\/p>\n<\/div><\/div>\n\n\n\n<hr class=\"wp-block-separator has-alpha-channel-opacity\" \/>\n\n\n\n<h2 class=\"wp-block-heading\">Manuais<\/h2>\n\n\n\n<p><a href=\"https:\/\/wp.ufpel.edu.br\/transporte\/documentos\/manual-do-transporte_rev0120abr22\/\">Manual de Utiliza\u00e7\u00e3o de Ve\u00edculos Oficiais da UFPel<\/a><\/p>\n\n\n\n<p><a href=\"https:\/\/wp.ufpel.edu.br\/transporte\/files\/2022\/04\/Sistema-de-Agendamento.pdf\">Manual de Agendamento de Viagens atrav\u00e9s do COBALTO;<\/a><\/p>\n\n\n\n<p><a href=\"https:\/\/wp.ufpel.edu.br\/transporte\/files\/2022\/04\/Apresntacao___Formulario_pedido_Manutencao___COBALTO.pdf\">Manual de preenchimento do Formul\u00e1rio de Pedido de Manuten\u00e7\u00e3o dos Ve\u00edculos Oficiais da Frota da UFPel;<\/a><\/p>\n\n\n\n<hr class=\"wp-block-separator has-alpha-channel-opacity\" \/>\n\n\n\n<h2 class=\"wp-block-heading\">Legisla\u00e7\u00e3o<\/h2>\n\n\n\n<p><a href=\"http:\/\/www.comprasnet.gov.br\/legislacao\/in\/in03_08.htm\" target=\"_blank\" rel=\"noreferrer noopener\">IN 03\/2008<\/a> &#8211; Disp\u00f5e sobre a classifica\u00e7\u00e3o, utiliza\u00e7\u00e3o, especifica\u00e7\u00e3o, identifica\u00e7\u00e3o, aquisi\u00e7\u00e3o e aliena\u00e7\u00e3o de ve\u00edculos oficiais e d\u00e1 outras provid\u00eancias.<\/p>\n\n\n\n<p><a href=\"http:\/\/www.planalto.gov.br\/ccivil_03\/leis\/l9327.htm#:~:text=LEI%20N%C2%BA%209.327%2C%20DE%209,Art.\" target=\"_blank\" rel=\"noreferrer noopener\">Lei n\u00ba 9327\/1996<\/a> &#8211; Disp\u00f5e sobre a condu\u00e7\u00e3o de ve\u00edculo oficial.<\/p>\n\n\n\n<p><a href=\"http:\/\/www.planalto.gov.br\/ccivil_03\/_ato2015-2018\/2018\/decreto\/D9287.htm\" target=\"_blank\" rel=\"noreferrer noopener\">Decreto n\u00ba 9287\/2018<\/a> &#8211; Disp\u00f5e sobre a utiliza\u00e7\u00e3o de ve\u00edculos oficiais pela administra\u00e7\u00e3o p\u00fablica federal direta, aut\u00e1rquica e fundacional.\u00a0<\/p>\n\n\n\n<p><a href=\"https:\/\/leismunicipais.com.br\/a1\/rs\/p\/pelotas\/lei-ordinaria\/2017\/653\/6521\/lei-ordinaria-n-6521-2017-propoe-acrescimo-de-paragrafos-ao-art-1-da-lei-n-6135-2014-que-dispoe-acerca-de-criterios-para-desembarque-de-mulheres-fora-das-paradas-de-onibus-em-periodos-noturnos-nos-veiculos-de-transporte-coletivo-urbano-e-rural-do-municipio-de-pelotas-e-da-outras-providencias?r=p\" target=\"_blank\" rel=\"noreferrer noopener\">Lei 6521\/2017<\/a> &#8211; Municipio de Pelotas &#8211;\u00a0disp\u00f5e acerca de crit\u00e9rios para desembarque de mulheres fora das paradas de \u00f4nibus em per\u00edodos noturnos, nos ve\u00edculos de transporte coletivo urbano e rural do Munic\u00edpio de Pelotas e d\u00e1 outras provid\u00eancias.<\/p>\n\n\n\n<p><a href=\"https:\/\/www.planalto.gov.br\/ccivil_03\/leis\/l10048.htm\" target=\"_blank\" rel=\"noreferrer noopener\">Lei 10048\/2000<\/a> &#8211; D\u00e1 prioridade de atendimento \u00e0s pessoas que especifica, e d\u00e1 outras provid\u00eancias.<\/p>\n\n\n\n<hr class=\"wp-block-separator has-alpha-channel-opacity\" \/>\n\n\n\n<p><\/p>\n","protected":false},"excerpt":{"rendered":"<p>Memorandos-Circulares Memorando-Circular n\u00ba 01\/2026 (Processo SEI n\u00ba 23110.010729\/2026-90) Memorando-Circular n\u00ba 08\/2022 (SEI n\u00ba 1787545) Manuais Manual de Utiliza\u00e7\u00e3o de Ve\u00edculos Oficiais da UFPel Manual de Agendamento de Viagens atrav\u00e9s do COBALTO; Manual de preenchimento do Formul\u00e1rio de Pedido de Manuten\u00e7\u00e3o dos Ve\u00edculos Oficiais da Frota da UFPel; Legisla\u00e7\u00e3o IN 03\/2008 &#8211; Disp\u00f5e sobre a classifica\u00e7\u00e3o, [&hellip;]<\/p>\n","protected":false},"author":41,"featured_media":0,"parent":0,"menu_order":0,"comment_status":"closed","ping_status":"closed","template":"page-sem-sidebar.php","meta":{"footnotes":""},"class_list":["post-49","page","type-page","status-publish","hentry"],"_links":{"self":[{"href":"https:\/\/wp.ufpel.edu.br\/transporte\/wp-json\/wp\/v2\/pages\/49","targetHints":{"allow":["GET"]}}],"collection":[{"href":"https:\/\/wp.ufpel.edu.br\/transporte\/wp-json\/wp\/v2\/pages"}],"about":[{"href":"https:\/\/wp.ufpel.edu.br\/transporte\/wp-json\/wp\/v2\/types\/page"}],"author":[{"embeddable":true,"href":"https:\/\/wp.ufpel.edu.br\/transporte\/wp-json\/wp\/v2\/users\/41"}],"replies":[{"embeddable":true,"href":"https:\/\/wp.ufpel.edu.br\/transporte\/wp-json\/wp\/v2\/comments?post=49"}],"version-history":[{"count":5,"href":"https:\/\/wp.ufpel.edu.br\/transporte\/wp-json\/wp\/v2\/pages\/49\/revisions"}],"predecessor-version":[{"id":1748,"href":"https:\/\/wp.ufpel.edu.br\/transporte\/wp-json\/wp\/v2\/pages\/49\/revisions\/1748"}],"wp:attachment":[{"href":"https:\/\/wp.ufpel.edu.br\/transporte\/wp-json\/wp\/v2\/media?parent=49"}],"curies":[{"name":"wp","href":"https:\/\/api.w.org\/{rel}","templated":true}]}}

<hr class="wp-block-separator has-alpha-channel-opacity" />



<div class="wp-block-group"><div class="wp-block-group__inner-container is-layout-constrained wp-block-group-is-layout-constrained">
<h2 class="wp-block-heading">Memorandos-Circulares</h2>



<p><a href="https://wp.ufpel.edu.br/transporte/files/2026/04/Politica-de-Viagens-Regras-transitorias-para-solicitacao-e-execucao-de-viagens-academicas-2026.01-SEI-Processo-23110.010729.2026-90.pdf">Memorando-Circular nº 01/2026 (Processo SEI nº 23110.010729/2026-90)</a></p>



<p>Memorando-Circular nº 08/2022 (SEI nº 1787545)</p>
</div></div>



<hr class="wp-block-separator has-alpha-channel-opacity" />



<h2 class="wp-block-heading">Manuais</h2>



<p><a href="https://wp.ufpel.edu.br/transporte/documentos/manual-do-transporte_rev0120abr22/">Manual de Utilização de Veículos Oficiais da UFPel</a></p>



<p><a href="https://wp.ufpel.edu.br/transporte/files/2022/04/Sistema-de-Agendamento.pdf">Manual de Agendamento de Viagens através do COBALTO;</a></p>



<p><a href="https://wp.ufpel.edu.br/transporte/files/2022/04/Apresntacao___Formulario_pedido_Manutencao___COBALTO.pdf">Manual de preenchimento do Formulário de Pedido de Manutenção dos Veículos Oficiais da Frota da UFPel;</a></p>



<hr class="wp-block-separator has-alpha-channel-opacity" />



<h2 class="wp-block-heading">Legislação</h2>



<p><a href="http://www.comprasnet.gov.br/legislacao/in/in03_08.htm" target="_blank" rel="noreferrer noopener">IN 03/2008</a> &#8211; Dispõe sobre a classificação, utilização, especificação, identificação, aquisição e alienação de veículos oficiais e dá outras providências.</p>



<p><a href="http://www.planalto.gov.br/ccivil_03/leis/l9327.htm#:~:text=LEI%20N%C2%BA%209.327%2C%20DE%209,Art." target="_blank" rel="noreferrer noopener">Lei nº 9327/1996</a> &#8211; Dispõe sobre a condução de veículo oficial.</p>



<p><a href="http://www.planalto.gov.br/ccivil_03/_ato2015-2018/2018/decreto/D9287.htm" target="_blank" rel="noreferrer noopener">Decreto nº 9287/2018</a> &#8211; Dispõe sobre a utilização de veículos oficiais pela administração pública federal direta, autárquica e fundacional. </p>



<p><a href="https://leismunicipais.com.br/a1/rs/p/pelotas/lei-ordinaria/2017/653/6521/lei-ordinaria-n-6521-2017-propoe-acrescimo-de-paragrafos-ao-art-1-da-lei-n-6135-2014-que-dispoe-acerca-de-criterios-para-desembarque-de-mulheres-fora-das-paradas-de-onibus-em-periodos-noturnos-nos-veiculos-de-transporte-coletivo-urbano-e-rural-do-municipio-de-pelotas-e-da-outras-providencias?r=p" target="_blank" rel="noreferrer noopener">Lei 6521/2017</a> &#8211; Municipio de Pelotas &#8211; dispõe acerca de critérios para desembarque de mulheres fora das paradas de ônibus em períodos noturnos, nos veículos de transporte coletivo urbano e rural do Município de Pelotas e dá outras providências.</p>



<p><a href="https://www.planalto.gov.br/ccivil_03/leis/l10048.htm" target="_blank" rel="noreferrer noopener">Lei 10048/2000</a> &#8211; Dá prioridade de atendimento às pessoas que especifica, e dá outras providências.</p>



<hr class="wp-block-separator has-alpha-channel-opacity" />



<p></p>

<p>Memorandos-Circulares Memorando-Circular nº 01/2026 (Processo SEI nº 23110.010729/2026-90) Memorando-Circular nº 08/2022 (SEI nº 1787545) Manuais Manual de Utilização de Veículos Oficiais da UFPel Manual de Agendamento de Viagens através do COBALTO; Manual de preenchimento do Formulário de Pedido de Manutenção dos Veículos Oficiais da Frota da UFPel; Legislação IN 03/2008 &#8211; Dispõe sobre a classificação, [&hellip;]</p>
