{"id":237,"date":"2022-04-19T15:52:15","date_gmt":"2022-04-19T18:52:15","guid":{"rendered":"https:\/\/wp.ufpel.edu.br\/traducaovisualacessivel\/?page_id=237"},"modified":"2022-05-20T19:01:05","modified_gmt":"2022-05-20T22:01:05","slug":"presentacion","status":"publish","type":"page","link":"https:\/\/wp.ufpel.edu.br\/traducaovisualacessivel\/presentacion\/","title":{"rendered":"PRESENTACI\u00d3N"},"content":{"rendered":"<p>GRUPO DE INVESTIGACI\u00d3N TRADUCCI\u00d3N VISUAL ACCESSIBLE<\/p>\n<p><img loading=\"lazy\" decoding=\"async\" class=\"size-medium wp-image-12 aligncenter\" src=\"https:\/\/wp.ufpel.edu.br\/traducaovisualacessivel\/files\/2022\/03\/trad-visual-acess-LOGO-1-400x222.jpg\" alt=\"LOGO TVA\" width=\"400\" height=\"222\" \/><\/p>\n<p>Bienvenidos.<\/p>\n<p>Este es el sitio de contacto con usuarios acerca de las actividades del Grupo de Investigaci\u00f3n en Traducci\u00f3n Accesible, certificado por el CNPq desde 2016. El grupo tiene tres l\u00edneas de investigaci\u00f3n: Acciones afirmativas y traducci\u00f3n; Estudios Cognitivos en Traducci\u00f3n y Traducci\u00f3n Visual Accesible en el que participan investigadores y colaboradores nacionales e internacionales.<\/p>\n<p>El Grupo de Investigaci\u00f3n tiene como objetivo desarrollar estudios de investigaci\u00f3n con el fin de integrar acciones efectivas de accesibilidad visual dentro de las Universidades, ampliando sus actividades en la comunidad de personas con discapacidad visual a nivel nacional e internacional, a medida que se desarrollan proyectos con los socios involucrados.<\/p>\n<p>El presente sitio tiene como objetivo informar a los usuarios acerca del trabajo que vienen realizando los profesores associados del \u00e1rea de traducci\u00f3n de la Universidad Federal de Pelotas y de la Facultad de Traducci\u00f3n e Interpretaci\u00f3n de la Universidad de Granada (UGR), especialmente\u00a0 las profesoras Ana D\u00edas Ferrero y Catalina Jim\u00e9nez Hurtado, representando la UGR. La profesora Let\u00edcia Lorier tambi\u00e9n participa en este grupo docente, representando la Universidad de la Rep\u00fablica de Uruguay.<\/p>\n<p>Como blanco a alcanzar, el Grupo pretende contribuir con nuevos avances en los Estudios de Traducci\u00f3n, especialmente en el \u00e1rea en cuesti\u00f3n y con el desarrollo del \u00e1rea de Traducci\u00f3n Visual Accesible, con la difusi\u00f3n de t\u00e9cnicas y recursos y con la formaci\u00f3n de profesionales y multiplicadores, cuya necesidad apremia, con la expansi\u00f3n de demandas sociales de esta naturaleza.<\/p>\n","protected":false},"excerpt":{"rendered":"<p>GRUPO DE INVESTIGACI\u00d3N TRADUCCI\u00d3N VISUAL ACCESSIBLE Bienvenidos. Este es el sitio de contacto con usuarios acerca de las actividades del Grupo de Investigaci\u00f3n en Traducci\u00f3n Accesible, certificado por el CNPq desde 2016. El grupo tiene tres l\u00edneas de investigaci\u00f3n: Acciones afirmativas y traducci\u00f3n; Estudios Cognitivos en Traducci\u00f3n y Traducci\u00f3n Visual Accesible en el que participan &hellip; <a href=\"https:\/\/wp.ufpel.edu.br\/traducaovisualacessivel\/presentacion\/\" class=\"more-link\">Continue lendo <span class=\"screen-reader-text\">PRESENTACI\u00d3N<\/span> <span class=\"meta-nav\">&rarr;<\/span><\/a><\/p>\n","protected":false},"author":470,"featured_media":0,"parent":0,"menu_order":0,"comment_status":"closed","ping_status":"closed","template":"page-templates\/full-width.php","meta":{"footnotes":""},"class_list":["post-237","page","type-page","status-publish","hentry"],"publishpress_future_action":{"enabled":false,"date":"2026-04-13 11:47:53","action":"change-status","newStatus":"draft","terms":[],"taxonomy":"","extraData":[]},"publishpress_future_workflow_manual_trigger":{"enabledWorkflows":[]},"_links":{"self":[{"href":"https:\/\/wp.ufpel.edu.br\/traducaovisualacessivel\/wp-json\/wp\/v2\/pages\/237","targetHints":{"allow":["GET"]}}],"collection":[{"href":"https:\/\/wp.ufpel.edu.br\/traducaovisualacessivel\/wp-json\/wp\/v2\/pages"}],"about":[{"href":"https:\/\/wp.ufpel.edu.br\/traducaovisualacessivel\/wp-json\/wp\/v2\/types\/page"}],"author":[{"embeddable":true,"href":"https:\/\/wp.ufpel.edu.br\/traducaovisualacessivel\/wp-json\/wp\/v2\/users\/470"}],"replies":[{"embeddable":true,"href":"https:\/\/wp.ufpel.edu.br\/traducaovisualacessivel\/wp-json\/wp\/v2\/comments?post=237"}],"version-history":[{"count":5,"href":"https:\/\/wp.ufpel.edu.br\/traducaovisualacessivel\/wp-json\/wp\/v2\/pages\/237\/revisions"}],"predecessor-version":[{"id":325,"href":"https:\/\/wp.ufpel.edu.br\/traducaovisualacessivel\/wp-json\/wp\/v2\/pages\/237\/revisions\/325"}],"wp:attachment":[{"href":"https:\/\/wp.ufpel.edu.br\/traducaovisualacessivel\/wp-json\/wp\/v2\/media?parent=237"}],"curies":[{"name":"wp","href":"https:\/\/api.w.org\/{rel}","templated":true}]}}