{"id":7,"date":"2015-11-23T15:02:08","date_gmt":"2015-11-23T17:02:08","guid":{"rendered":"https:\/\/wp.ufpel.edu.br\/traducaoespanhol\/?page_id=7"},"modified":"2015-12-22T12:43:16","modified_gmt":"2015-12-22T14:43:16","slug":"organizacao","status":"publish","type":"page","link":"https:\/\/wp.ufpel.edu.br\/traducaoespanhol\/organizacao\/","title":{"rendered":"Organiza\u00e7\u00e3o"},"content":{"rendered":"<div class=\"entry-content clearfix\">\n<p style=\"text-align: justify\">A estrutura modular dos cursos de Bacharelado em Letras visa a desenvolver compet\u00eancias e habilidades necess\u00e1rias e fundamentais \u00e0 forma\u00e7\u00e3o do futuro bacharel, conforme orientam os Pareceres CNE\/CES 492\/2001 e CNE\/CES 1.363\/2001.<\/p>\n<p style=\"text-align: justify\">Esses pareceres tamb\u00e9m destacam a necessidade de se garantir experi\u00eancias e conhecimentos adquiridos previamente ao seu ingresso no curso. A estrutura modular, al\u00e9m de permitir flexibilidade e autonomia ao estudante para o desenvolvimento de compet\u00eancias e habilidades necess\u00e1rias ao exerc\u00edcio da profiss\u00e3o, oportuniza a alunos de outros cursos da UFPel, ou mesmo profissionais com curso superior, a obten\u00e7\u00e3o da compet\u00eancia espec\u00edfica desenvolvida pelo m\u00f3dulo cursado como conhecimento complementar \u00e0 sua forma\u00e7\u00e3o. Por exemplo, um aluno do Curso de Direito, ou mesmo um advogado, poder\u00e1 cursar as disciplinas de Latim do m\u00f3dulo L\u00edngua Estrangeira, complementando sua forma\u00e7\u00e3o e obtendo um certificado de 226 h 42 min em extens\u00e3o. Logo, a exist\u00eancia de m\u00f3dulos permite que as vagas tornadas ociosas por evas\u00e3o ou reprova\u00e7\u00e3o possam ser ocupadas, ao mesmo tempo em que contribui para a maior qualifica\u00e7\u00e3o dos profissionais.<\/p>\n<p style=\"text-align: justify\">Para o desenvolvimento das compet\u00eancias b\u00e1sicas que todo e qualquer profissional de Letras precisa possuir, h\u00e1 um m\u00f3dulo chamado \u201cCompet\u00eancias B\u00e1sicas em Letras\u201d, que acontece nos dois primeiros semestres do curso, possui 566 horas e 42 minutos distribu\u00eddas em dez disciplinas e tem car\u00e1ter classificat\u00f3rio para ingresso no terceiro semestre, quando t\u00eam in\u00edcio as disciplinas espec\u00edficas da terminalidade (Tradu\u00e7\u00e3o).<\/p>\n<p style=\"text-align: justify\">Para o desenvolvimento das compet\u00eancias necess\u00e1rias \u00e0 forma\u00e7\u00e3o na terminalidade, h\u00e1 dez disciplinas obrigat\u00f3rias, organizadas em tr\u00eas m\u00f3dulos, representados pelas siglas CNFT1, CNFT2 e CNFT3 \u2013\u00a0<strong>C<\/strong>ompet\u00eancias\u00a0<strong>N<\/strong>ecess\u00e1rias \u00e0\u00a0<strong>F<\/strong>orma\u00e7\u00e3o na\u00a0<strong>T<\/strong>erminalidade 1, 2 e 3. Esses m\u00f3dulos s\u00e3o obrigat\u00f3rios e espec\u00edficos. Os m\u00f3dulos CNFT1 e CNFT2 t\u00eam carga hor\u00e1ria de 226 horas e 42 minutos cada, ou seja, quatro disciplinas de quatro cr\u00e9ditos cada, e o m\u00f3dulo CNFT3 possui carga de 113 horas e 18 minutos, isto \u00e9, duas disciplinas de quatro cr\u00e9ditos cada.<\/p>\n<p style=\"text-align: justify\">Para o desenvolvimento das\u00a0Compet\u00eancias e Habilidades Complementares \u00e0 Terminalidade (CHC), h\u00e1 oito disciplinas optativas organizadas em dois m\u00f3dulos, representados pelas siglas CHC1 e CHC2, com carga hor\u00e1ria de 226 horas e 42 minutos cada.<\/p>\n<p style=\"text-align: justify\">Est\u00e1 previsto ainda o\u00a0M\u00f3dulo Pesquisa em Letras, que \u00e9 composto pelas disciplinas\u00a0<em>Pesquisa em Letras\u00a0I<\/em> e\u00a0<em>Pesquisa em Letras\u00a0II<\/em>, cuja finalidade \u00e9 propiciar aos estudantes a inicia\u00e7\u00e3o cient\u00edfica e a pr\u00e1tica de pesquisa\u00a0em Letras. Este m\u00f3dulo prepara o aluno para o\u00a0<em>M\u00f3dulo Avan\u00e7ado<\/em>. O m\u00f3dulo Pesquisa em Letras tem carga de 113 horas e 18 minutos.<\/p>\n<p style=\"text-align: justify\">O\u00a0M\u00f3dulo\u00a0Avan\u00e7ado \u00e9\u00a0organizado para atender necessidades espec\u00edficas da terminalidade (Tradu\u00e7\u00e3o).\u00a0Inclui o Trabalho de Conclus\u00e3o de Curso, TCC (com carga hor\u00e1ria m\u00ednima de 113,3 horas), Est\u00e1gios I e II (com carga hor\u00e1ria m\u00e1xima de 340 horas, estabelecida de acordo com as necessidades da terminalidade)\u00a0e Estudos Avan\u00e7ados I e II (com\u00a0carga hor\u00e1ria m\u00ednima de 136 h\/a ou 113,3 horas e conte\u00fados espec\u00edficos definidos em fun\u00e7\u00e3o da terminalidade).<\/p>\n<p style=\"text-align: justify\">Ainda\u00a0que a perman\u00eancia nos m\u00f3dulos seja recomend\u00e1vel, pois consolida compet\u00eancias,\u00a0conhecimentos e habilidades,\u00a0o estudante n\u00e3o \u00e9 obrigado a cursar todas as disciplinas de um m\u00f3dulo, precisando apenas integralizar a carga hor\u00e1ria prevista para disciplinas optativas, cujo total \u00e9 de 566h42min.<\/p>\n<\/div>\n","protected":false},"excerpt":{"rendered":"<p>A estrutura modular dos cursos de Bacharelado em Letras visa a desenvolver compet\u00eancias e habilidades necess\u00e1rias e fundamentais \u00e0 forma\u00e7\u00e3o do futuro bacharel, conforme orientam os Pareceres CNE\/CES 492\/2001 e CNE\/CES 1.363\/2001. Esses pareceres tamb\u00e9m destacam a necessidade de se garantir experi\u00eancias e conhecimentos adquiridos previamente ao seu ingresso no curso. A estrutura modular, al\u00e9m &hellip; <\/p>\n<p><a class=\"more-link btn\" href=\"https:\/\/wp.ufpel.edu.br\/traducaoespanhol\/organizacao\/\">Continue lendo<\/a><\/p>\n","protected":false},"author":50,"featured_media":0,"parent":0,"menu_order":0,"comment_status":"closed","ping_status":"closed","template":"","meta":{"jetpack_post_was_ever_published":false,"footnotes":""},"class_list":["post-7","page","type-page","status-publish","hentry","nodate","item-wrap"],"jetpack_sharing_enabled":true,"jetpack_shortlink":"https:\/\/wp.me\/P8F3uh-7","jetpack-related-posts":[],"_links":{"self":[{"href":"https:\/\/wp.ufpel.edu.br\/traducaoespanhol\/wp-json\/wp\/v2\/pages\/7","targetHints":{"allow":["GET"]}}],"collection":[{"href":"https:\/\/wp.ufpel.edu.br\/traducaoespanhol\/wp-json\/wp\/v2\/pages"}],"about":[{"href":"https:\/\/wp.ufpel.edu.br\/traducaoespanhol\/wp-json\/wp\/v2\/types\/page"}],"author":[{"embeddable":true,"href":"https:\/\/wp.ufpel.edu.br\/traducaoespanhol\/wp-json\/wp\/v2\/users\/50"}],"replies":[{"embeddable":true,"href":"https:\/\/wp.ufpel.edu.br\/traducaoespanhol\/wp-json\/wp\/v2\/comments?post=7"}],"version-history":[{"count":2,"href":"https:\/\/wp.ufpel.edu.br\/traducaoespanhol\/wp-json\/wp\/v2\/pages\/7\/revisions"}],"predecessor-version":[{"id":39,"href":"https:\/\/wp.ufpel.edu.br\/traducaoespanhol\/wp-json\/wp\/v2\/pages\/7\/revisions\/39"}],"wp:attachment":[{"href":"https:\/\/wp.ufpel.edu.br\/traducaoespanhol\/wp-json\/wp\/v2\/media?parent=7"}],"curies":[{"name":"wp","href":"https:\/\/api.w.org\/{rel}","templated":true}]}}