{"id":2,"date":"2020-04-02T20:31:12","date_gmt":"2020-04-02T23:31:12","guid":{"rendered":"https:\/\/wp.ufpel.edu.br\/tradcom\/?page_id=2"},"modified":"2020-04-08T22:31:35","modified_gmt":"2020-04-09T01:31:35","slug":"sobre","status":"publish","type":"page","link":"https:\/\/wp.ufpel.edu.br\/tradcom\/sobre\/","title":{"rendered":"Sobre"},"content":{"rendered":"<p style=\"text-align: justify\"><span style=\"font-size: 12pt\">Este \u00e9 o <em>site<\/em> do projeto de extens\u00e3o \u201cTradu\u00e7\u00e3o, media\u00e7\u00e3o lingu\u00edstica e dissemina\u00e7\u00e3o de informa\u00e7\u00f5es \u00e0 comunidade\u201d da Universidade Federal de Pelotas. Estamos vinculados<\/span><span style=\"font-size: 12pt\">\u00a0ao projeto de pesquisa <a href=\"http:\/\/mobilang.unb.br\/\">Mobilang<\/a>, liderado pela professora Sabine Gorovitz (Universidade de Bras\u00edlia). Na Universidade Federal de Pelotas, o projeto \u00e9 coordenado pela professora Andrea Kahmann e partiu dos cursos de Bacharelado em Letras\u2013Tradu\u00e7\u00e3o e Licenciaturas vinculadas ao Centro de Letras e Comunica\u00e7\u00e3o. Visamos disseminar conte\u00fados \u00fateis para a sociedade em geral (por exemplo, sobre a pandemia do Covid-19) e oferece media\u00e7\u00e3o lingu\u00edstica.\u00a0\u00a0<\/span><\/p>\n","protected":false},"excerpt":{"rendered":"<p>Este \u00e9 o site do projeto de extens\u00e3o \u201cTradu\u00e7\u00e3o, media\u00e7\u00e3o lingu\u00edstica e dissemina\u00e7\u00e3o de informa\u00e7\u00f5es \u00e0 comunidade\u201d da Universidade Federal de Pelotas. Estamos vinculados\u00a0ao projeto de pesquisa Mobilang, liderado pela professora Sabine Gorovitz (Universidade de Bras\u00edlia). Na Universidade Federal de Pelotas, o projeto \u00e9 coordenado pela professora Andrea Kahmann e partiu dos cursos de Bacharelado [&hellip;]<\/p>\n","protected":false},"author":916,"featured_media":0,"parent":0,"menu_order":0,"comment_status":"closed","ping_status":"closed","template":"","meta":{"footnotes":""},"class_list":["post-2","page","type-page","status-publish","hentry"],"jetpack_sharing_enabled":true,"_links":{"self":[{"href":"https:\/\/wp.ufpel.edu.br\/tradcom\/wp-json\/wp\/v2\/pages\/2","targetHints":{"allow":["GET"]}}],"collection":[{"href":"https:\/\/wp.ufpel.edu.br\/tradcom\/wp-json\/wp\/v2\/pages"}],"about":[{"href":"https:\/\/wp.ufpel.edu.br\/tradcom\/wp-json\/wp\/v2\/types\/page"}],"author":[{"embeddable":true,"href":"https:\/\/wp.ufpel.edu.br\/tradcom\/wp-json\/wp\/v2\/users\/916"}],"replies":[{"embeddable":true,"href":"https:\/\/wp.ufpel.edu.br\/tradcom\/wp-json\/wp\/v2\/comments?post=2"}],"version-history":[{"count":5,"href":"https:\/\/wp.ufpel.edu.br\/tradcom\/wp-json\/wp\/v2\/pages\/2\/revisions"}],"predecessor-version":[{"id":55,"href":"https:\/\/wp.ufpel.edu.br\/tradcom\/wp-json\/wp\/v2\/pages\/2\/revisions\/55"}],"wp:attachment":[{"href":"https:\/\/wp.ufpel.edu.br\/tradcom\/wp-json\/wp\/v2\/media?parent=2"}],"curies":[{"name":"wp","href":"https:\/\/api.w.org\/{rel}","templated":true}]}}

<p style="text-align: justify"><span style="font-size: 12pt">Este é o <em>site</em> do projeto de extensão “Tradução, mediação linguística e disseminação de informações à comunidade” da Universidade Federal de Pelotas. Estamos vinculados</span><span style="font-size: 12pt"> ao projeto de pesquisa <a href="http://mobilang.unb.br/">Mobilang</a>, liderado pela professora Sabine Gorovitz (Universidade de Brasília). Na Universidade Federal de Pelotas, o projeto é coordenado pela professora Andrea Kahmann e partiu dos cursos de Bacharelado em Letras–Tradução e Licenciaturas vinculadas ao Centro de Letras e Comunicação. Visamos disseminar conteúdos úteis para a sociedade em geral (por exemplo, sobre a pandemia do Covid-19) e oferece mediação linguística.  </span></p>

<p>Este é o site do projeto de extensão “Tradução, mediação linguística e disseminação de informações à comunidade” da Universidade Federal de Pelotas. Estamos vinculados ao projeto de pesquisa Mobilang, liderado pela professora Sabine Gorovitz (Universidade de Brasília). Na Universidade Federal de Pelotas, o projeto é coordenado pela professora Andrea Kahmann e partiu dos cursos de Bacharelado [&hellip;]</p>
