{"id":7,"date":"2020-03-31T14:34:55","date_gmt":"2020-03-31T17:34:55","guid":{"rendered":"https:\/\/wp.ufpel.edu.br\/topocotada\/?page_id=7"},"modified":"2020-06-08T18:26:30","modified_gmt":"2020-06-08T21:26:30","slug":"integrantes","status":"publish","type":"page","link":"https:\/\/wp.ufpel.edu.br\/topocotada\/integrantes\/","title":{"rendered":"Integrantes"},"content":{"rendered":"<p><img class=\"wp-image-9 alignleft\" src=\"https:\/\/wp.ufpel.edu.br\/topocotada\/files\/2020\/03\/Screen-Shot-2020-03-30-at-16.36.27-312x400-1.png\" alt=\"\" width=\"213\" height=\"273\" \/> Prof\u00aa. <strong>Diuliana Leandro\u00a0 \u00a0 \u00a0<\/strong><img class=\"alignnone wp-image-17\" src=\"https:\/\/wp.ufpel.edu.br\/topocotada\/files\/2020\/03\/ufpel-200x200.png\" alt=\"Institucional Tamara\" width=\"55\" height=\"55\" \/>\u00a0\u00a0\u00a0\u00a0 <a href=\"http:\/\/lattes.cnpq.br\/7911207195556350\" target=\"_blank\" rel=\"noopener noreferrer\"><img class=\"alignnone wp-image-53\" src=\"https:\/\/wp.ufpel.edu.br\/topocotada\/files\/2020\/03\/lattes-1.png\" alt=\"Lattes Tamara\" width=\"63\" height=\"55\" \/><\/a><\/p>\n<p><span style=\"font-family: arial, helvetica, sans-serif;font-size: 10pt\"><strong>Coordenadora do laborat\u00f3rio\u00a0 <\/strong> <\/span><\/p>\n<div><span style=\"color: black;font-family: arial, helvetica, sans-serif;font-size: 10pt\">Professora do Curso de P\u00f3s-Gradua\u00e7\u00e3o em Ci\u00eancias Ambientais &#8211; PPGCAmb e\u00a0Engenharia Sanit\u00e1ria e Ambiental\u00a0<\/span><\/div>\n<div><span style=\"color: black;font-family: arial, helvetica, sans-serif;font-size: 10pt\">Engenheira Cart\u00f3grafa &#8211; UFPR<\/span><\/div>\n<div><span style=\"color: black;font-family: arial, helvetica, sans-serif;font-size: 10pt\">Doutora em Ci\u00eancias Geod\u00e9sicas &#8211; UFPR<\/span><\/div>\n<p>&nbsp;<\/p>\n<p>&nbsp;<\/p>\n<p>&nbsp;<\/p>\n<p>&nbsp;<\/p>\n<p><img class=\"alignleft wp-image-55\" src=\"https:\/\/wp.ufpel.edu.br\/topocotada\/files\/2020\/03\/0d8f82db1dc24b068837081e57b03cfd-1.jpg\" alt=\"\" width=\"213\" height=\"286\" \/><span style=\"font-family: arial, helvetica, sans-serif\">Prof\u00aa. <strong>Tamara Leitzke Caldeira\u00a0\u00a0<\/strong><\/span> \u00a0 <img class=\"https:\/\/institucional.ufpel.edu.br\/servidores\/id\/11167 alignnone wp-image-17\" title=\"https:\/\/institucional.ufpel.edu.br\/servidores\/id\/11167\" src=\"https:\/\/wp.ufpel.edu.br\/topocotada\/files\/2020\/03\/ufpel-200x200.png\" alt=\"Institucional Tamara\" width=\"55\" height=\"55\" \/> \u00a0 \u00a0 <a href=\"http:\/\/lattes.cnpq.br\/7911207195556350\" target=\"_blank\" rel=\"noopener noreferrer\"><img class=\"alignnone wp-image-53\" src=\"https:\/\/wp.ufpel.edu.br\/topocotada\/files\/2020\/03\/lattes-1.png\" alt=\"Lattes Tamara\" width=\"63\" height=\"55\" \/><\/a><\/p>\n<div id=\"formula-bar\" class=\"formulabar-disabled\">\n<div id=\"t-formula-bar-input-container\">\n<div dir=\"ltr\">\n<div id=\"t-formula-bar-input\"><strong><span style=\"font-size: 10pt;font-family: arial, helvetica, sans-serif\">Coordenadora Adjunta do laborat\u00f3rio<\/span><\/strong><\/div>\n<div>\n<div><span style=\"color: black;font-family: arial, helvetica, sans-serif;font-size: 10pt\">Professora do Curso de Programa de P\u00f3s-Gradua\u00e7\u00e3o em Manejo e Conserva\u00e7\u00e3o do Solo e da \u00c1gua e colaboradora do Programa de P\u00f3s-Gradua\u00e7\u00e3o em Recursos H\u00eddricos e Engenharia Civil<\/span><\/div>\n<div><span style=\"color: black;font-family: arial, helvetica, sans-serif;font-size: 10pt\">Engenheira H\u00eddrica &#8211; UFPel<\/span><\/div>\n<div><span style=\"color: black;font-family: arial, helvetica, sans-serif;font-size: 10pt\">Doutora em Ci\u00eancias com \u00eanfase em Manejo e Conserva\u00e7\u00e3o do Solo e da \u00c1gua &#8211; UFPel<\/span><\/div>\n<\/div>\n<\/div>\n<\/div>\n<\/div>\n<div><\/div>\n<div><\/div>\n<div><\/div>\n<div><\/div>\n<p><sub><span style=\"color: #ffffff\">.<\/span><\/sub><\/p>\n<p><sub><span style=\"color: #ffffff\">.<\/span><\/sub><\/p>\n<p><sub><span style=\"color: #ffffff\">.<\/span><\/sub><\/p>\n<p><sub><span style=\"color: #ffffff\">.<\/span><\/sub><\/p>\n<p><img class=\"wp-image-59 alignleft\" src=\"https:\/\/wp.ufpel.edu.br\/topocotada\/files\/2020\/03\/dc70ac004e7710a9b119d082039cdaee-1.jpg\" alt=\"\" width=\"213\" height=\"233\" \/> <span style=\"font-family: arial, helvetica, sans-serif\">Prof\u00aa. <\/span><strong><span style=\"font-family: arial, helvetica, sans-serif\">Andr\u00e9a Souza Castro<\/span><\/strong>\u00a0 \u00a0 <a href=\"https:\/\/institucional.ufpel.edu.br\/servidores\/id\/49207\"><img class=\"alignnone wp-image-17\" src=\"https:\/\/wp.ufpel.edu.br\/topocotada\/files\/2020\/03\/ufpel-200x200.png\" alt=\"Institucional Tamara\" width=\"55\" height=\"55\" \/><\/a>\u00a0\u00a0\u00a0\u00a0 <a href=\"http:\/\/lattes.cnpq.br\/4328855884811171\" target=\"_blank\" rel=\"noopener noreferrer\"><img class=\"alignnone wp-image-53\" src=\"https:\/\/wp.ufpel.edu.br\/topocotada\/files\/2020\/03\/lattes-1.png\" alt=\"Lattes Tamara\" width=\"63\" height=\"55\" \/><\/a><\/p>\n<div><span style=\"color: black;font-family: arial, helvetica, sans-serif;font-size: 10pt\">Professora do Curso de P\u00f3s-Gradua\u00e7\u00e3o em Ci\u00eancias Ambientais &#8211; PPGCAmb e\u00a0Engenharia Sanit\u00e1ria e Ambiental\u00a0<\/span><\/div>\n<div><span style=\"color: black;font-family: arial, helvetica, sans-serif;font-size: 10pt\">Engenheira Agr\u00edcola &#8211; UFPel<\/span><\/div>\n<div><span style=\"color: black;font-family: arial, helvetica, sans-serif;font-size: 10pt\">Doutora em Recursos H\u00eddricos e Saneamento Ambiental &#8211; UFRGS<\/span><\/div>\n<p>&nbsp;<\/p>\n","protected":false},"excerpt":{"rendered":"<p>Prof\u00aa. Diuliana Leandro\u00a0 \u00a0 \u00a0\u00a0\u00a0\u00a0\u00a0 Coordenadora do laborat\u00f3rio\u00a0 Professora do Curso de P\u00f3s-Gradua\u00e7\u00e3o em Ci\u00eancias Ambientais &#8211; PPGCAmb e\u00a0Engenharia Sanit\u00e1ria e Ambiental\u00a0 Engenheira Cart\u00f3grafa &#8211; UFPR Doutora em Ci\u00eancias Geod\u00e9sicas &#8211; UFPR &nbsp; &nbsp; &nbsp; &nbsp; Prof\u00aa. Tamara Leitzke Caldeira\u00a0\u00a0 \u00a0 \u00a0 \u00a0 Coordenadora Adjunta do laborat\u00f3rio Professora do Curso de Programa de P\u00f3s-Gradua\u00e7\u00e3o em [&hellip;]<\/p>\n","protected":false},"author":992,"featured_media":0,"parent":0,"menu_order":0,"comment_status":"closed","ping_status":"closed","template":"","meta":{"footnotes":""},"class_list":["post-7","page","type-page","status-publish","hentry"],"_links":{"self":[{"href":"https:\/\/wp.ufpel.edu.br\/topocotada\/wp-json\/wp\/v2\/pages\/7","targetHints":{"allow":["GET"]}}],"collection":[{"href":"https:\/\/wp.ufpel.edu.br\/topocotada\/wp-json\/wp\/v2\/pages"}],"about":[{"href":"https:\/\/wp.ufpel.edu.br\/topocotada\/wp-json\/wp\/v2\/types\/page"}],"author":[{"embeddable":true,"href":"https:\/\/wp.ufpel.edu.br\/topocotada\/wp-json\/wp\/v2\/users\/992"}],"replies":[{"embeddable":true,"href":"https:\/\/wp.ufpel.edu.br\/topocotada\/wp-json\/wp\/v2\/comments?post=7"}],"version-history":[{"count":30,"href":"https:\/\/wp.ufpel.edu.br\/topocotada\/wp-json\/wp\/v2\/pages\/7\/revisions"}],"predecessor-version":[{"id":250,"href":"https:\/\/wp.ufpel.edu.br\/topocotada\/wp-json\/wp\/v2\/pages\/7\/revisions\/250"}],"wp:attachment":[{"href":"https:\/\/wp.ufpel.edu.br\/topocotada\/wp-json\/wp\/v2\/media?parent=7"}],"curies":[{"name":"wp","href":"https:\/\/api.w.org\/{rel}","templated":true}]}}