{"id":30,"date":"2020-03-31T15:10:07","date_gmt":"2020-03-31T18:10:07","guid":{"rendered":"https:\/\/wp.ufpel.edu.br\/topocotada\/?page_id=30"},"modified":"2020-06-08T18:30:11","modified_gmt":"2020-06-08T21:30:11","slug":"manual-de-uso","status":"publish","type":"page","link":"https:\/\/wp.ufpel.edu.br\/topocotada\/manual-de-uso\/","title":{"rendered":"Manual de Uso de Equipamentos"},"content":{"rendered":"<p>Cuidados b\u00e1sicos para manter a vida \u00fatil dos equipamentos durante as aulas de topografia:<\/p>\n<p><span style=\"color: #ff0000\"><strong>IMPORTANTE<\/strong>: \u00e9 importante os alunos entendam que com o equipamento deles (pessoal) podem fazer o que quiserem, com equipamento comprados com recursos p\u00fablicos <strong>N\u00c3O<\/strong>. Assim as orienta\u00e7\u00f5es aqui apresentadas devem ser seguidas quando se utilizar os equipamentos desse laborat\u00f3rio de acordo com o <strong>REGIMENTO<\/strong>.<\/span><\/p>\n<p>Como referenciar:LEANDRO, Diuliana; QUEIROGA, Amanda; MARQUES, Lismara Carvalho; SILVA, Larissa Aldrighi da; HECK,Lu\u00edsa Gabriela; CASTRO Andr\u00e9a Souza; CALDEIRA, Tamara Leitzke; SILVA. MANUAL DE UTILIZA\u00c7\u00c3O DE EQUIPAMENTOS DO LABORAT\u00d3RIO DE TOPOGRAFIA &#8211; COTADA DO CENG. 2019. Dispon\u00edvel em: https:\/\/wp.ufpel.edu.br\/topocotada\/manual-de-uso\/<\/p>\n<p>&nbsp;<\/p>\n<p>&nbsp;<\/p>\n<table style=\"height: 663px\" width=\"601\">\n<tbody>\n<tr>\n<td style=\"width: 591px\" colspan=\"2\">\n<ol>\n<li>Equipamentos quando n\u00e3o estiverem sendo utilizados devem estar deitados no ch\u00e3o com gradua\u00e7\u00e3o voltada para cima em local seguro. N\u00e3o deixar os equipamentos encostados na \u00e1rvore, paredes,\u00a0 postes etc.!<\/li>\n<\/ol>\n<\/td>\n<\/tr>\n<tr>\n<td style=\"width: 292px\"><img class=\"size-medium wp-image-148 aligncenter\" src=\"https:\/\/wp.ufpel.edu.br\/topocotada\/files\/2020\/04\/1-234x400.png\" alt=\"\" width=\"234\" height=\"400\" srcset=\"https:\/\/wp.ufpel.edu.br\/topocotada\/files\/2020\/04\/1-234x400.png 234w, https:\/\/wp.ufpel.edu.br\/topocotada\/files\/2020\/04\/1.png 284w\" sizes=\"(max-width: 234px) 100vw, 234px\" \/><\/td>\n<td style=\"width: 293px\"><img class=\"size-medium wp-image-149 aligncenter\" src=\"https:\/\/wp.ufpel.edu.br\/topocotada\/files\/2020\/04\/1_1-235x400.png\" alt=\"\" width=\"235\" height=\"400\" srcset=\"https:\/\/wp.ufpel.edu.br\/topocotada\/files\/2020\/04\/1_1-235x400.png 235w, https:\/\/wp.ufpel.edu.br\/topocotada\/files\/2020\/04\/1_1.png 281w\" sizes=\"(max-width: 235px) 100vw, 235px\" \/><\/td>\n<\/tr>\n<tr>\n<td style=\"width: 292px;text-align: center\"><strong>Correto<\/strong><\/td>\n<td style=\"width: 293px;text-align: center\">Incorreto<\/td>\n<\/tr>\n<\/tbody>\n<\/table>\n<p>&nbsp;<\/p>\n<table style=\"height: 271px\" width=\"600\">\n<tbody>\n<tr>\n<td style=\"width: 590px\" colspan=\"2\">2. Deixar as r\u00e9guas deitadas com a gradua\u00e7\u00e3o voltada para cima, para n\u00e3o danificar o equipamento, evitando riscos!<\/td>\n<\/tr>\n<tr>\n<td style=\"width: 288px\"><img class=\"aligncenter wp-image-151 size-medium\" src=\"https:\/\/wp.ufpel.edu.br\/topocotada\/files\/2020\/04\/2-234x400.png\" alt=\"\" width=\"234\" height=\"400\" srcset=\"https:\/\/wp.ufpel.edu.br\/topocotada\/files\/2020\/04\/2-234x400.png 234w, https:\/\/wp.ufpel.edu.br\/topocotada\/files\/2020\/04\/2.png 282w\" sizes=\"(max-width: 234px) 100vw, 234px\" \/><\/td>\n<td style=\"width: 296px\"><img class=\"aligncenter wp-image-152\" src=\"https:\/\/wp.ufpel.edu.br\/topocotada\/files\/2020\/04\/2_1-234x400.png\" alt=\"\" width=\"234\" height=\"400\" srcset=\"https:\/\/wp.ufpel.edu.br\/topocotada\/files\/2020\/04\/2_1-234x400.png 234w, https:\/\/wp.ufpel.edu.br\/topocotada\/files\/2020\/04\/2_1.png 283w\" sizes=\"(max-width: 234px) 100vw, 234px\" \/><\/td>\n<\/tr>\n<tr>\n<td style=\"width: 288px\">\n<p style=\"text-align: center\"><strong>Correto<\/strong><\/p>\n<\/td>\n<td style=\"width: 296px\">\n<p style=\"text-align: center\">Incorreto<\/p>\n<\/td>\n<\/tr>\n<\/tbody>\n<\/table>\n<p>&nbsp;<\/p>\n<table style=\"height: 281px\" width=\"597\">\n<tbody>\n<tr>\n<td style=\"width: 587px;text-align: center\" colspan=\"2\">3. Fechar as caixas dos equipamentos, para manter a organiza\u00e7\u00e3o, evitar sujeira, umidade e mofo!<\/td>\n<\/tr>\n<tr>\n<td style=\"width: 290px;text-align: center\"><img class=\"alignleft size-medium wp-image-154\" src=\"https:\/\/wp.ufpel.edu.br\/topocotada\/files\/2020\/04\/3-400x225.jpg\" alt=\"\" width=\"400\" height=\"225\" srcset=\"https:\/\/wp.ufpel.edu.br\/topocotada\/files\/2020\/04\/3-400x225.jpg 400w, https:\/\/wp.ufpel.edu.br\/topocotada\/files\/2020\/04\/3.jpg 519w\" sizes=\"(max-width: 400px) 100vw, 400px\" \/><\/td>\n<td style=\"width: 291px;text-align: center\"><img class=\"alignleft size-medium wp-image-155\" src=\"https:\/\/wp.ufpel.edu.br\/topocotada\/files\/2020\/04\/3_1-400x224.jpg\" alt=\"\" width=\"400\" height=\"224\" srcset=\"https:\/\/wp.ufpel.edu.br\/topocotada\/files\/2020\/04\/3_1-400x224.jpg 400w, https:\/\/wp.ufpel.edu.br\/topocotada\/files\/2020\/04\/3_1.jpg 520w\" sizes=\"(max-width: 400px) 100vw, 400px\" \/><\/td>\n<\/tr>\n<tr>\n<td style=\"width: 290px;text-align: center\"><strong>Correto<\/strong><\/td>\n<td style=\"width: 291px;text-align: center\">Incorreto<\/td>\n<\/tr>\n<\/tbody>\n<\/table>\n<p>&nbsp;<\/p>\n<table style=\"height: 617px\" width=\"596\">\n<tbody>\n<tr style=\"height: 80px\">\n<td style=\"text-align: center;height: 80px;width: 586px\" colspan=\"2\">4. N\u00e3o sentar em cima da caixa do equipamento! Caixa n\u00e3o \u00e9 banquinho e nem apoio!<\/td>\n<\/tr>\n<tr style=\"height: 24px\">\n<td style=\"text-align: center;height: 24px;width: 290px\"><img class=\"wp-image-156 size-medium\" src=\"https:\/\/wp.ufpel.edu.br\/topocotada\/files\/2020\/04\/4-e1586375528481-225x400.jpg\" alt=\"\" width=\"225\" height=\"400\" srcset=\"https:\/\/wp.ufpel.edu.br\/topocotada\/files\/2020\/04\/4-e1586375528481-225x400.jpg 225w, https:\/\/wp.ufpel.edu.br\/topocotada\/files\/2020\/04\/4-e1586375528481.jpg 292w\" sizes=\"(max-width: 225px) 100vw, 225px\" \/><\/td>\n<td style=\"text-align: center;height: 24px;width: 290px\"><img class=\"size-medium wp-image-157\" src=\"https:\/\/wp.ufpel.edu.br\/topocotada\/files\/2020\/04\/4_1-e1586375465884-224x400.jpg\" alt=\"\" width=\"224\" height=\"400\" srcset=\"https:\/\/wp.ufpel.edu.br\/topocotada\/files\/2020\/04\/4_1-e1586375465884-224x400.jpg 224w, https:\/\/wp.ufpel.edu.br\/topocotada\/files\/2020\/04\/4_1-e1586375465884.jpg 291w\" sizes=\"(max-width: 224px) 100vw, 224px\" \/><\/td>\n<\/tr>\n<tr style=\"height: 56px\">\n<td style=\"text-align: center;height: 56px;width: 290px\"><strong>Correto<\/strong><\/td>\n<td style=\"text-align: center;height: 56px;width: 290px\">Incorreto<\/td>\n<\/tr>\n<\/tbody>\n<\/table>\n<p>&nbsp;<\/p>\n<table style=\"width: 594px;height: 1024px\">\n<tbody>\n<tr style=\"height: 80px\">\n<td style=\"text-align: center;height: 80px;width: 584px\" colspan=\"2\">5. Manter o equipamento com o n\u00edvel de bolha centrado, para que a vertical do lugar seja materializada de forma correta!<\/td>\n<\/tr>\n<tr style=\"height: 24px\">\n<td style=\"text-align: center;height: 24px;width: 297px\"><img class=\"alignleft size-medium wp-image-160\" src=\"https:\/\/wp.ufpel.edu.br\/topocotada\/files\/2020\/04\/5-e1586376170923-225x400.jpg\" alt=\"\" width=\"225\" height=\"400\" srcset=\"https:\/\/wp.ufpel.edu.br\/topocotada\/files\/2020\/04\/5-e1586376170923-225x400.jpg 225w, https:\/\/wp.ufpel.edu.br\/topocotada\/files\/2020\/04\/5-e1586376170923.jpg 292w\" sizes=\"(max-width: 225px) 100vw, 225px\" \/> <img class=\"alignleft size-medium wp-image-161\" src=\"https:\/\/wp.ufpel.edu.br\/topocotada\/files\/2020\/04\/6-e1586376184203-225x400.jpg\" alt=\"\" width=\"225\" height=\"400\" srcset=\"https:\/\/wp.ufpel.edu.br\/topocotada\/files\/2020\/04\/6-e1586376184203-225x400.jpg 225w, https:\/\/wp.ufpel.edu.br\/topocotada\/files\/2020\/04\/6-e1586376184203.jpg 292w\" sizes=\"(max-width: 225px) 100vw, 225px\" \/><\/td>\n<td style=\"text-align: center;height: 24px;width: 281px\"><img class=\"alignleft wp-image-162\" src=\"https:\/\/wp.ufpel.edu.br\/topocotada\/files\/2020\/04\/5_1-e1586376228965-224x400.jpg\" alt=\"\" width=\"224\" height=\"400\" srcset=\"https:\/\/wp.ufpel.edu.br\/topocotada\/files\/2020\/04\/5_1-e1586376228965-224x400.jpg 224w, https:\/\/wp.ufpel.edu.br\/topocotada\/files\/2020\/04\/5_1-e1586376228965.jpg 291w\" sizes=\"(max-width: 224px) 100vw, 224px\" \/> <img class=\"alignleft wp-image-163 size-medium\" src=\"https:\/\/wp.ufpel.edu.br\/topocotada\/files\/2020\/04\/6_1-e1586376415288-224x400.jpg\" alt=\"\" width=\"224\" height=\"400\" srcset=\"https:\/\/wp.ufpel.edu.br\/topocotada\/files\/2020\/04\/6_1-e1586376415288-224x400.jpg 224w, https:\/\/wp.ufpel.edu.br\/topocotada\/files\/2020\/04\/6_1-e1586376415288.jpg 291w\" sizes=\"(max-width: 224px) 100vw, 224px\" \/><\/td>\n<\/tr>\n<tr style=\"height: 56px\">\n<td style=\"text-align: center;height: 56px;width: 297px\"><strong>Correto<\/strong><\/td>\n<td style=\"text-align: center;height: 56px;width: 281px\">Incorreto<\/td>\n<\/tr>\n<\/tbody>\n<\/table>\n<p>&nbsp;<\/p>\n<table style=\"width: 595px;height: 288px\">\n<tbody>\n<tr>\n<td style=\"width: 585px;text-align: center\" colspan=\"2\">6. N\u00e3o cravar a ponta da mira no ch\u00e3o! A ponteira serve para ser colocada sobre a RN ou ponto topogr\u00e1fico materializado ou n\u00e3o, ou seja, n\u00e3o \u00e9 estaca nem bip\u00e9 ou trip\u00e9!<\/td>\n<\/tr>\n<tr>\n<td style=\"width: 289px;text-align: center\"><img class=\"alignleft size-medium wp-image-166\" src=\"https:\/\/wp.ufpel.edu.br\/topocotada\/files\/2020\/04\/7-e1586376606826-225x400.jpg\" alt=\"\" width=\"225\" height=\"400\" srcset=\"https:\/\/wp.ufpel.edu.br\/topocotada\/files\/2020\/04\/7-e1586376606826-225x400.jpg 225w, https:\/\/wp.ufpel.edu.br\/topocotada\/files\/2020\/04\/7-e1586376606826.jpg 292w\" sizes=\"(max-width: 225px) 100vw, 225px\" \/><\/td>\n<td style=\"width: 290px;text-align: center\"><img class=\"alignleft size-medium wp-image-167\" src=\"https:\/\/wp.ufpel.edu.br\/topocotada\/files\/2020\/04\/7_1-e1586376632782-224x400.jpg\" alt=\"\" width=\"224\" height=\"400\" srcset=\"https:\/\/wp.ufpel.edu.br\/topocotada\/files\/2020\/04\/7_1-e1586376632782-224x400.jpg 224w, https:\/\/wp.ufpel.edu.br\/topocotada\/files\/2020\/04\/7_1-e1586376632782.jpg 291w\" sizes=\"(max-width: 224px) 100vw, 224px\" \/><\/td>\n<\/tr>\n<tr>\n<td style=\"width: 289px;text-align: center\"><strong>Correto<\/strong><\/td>\n<td style=\"width: 290px;text-align: center\">Incorreto<\/td>\n<\/tr>\n<\/tbody>\n<\/table>\n<p>&nbsp;<\/p>\n<table style=\"height: 257px\" width=\"594\">\n<tbody>\n<tr>\n<td style=\"width: 584px;text-align: center\" colspan=\"2\">7. Mira n\u00e3o \u00e9 barra, nem dardo, nem espada!<\/td>\n<\/tr>\n<tr>\n<td style=\"width: 289px;text-align: center\"><img class=\"alignleft size-medium wp-image-166\" src=\"https:\/\/wp.ufpel.edu.br\/topocotada\/files\/2020\/04\/7-e1586376606826-225x400.jpg\" alt=\"\" width=\"225\" height=\"400\" srcset=\"https:\/\/wp.ufpel.edu.br\/topocotada\/files\/2020\/04\/7-e1586376606826-225x400.jpg 225w, https:\/\/wp.ufpel.edu.br\/topocotada\/files\/2020\/04\/7-e1586376606826.jpg 292w\" sizes=\"(max-width: 225px) 100vw, 225px\" \/><\/td>\n<td style=\"width: 289px;text-align: center\"><img class=\"alignleft size-medium wp-image-179\" src=\"https:\/\/wp.ufpel.edu.br\/topocotada\/files\/2020\/04\/arremesso-1-280x400.png\" alt=\"\" width=\"280\" height=\"400\" srcset=\"https:\/\/wp.ufpel.edu.br\/topocotada\/files\/2020\/04\/arremesso-1-280x400.png 280w, https:\/\/wp.ufpel.edu.br\/topocotada\/files\/2020\/04\/arremesso-1.png 516w\" sizes=\"(max-width: 280px) 100vw, 280px\" \/><\/td>\n<\/tr>\n<tr>\n<td style=\"width: 289px;text-align: center\"><strong>Correto<\/strong><\/td>\n<td style=\"width: 289px;text-align: center\">Incorreto<\/td>\n<\/tr>\n<\/tbody>\n<\/table>\n<p>&nbsp;<\/p>\n<table style=\"height: 256px\" width=\"593\">\n<tbody>\n<tr style=\"height: 104px\">\n<td style=\"text-align: center;width: 583px;height: 104px\" colspan=\"2\">8. N\u00e3o mexer no celular, ficar ingerindo bebidas, comer, olhar cadernos\u00a0 enquanto estiver segurando a mira para medi\u00e7\u00e3o! Ela deve estar nivelada e est\u00e1tica!<\/td>\n<\/tr>\n<tr style=\"height: 49px\">\n<td style=\"text-align: center;width: 288px;height: 49px\"><img class=\"alignleft size-medium wp-image-166\" src=\"https:\/\/wp.ufpel.edu.br\/topocotada\/files\/2020\/04\/7-e1586376606826-225x400.jpg\" alt=\"\" width=\"225\" height=\"400\" srcset=\"https:\/\/wp.ufpel.edu.br\/topocotada\/files\/2020\/04\/7-e1586376606826-225x400.jpg 225w, https:\/\/wp.ufpel.edu.br\/topocotada\/files\/2020\/04\/7-e1586376606826.jpg 292w\" sizes=\"(max-width: 225px) 100vw, 225px\" \/><\/td>\n<td style=\"text-align: center;width: 289px;height: 49px\"><img class=\"alignleft size-medium wp-image-171\" src=\"https:\/\/wp.ufpel.edu.br\/topocotada\/files\/2020\/04\/8_1-e1586377560785-224x400.jpg\" alt=\"\" width=\"224\" height=\"400\" srcset=\"https:\/\/wp.ufpel.edu.br\/topocotada\/files\/2020\/04\/8_1-e1586377560785-224x400.jpg 224w, https:\/\/wp.ufpel.edu.br\/topocotada\/files\/2020\/04\/8_1-e1586377560785.jpg 298w\" sizes=\"(max-width: 224px) 100vw, 224px\" \/><\/td>\n<\/tr>\n<tr style=\"height: 81px\">\n<td style=\"text-align: center;width: 288px;height: 81px\"><strong>Correto<\/strong><\/td>\n<td style=\"text-align: center;width: 289px;height: 81px\">Incorreto<\/td>\n<\/tr>\n<\/tbody>\n<\/table>\n<p>&nbsp;<\/p>\n<table style=\"height: 287px\" width=\"593\">\n<tbody>\n<tr style=\"height: 99px\">\n<td style=\"width: 583px;text-align: center;height: 99px\" colspan=\"2\">9. Deixar os equipamentos na horizontal quando n\u00e3o est\u00e3o em uso para evitar quedas<\/td>\n<\/tr>\n<tr style=\"height: 67px\">\n<td style=\"width: 288px;text-align: center;height: 67px\"><img class=\"alignleft size-medium wp-image-172\" src=\"https:\/\/wp.ufpel.edu.br\/topocotada\/files\/2020\/04\/9-e1586377797622-225x400.jpg\" alt=\"\" width=\"225\" height=\"400\" srcset=\"https:\/\/wp.ufpel.edu.br\/topocotada\/files\/2020\/04\/9-e1586377797622-225x400.jpg 225w, https:\/\/wp.ufpel.edu.br\/topocotada\/files\/2020\/04\/9-e1586377797622.jpg 292w\" sizes=\"(max-width: 225px) 100vw, 225px\" \/><\/td>\n<td style=\"width: 289px;text-align: center;height: 67px\"><img class=\"alignleft size-medium wp-image-173\" src=\"https:\/\/wp.ufpel.edu.br\/topocotada\/files\/2020\/04\/9_1-e1586377836798-224x400.jpg\" alt=\"\" width=\"224\" height=\"400\" srcset=\"https:\/\/wp.ufpel.edu.br\/topocotada\/files\/2020\/04\/9_1-e1586377836798-224x400.jpg 224w, https:\/\/wp.ufpel.edu.br\/topocotada\/files\/2020\/04\/9_1-e1586377836798.jpg 291w\" sizes=\"(max-width: 224px) 100vw, 224px\" \/><\/td>\n<\/tr>\n<tr style=\"height: 99px\">\n<td style=\"width: 288px;text-align: center;height: 99px\"><strong>Correto<\/strong><\/td>\n<td style=\"width: 289px;text-align: center;height: 99px\">Incorreto<\/td>\n<\/tr>\n<\/tbody>\n<\/table>\n<p>&nbsp;<\/p>\n<p>&nbsp;<\/p>\n<table style=\"height: 303px\" width=\"592\">\n<tbody>\n<tr>\n<td style=\"width: 582px;text-align: center\" colspan=\"2\">10. Cuidar ao manusear\u00a0 o trip\u00e9 para evitar ferir algum colega<\/td>\n<\/tr>\n<tr>\n<td style=\"width: 287px;text-align: center\"><img class=\"alignleft size-medium wp-image-180\" src=\"https:\/\/wp.ufpel.edu.br\/topocotada\/files\/2020\/04\/12-e1586382127402-224x400.jpg\" alt=\"\" width=\"224\" height=\"400\" srcset=\"https:\/\/wp.ufpel.edu.br\/topocotada\/files\/2020\/04\/12-e1586382127402-224x400.jpg 224w, https:\/\/wp.ufpel.edu.br\/topocotada\/files\/2020\/04\/12-e1586382127402.jpg 290w\" sizes=\"(max-width: 224px) 100vw, 224px\" \/><\/td>\n<td style=\"width: 289px;text-align: center\"><img class=\"alignleft size-medium wp-image-181\" src=\"https:\/\/wp.ufpel.edu.br\/topocotada\/files\/2020\/04\/WhatsApp-Image-2020-04-08-at-18.38.53-224x400.jpeg\" alt=\"\" width=\"224\" height=\"400\" srcset=\"https:\/\/wp.ufpel.edu.br\/topocotada\/files\/2020\/04\/WhatsApp-Image-2020-04-08-at-18.38.53-224x400.jpeg 224w, https:\/\/wp.ufpel.edu.br\/topocotada\/files\/2020\/04\/WhatsApp-Image-2020-04-08-at-18.38.53.jpeg 290w\" sizes=\"(max-width: 224px) 100vw, 224px\" \/><\/td>\n<\/tr>\n<tr>\n<td style=\"width: 287px;text-align: center\"><strong>Correto<\/strong><\/td>\n<td style=\"width: 289px;text-align: center\">Incorreto<\/td>\n<\/tr>\n<\/tbody>\n<\/table>\n<p>&nbsp;<\/p>\n<table style=\"height: 310px\" width=\"594\">\n<tbody>\n<tr>\n<td style=\"width: 584px;text-align: center\" colspan=\"2\">11. Cuidado com os parafusos calantes ao gir\u00e1-los, eles n\u00e3o s\u00e3o infinitos, for\u00e7a-los danifica as bases calantes!<\/td>\n<\/tr>\n<tr>\n<td style=\"width: 289px;text-align: center\"><img class=\"alignleft size-medium wp-image-183\" src=\"https:\/\/wp.ufpel.edu.br\/topocotada\/files\/2020\/04\/15-e1586382455793-225x400.jpg\" alt=\"\" width=\"225\" height=\"400\" srcset=\"https:\/\/wp.ufpel.edu.br\/topocotada\/files\/2020\/04\/15-e1586382455793-225x400.jpg 225w, https:\/\/wp.ufpel.edu.br\/topocotada\/files\/2020\/04\/15-e1586382455793.jpg 292w\" sizes=\"(max-width: 225px) 100vw, 225px\" \/><\/td>\n<td style=\"width: 289px;text-align: center\"><img class=\"alignleft size-medium wp-image-185\" src=\"https:\/\/wp.ufpel.edu.br\/topocotada\/files\/2020\/04\/WhatsApp-Image-2020-04-08-at-18.55.46-1-225x400.jpeg\" alt=\"\" width=\"225\" height=\"400\" srcset=\"https:\/\/wp.ufpel.edu.br\/topocotada\/files\/2020\/04\/WhatsApp-Image-2020-04-08-at-18.55.46-1-225x400.jpeg 225w, https:\/\/wp.ufpel.edu.br\/topocotada\/files\/2020\/04\/WhatsApp-Image-2020-04-08-at-18.55.46-1.jpeg 292w\" sizes=\"(max-width: 225px) 100vw, 225px\" \/><\/td>\n<\/tr>\n<tr>\n<td style=\"width: 289px;text-align: center\"><strong>Correto<\/strong><\/td>\n<td style=\"width: 289px;text-align: center\">Incorreto<\/td>\n<\/tr>\n<\/tbody>\n<\/table>\n<p>&nbsp;<\/p>\n<table style=\"height: 306px\" width=\"593\">\n<tbody>\n<tr>\n<td style=\"width: 577px;text-align: center\" colspan=\"2\">12. Cuidado ao puxar a trena para n\u00e3o arrebentar, mantenha uma press\u00e3o suficiente para n\u00e3o gerar uma caten\u00e1ria, por\u00e9m n\u00e3o \u00e9 para testar a resist\u00eancia de ruptura do material!<\/td>\n<\/tr>\n<tr>\n<td style=\"width: 288px;text-align: center\"><\/td>\n<td style=\"width: 289px;text-align: center\"><img class=\"aligncenter size-medium wp-image-223\" src=\"https:\/\/wp.ufpel.edu.br\/topocotada\/files\/2020\/04\/IMG_20191105_134043091-1-400x300.jpg\" alt=\"\" width=\"400\" height=\"300\" srcset=\"https:\/\/wp.ufpel.edu.br\/topocotada\/files\/2020\/04\/IMG_20191105_134043091-1-400x300.jpg 400w, https:\/\/wp.ufpel.edu.br\/topocotada\/files\/2020\/04\/IMG_20191105_134043091-1-1024x768.jpg 1024w, https:\/\/wp.ufpel.edu.br\/topocotada\/files\/2020\/04\/IMG_20191105_134043091-1-768x576.jpg 768w, https:\/\/wp.ufpel.edu.br\/topocotada\/files\/2020\/04\/IMG_20191105_134043091-1-1536x1152.jpg 1536w, https:\/\/wp.ufpel.edu.br\/topocotada\/files\/2020\/04\/IMG_20191105_134043091-1-2048x1536.jpg 2048w\" sizes=\"(max-width: 400px) 100vw, 400px\" \/><\/td>\n<\/tr>\n<tr>\n<td style=\"width: 288px;text-align: center\"><strong>Correto<\/strong><\/td>\n<td style=\"width: 289px;text-align: center\">Incorreto<\/td>\n<\/tr>\n<\/tbody>\n<\/table>\n<p>&nbsp;<\/p>\n<table style=\"height: 284px\" width=\"591\">\n<tbody>\n<tr style=\"height: 140px\">\n<td style=\"width: 581px;height: 140px\" colspan=\"2\">\n<p style=\"text-align: center\">13. N\u00e3o deixar a b\u00fassola cair no ch\u00e3o, pois pode soltar o pino que segura as ponteiras que indicam o norte e quebrar ela por inteiro.<\/p>\n<p>&nbsp;<\/td>\n<\/tr>\n<tr style=\"height: 45px\">\n<td style=\"width: 287px;height: 45px\"><img class=\"wp-image-189 aligncenter\" src=\"https:\/\/wp.ufpel.edu.br\/topocotada\/files\/2020\/04\/188-400x400.jpg\" alt=\"\" width=\"217\" height=\"217\" srcset=\"https:\/\/wp.ufpel.edu.br\/topocotada\/files\/2020\/04\/188-400x400.jpg 400w, https:\/\/wp.ufpel.edu.br\/topocotada\/files\/2020\/04\/188-1024x1024.jpg 1024w, https:\/\/wp.ufpel.edu.br\/topocotada\/files\/2020\/04\/188-200x200.jpg 200w, https:\/\/wp.ufpel.edu.br\/topocotada\/files\/2020\/04\/188-768x768.jpg 768w, https:\/\/wp.ufpel.edu.br\/topocotada\/files\/2020\/04\/188.jpg 1200w\" sizes=\"(max-width: 217px) 100vw, 217px\" \/><\/td>\n<td style=\"width: 288px;height: 45px\"><img class=\"alignleft size-medium wp-image-188\" src=\"https:\/\/wp.ufpel.edu.br\/topocotada\/files\/2020\/04\/18-400x231.jpg\" alt=\"\" width=\"400\" height=\"231\" srcset=\"https:\/\/wp.ufpel.edu.br\/topocotada\/files\/2020\/04\/18-400x231.jpg 400w, https:\/\/wp.ufpel.edu.br\/topocotada\/files\/2020\/04\/18.jpg 519w\" sizes=\"(max-width: 400px) 100vw, 400px\" \/><\/td>\n<\/tr>\n<tr style=\"height: 77px\">\n<td style=\"width: 287px;height: 77px\">\n<p style=\"text-align: center\"><strong>Correto<\/strong><\/p>\n<\/td>\n<td style=\"width: 288px;height: 77px\">\n<p style=\"text-align: center\">Incorreto<\/p>\n<\/td>\n<\/tr>\n<\/tbody>\n<\/table>\n<p>&nbsp;<\/p>\n<table style=\"height: 259px\" width=\"590\">\n<tbody>\n<tr>\n<td style=\"width: 580px\" colspan=\"2\">\n<p style=\"text-align: center\">14. N\u00e3o deixar a b\u00fassola ou o GPS cair na \u00e1gua<\/p>\n<\/td>\n<\/tr>\n<tr>\n<td style=\"width: 287px\"><img class=\"size-medium wp-image-189 alignnone\" src=\"https:\/\/wp.ufpel.edu.br\/topocotada\/files\/2020\/04\/188-400x400.jpg\" alt=\"\" width=\"400\" height=\"400\" srcset=\"https:\/\/wp.ufpel.edu.br\/topocotada\/files\/2020\/04\/188-400x400.jpg 400w, https:\/\/wp.ufpel.edu.br\/topocotada\/files\/2020\/04\/188-1024x1024.jpg 1024w, https:\/\/wp.ufpel.edu.br\/topocotada\/files\/2020\/04\/188-200x200.jpg 200w, https:\/\/wp.ufpel.edu.br\/topocotada\/files\/2020\/04\/188-768x768.jpg 768w, https:\/\/wp.ufpel.edu.br\/topocotada\/files\/2020\/04\/188.jpg 1200w\" sizes=\"(max-width: 400px) 100vw, 400px\" \/><\/td>\n<td style=\"width: 287px\"><img class=\"alignleft size-medium wp-image-191\" src=\"https:\/\/wp.ufpel.edu.br\/topocotada\/files\/2020\/04\/19-400x241.jpg\" alt=\"\" width=\"400\" height=\"241\" srcset=\"https:\/\/wp.ufpel.edu.br\/topocotada\/files\/2020\/04\/19-400x241.jpg 400w, https:\/\/wp.ufpel.edu.br\/topocotada\/files\/2020\/04\/19.jpg 520w\" sizes=\"(max-width: 400px) 100vw, 400px\" \/><\/td>\n<\/tr>\n<tr>\n<td style=\"width: 287px\">\n<p style=\"text-align: center\"><strong>Correto<\/strong><\/p>\n<\/td>\n<td style=\"width: 287px\">\n<p style=\"text-align: center\">Incorreto<\/p>\n<\/td>\n<\/tr>\n<\/tbody>\n<\/table>\n<p>&nbsp;<\/p>\n<table style=\"height: 256px\" width=\"589\">\n<tbody>\n<tr>\n<td style=\"width: 579px;text-align: center\" colspan=\"2\">15. N\u00e3o deixar o equipamento sozinho no campo<\/td>\n<\/tr>\n<tr>\n<td style=\"width: 286px;text-align: center\"><img class=\"alignleft size-medium wp-image-192\" src=\"https:\/\/wp.ufpel.edu.br\/topocotada\/files\/2020\/04\/20-e1586384096216-225x400.jpg\" alt=\"\" width=\"225\" height=\"400\" srcset=\"https:\/\/wp.ufpel.edu.br\/topocotada\/files\/2020\/04\/20-e1586384096216-225x400.jpg 225w, https:\/\/wp.ufpel.edu.br\/topocotada\/files\/2020\/04\/20-e1586384096216.jpg 292w\" sizes=\"(max-width: 225px) 100vw, 225px\" \/><\/td>\n<td style=\"width: 287px;text-align: center\"><img class=\"alignleft wp-image-193 size-medium\" src=\"https:\/\/wp.ufpel.edu.br\/topocotada\/files\/2020\/04\/201-e1586384146392-225x400.jpg\" alt=\"\" width=\"225\" height=\"400\" srcset=\"https:\/\/wp.ufpel.edu.br\/topocotada\/files\/2020\/04\/201-e1586384146392-225x400.jpg 225w, https:\/\/wp.ufpel.edu.br\/topocotada\/files\/2020\/04\/201-e1586384146392.jpg 292w\" sizes=\"(max-width: 225px) 100vw, 225px\" \/><\/td>\n<\/tr>\n<tr>\n<td style=\"width: 286px;text-align: center\">Correto<\/td>\n<td style=\"width: 287px;text-align: center\">Incorreto<\/td>\n<\/tr>\n<\/tbody>\n<\/table>\n<p>&nbsp;<\/p>\n<table style=\"height: 266px\" width=\"588\">\n<tbody>\n<tr>\n<td style=\"width: 578px;text-align: center\" colspan=\"2\">16. Colocar a tampa na luneta antes de guardar para n\u00e3o pegar fungos , mofar ou riscar<\/td>\n<\/tr>\n<tr>\n<td style=\"width: 286px;text-align: center\"><img class=\"alignleft size-medium wp-image-196\" src=\"https:\/\/wp.ufpel.edu.br\/topocotada\/files\/2020\/04\/21-e1586384323671-224x400.jpg\" alt=\"\" width=\"224\" height=\"400\" srcset=\"https:\/\/wp.ufpel.edu.br\/topocotada\/files\/2020\/04\/21-e1586384323671-224x400.jpg 224w, https:\/\/wp.ufpel.edu.br\/topocotada\/files\/2020\/04\/21-e1586384323671.jpg 307w\" sizes=\"(max-width: 224px) 100vw, 224px\" \/><\/td>\n<td style=\"width: 286px;text-align: center\"><img class=\"alignleft size-medium wp-image-197\" src=\"https:\/\/wp.ufpel.edu.br\/topocotada\/files\/2020\/04\/211-e1586384358911-224x400.jpg\" alt=\"\" width=\"224\" height=\"400\" srcset=\"https:\/\/wp.ufpel.edu.br\/topocotada\/files\/2020\/04\/211-e1586384358911-224x400.jpg 224w, https:\/\/wp.ufpel.edu.br\/topocotada\/files\/2020\/04\/211-e1586384358911.jpg 303w\" sizes=\"(max-width: 224px) 100vw, 224px\" \/><\/td>\n<\/tr>\n<tr>\n<td style=\"width: 286px;text-align: center\">Correto<\/td>\n<td style=\"width: 286px;text-align: center\">Incorreto<\/td>\n<\/tr>\n<\/tbody>\n<\/table>\n<p>17. Cuidar ao fechar o trip\u00e9 para n\u00e3o cair o parafuso que prende o equipamento<\/p>\n<p>18. Cuidar durante o uso ou desmontagem do equipamento travar as borboletas do trip\u00e9 para n\u00e3o cair o parafuso que prende o equipamento<\/p>\n<p>19. Cuidar para n\u00e3o perder as ponteiras dos bast\u00f5es, isso prejudicar\u00e1 os seus levantamentos!<\/p>\n<p>20. Deixar o bast\u00e3o nivelado, pelo n\u00edvel de cantoneira<\/p>\n<p>21. N\u00e3o se arrasta trena no ch\u00e3o!<\/p>\n","protected":false},"excerpt":{"rendered":"<p>Cuidados b\u00e1sicos para manter a vida \u00fatil dos equipamentos durante as aulas de topografia: IMPORTANTE: \u00e9 importante os alunos entendam que com o equipamento deles (pessoal) podem fazer o que quiserem, com equipamento comprados com recursos p\u00fablicos N\u00c3O. Assim as orienta\u00e7\u00f5es aqui apresentadas devem ser seguidas quando se utilizar os equipamentos desse laborat\u00f3rio de acordo [&hellip;]<\/p>\n","protected":false},"author":992,"featured_media":0,"parent":0,"menu_order":0,"comment_status":"closed","ping_status":"closed","template":"","meta":{"footnotes":""},"class_list":["post-30","page","type-page","status-publish","hentry"],"_links":{"self":[{"href":"https:\/\/wp.ufpel.edu.br\/topocotada\/wp-json\/wp\/v2\/pages\/30","targetHints":{"allow":["GET"]}}],"collection":[{"href":"https:\/\/wp.ufpel.edu.br\/topocotada\/wp-json\/wp\/v2\/pages"}],"about":[{"href":"https:\/\/wp.ufpel.edu.br\/topocotada\/wp-json\/wp\/v2\/types\/page"}],"author":[{"embeddable":true,"href":"https:\/\/wp.ufpel.edu.br\/topocotada\/wp-json\/wp\/v2\/users\/992"}],"replies":[{"embeddable":true,"href":"https:\/\/wp.ufpel.edu.br\/topocotada\/wp-json\/wp\/v2\/comments?post=30"}],"version-history":[{"count":26,"href":"https:\/\/wp.ufpel.edu.br\/topocotada\/wp-json\/wp\/v2\/pages\/30\/revisions"}],"predecessor-version":[{"id":252,"href":"https:\/\/wp.ufpel.edu.br\/topocotada\/wp-json\/wp\/v2\/pages\/30\/revisions\/252"}],"wp:attachment":[{"href":"https:\/\/wp.ufpel.edu.br\/topocotada\/wp-json\/wp\/v2\/media?parent=30"}],"curies":[{"name":"wp","href":"https:\/\/api.w.org\/{rel}","templated":true}]}}