{"id":203,"date":"2020-04-08T19:32:35","date_gmt":"2020-04-08T22:32:35","guid":{"rendered":"https:\/\/wp.ufpel.edu.br\/topocotada\/?page_id=203"},"modified":"2020-04-08T19:49:57","modified_gmt":"2020-04-08T22:49:57","slug":"cadernetas","status":"publish","type":"page","link":"https:\/\/wp.ufpel.edu.br\/topocotada\/cadernetas\/","title":{"rendered":"Cadernetas"},"content":{"rendered":"<p><a href=\"https:\/\/wp.ufpel.edu.br\/topocotada\/files\/2020\/04\/Aula-pratica-2-medidas-de-\u00e2ngulos.pdf\">Caderneta instala\u00e7\u00e3o de equipamentos<\/a><\/p>\n<p><a href=\"https:\/\/wp.ufpel.edu.br\/topocotada\/files\/2020\/04\/Aula-aferi\u00e7\u00e3o-de-passo.pdf\">Aula aferi\u00e7\u00e3o de passo<\/a><\/p>\n<p><a href=\"https:\/\/wp.ufpel.edu.br\/topocotada\/files\/2020\/04\/Caderneta-planimetria_e_altimetria.pdf\">Caderneta planialtimetria<\/a><\/p>\n<p><a href=\"https:\/\/wp.ufpel.edu.br\/topocotada\/files\/2020\/04\/Caderneta-planimetria_e_altimetria-Irradia\u00e7\u00e3o.pdf\">Caderneta irradia\u00e7\u00e3o<\/a><\/p>\n<p><a href=\"https:\/\/wp.ufpel.edu.br\/topocotada\/files\/2020\/04\/Caderneta-nivelamento-geom\u00e9trico-visadas-iguais.pdf\">Caderneta nivelamento geom\u00e9trico visadas iguais<\/a><\/p>\n<p>&nbsp;<\/p>\n","protected":false},"excerpt":{"rendered":"<p>Caderneta instala\u00e7\u00e3o de equipamentos Aula aferi\u00e7\u00e3o de passo Caderneta planialtimetria Caderneta irradia\u00e7\u00e3o Caderneta nivelamento geom\u00e9trico visadas iguais &nbsp;<\/p>\n","protected":false},"author":992,"featured_media":0,"parent":0,"menu_order":0,"comment_status":"closed","ping_status":"closed","template":"","meta":{"footnotes":""},"class_list":["post-203","page","type-page","status-publish","hentry"],"_links":{"self":[{"href":"https:\/\/wp.ufpel.edu.br\/topocotada\/wp-json\/wp\/v2\/pages\/203","targetHints":{"allow":["GET"]}}],"collection":[{"href":"https:\/\/wp.ufpel.edu.br\/topocotada\/wp-json\/wp\/v2\/pages"}],"about":[{"href":"https:\/\/wp.ufpel.edu.br\/topocotada\/wp-json\/wp\/v2\/types\/page"}],"author":[{"embeddable":true,"href":"https:\/\/wp.ufpel.edu.br\/topocotada\/wp-json\/wp\/v2\/users\/992"}],"replies":[{"embeddable":true,"href":"https:\/\/wp.ufpel.edu.br\/topocotada\/wp-json\/wp\/v2\/comments?post=203"}],"version-history":[{"count":6,"href":"https:\/\/wp.ufpel.edu.br\/topocotada\/wp-json\/wp\/v2\/pages\/203\/revisions"}],"predecessor-version":[{"id":219,"href":"https:\/\/wp.ufpel.edu.br\/topocotada\/wp-json\/wp\/v2\/pages\/203\/revisions\/219"}],"wp:attachment":[{"href":"https:\/\/wp.ufpel.edu.br\/topocotada\/wp-json\/wp\/v2\/media?parent=203"}],"curies":[{"name":"wp","href":"https:\/\/api.w.org\/{rel}","templated":true}]}}