{"id":137,"date":"2020-04-01T16:56:26","date_gmt":"2020-04-01T19:56:26","guid":{"rendered":"https:\/\/wp.ufpel.edu.br\/topocotada\/?page_id=137"},"modified":"2020-04-08T15:18:33","modified_gmt":"2020-04-08T18:18:33","slug":"dicas","status":"publish","type":"page","link":"https:\/\/wp.ufpel.edu.br\/topocotada\/dicas\/","title":{"rendered":"Dicas"},"content":{"rendered":"<p style=\"text-align: justify\">Todas as cadernetas de campo devem ser enviadas a escaneadas a todos os membros da equipe com c\u00f3pia a professora semanalmente.<\/p>\n<p style=\"text-align: justify\">Os alunos deveram estar vestidos adequadamente para as aulas pr\u00e1ticas, roupas confort\u00e1veis, preferencialmente com cal\u00e7a e sapato fechado confort\u00e1vel.<\/p>\n<p style=\"text-align: justify\">As aulas aconteceram em independente das condi\u00e7\u00f5es clim\u00e1ticas, os discentes devem-se estar preparados para intemp\u00e9ries, assim \u00e9 essencial:<br \/>\n\u2022 Dias quentes: tragam \u00e1gua, chap\u00e9u, protetor solar, guarda chuva ou guarda-sol<br \/>\n\u2022 Dias frios: casacos, cachecol, luvas<br \/>\n\u2022 Dias chuvosos: capa de chuva, guarda-chuva<\/p>\n<p>Devem trazer em todas as aulas calculadora, prancheta e cadernetas de campo impressas.<\/p>\n<p>Devem chegar no hor\u00e1rio marcado e estarem com a equipe esperando na frente do laborat\u00f3rio em sil\u00eancio.<\/p>\n<p>As aulas pr\u00e1ticas devem ser registradas para o relat\u00f3rio t\u00e9cnico (imagens e texto).<\/p>\n<p>Pessoas al\u00e9rgicas ou com outros problemas de sa\u00fade devem ter seus medicamentos a m\u00e3o.<\/p>\n<p>Os discentes s\u00e3o respons\u00e1veis pelos equipamentos em campo, sendo de sua obriga\u00e7\u00e3o zelar por seu bom uso desses.<\/p>\n<p>As equipes devem estar cientes que a aus\u00eancia de membros de equipe pode inviabilizar as atividades e a equipe pode ser impedida de pegar os equipamentos caso n\u00e3o haja membros suficientes.<\/p>\n<p>&nbsp;<\/p>\n<p id=\"yui_3_17_2_1_1586369724917_252\">Para quem gosta do<span id=\"yui_3_17_2_1_1586369724917_251\">\u00a0YouTube um canal sobre Topografia \u00e9\u00a0<\/span><a id=\"yui_3_17_2_1_1586369724917_253\" href=\"https:\/\/www.youtube.com\/channel\/UC2zGlzBMdPecvZkmp_hWZYg?fbclid=IwAR1C-bdWkQkpDS-OqtK7c-a75Le0pP0zburcs3gk7KdIRF8T-kQ9Tj8xGZs\" target=\"_blank\" rel=\"noopener nofollow noreferrer\" data-ft=\"{&quot;tn&quot;:&quot;-U&quot;}\" data-lynx-mode=\"asynclazy\" data-lynx-uri=\"https:\/\/l.facebook.com\/l.php?u=https%3A%2F%2Fwww.youtube.com%2Fchannel%2FUC2zGlzBMdPecvZkmp_hWZYg%3Ffbclid%3DIwAR1C-bdWkQkpDS-OqtK7c-a75Le0pP0zburcs3gk7KdIRF8T-kQ9Tj8xGZs&amp;h=AT2EKez8mbmp6Y4JYyXruir9UJjNFLkUReJtLmF-vYYPTtQmanF-VQuhDGte7bYDGiRG7vWUDR3WrV6sv6NlWso-w6pB-0cjD54TItTHENETGLNdKwORsb9vT2tJQDXneT0rZJsxMvzDw-jYE220XBu6qPblzBTqkAHjYYmsVSaBMSs\">https:\/\/www.youtube.com\/channel\/UC2zGlzBMdPecvZkmp_hWZYg<\/a><\/p>\n<p id=\"yui_3_17_2_1_1586369724917_254\">Para quem possui o sistema Android abaixo s\u00e3o listados alguns aplicativos correlacionados com gr\u00e1tis que tem como miss\u00e3o ajudar voc\u00ea a entender um pouco topografia!!!<\/p>\n<ul id=\"yui_3_17_2_1_1586369724917_258\">\n<li>Sky Map \u00a0&#8211; esse app ajudar\u00e1 a entender conceitos sobre z\u00eanite e nadir<\/li>\n<li id=\"yui_3_17_2_1_1586369724917_257\"><span id=\"yui_3_17_2_1_1586369724917_256\"><span id=\"yui_3_17_2_1_1586369724917_255\"><a class=\"autolink\" title=\"Teodolito\" href=\"https:\/\/ava.ufpel.edu.br\/pre\/mod\/url\/view.php?id=73337\">Teodolito<\/a>\u00a0Dr\u00f3ide &#8211; esse app simula um\u00a0<a class=\"autolink\" title=\"Teodolito\" href=\"https:\/\/ava.ufpel.edu.br\/pre\/mod\/url\/view.php?id=73337\">teodolito<\/a>, ajudando nos conceitos de azimutes e \u00e2ngulos.<\/span><\/span><\/li>\n<li id=\"yui_3_17_2_1_1586369724917_262\"><span id=\"yui_3_17_2_1_1586369724917_261\"><span id=\"yui_3_17_2_1_1586369724917_260\"><span id=\"yui_3_17_2_1_1586369724917_259\">Cogo Survey Pro &#8211; esse app possui uma s\u00e9rie de ferramentos para c\u00e1lculos topogr\u00e1ficos<\/span><\/span><\/span><\/li>\n<li id=\"yui_3_17_2_1_1586369724917_264\">\n<div id=\"yui_3_17_2_1_1586369724917_263\" class=\"id-app-title\">Compass 360 Pro Free &#8211; esse app ajuda a compreender rumos e azimutes<\/div>\n<\/li>\n<\/ul>\n","protected":false},"excerpt":{"rendered":"<p>Todas as cadernetas de campo devem ser enviadas a escaneadas a todos os membros da equipe com c\u00f3pia a professora semanalmente. Os alunos deveram estar vestidos adequadamente para as aulas pr\u00e1ticas, roupas confort\u00e1veis, preferencialmente com cal\u00e7a e sapato fechado confort\u00e1vel. As aulas aconteceram em independente das condi\u00e7\u00f5es clim\u00e1ticas, os discentes devem-se estar preparados para intemp\u00e9ries, [&hellip;]<\/p>\n","protected":false},"author":992,"featured_media":0,"parent":0,"menu_order":0,"comment_status":"closed","ping_status":"closed","template":"","meta":{"footnotes":""},"class_list":["post-137","page","type-page","status-publish","hentry"],"_links":{"self":[{"href":"https:\/\/wp.ufpel.edu.br\/topocotada\/wp-json\/wp\/v2\/pages\/137","targetHints":{"allow":["GET"]}}],"collection":[{"href":"https:\/\/wp.ufpel.edu.br\/topocotada\/wp-json\/wp\/v2\/pages"}],"about":[{"href":"https:\/\/wp.ufpel.edu.br\/topocotada\/wp-json\/wp\/v2\/types\/page"}],"author":[{"embeddable":true,"href":"https:\/\/wp.ufpel.edu.br\/topocotada\/wp-json\/wp\/v2\/users\/992"}],"replies":[{"embeddable":true,"href":"https:\/\/wp.ufpel.edu.br\/topocotada\/wp-json\/wp\/v2\/comments?post=137"}],"version-history":[{"count":3,"href":"https:\/\/wp.ufpel.edu.br\/topocotada\/wp-json\/wp\/v2\/pages\/137\/revisions"}],"predecessor-version":[{"id":144,"href":"https:\/\/wp.ufpel.edu.br\/topocotada\/wp-json\/wp\/v2\/pages\/137\/revisions\/144"}],"wp:attachment":[{"href":"https:\/\/wp.ufpel.edu.br\/topocotada\/wp-json\/wp\/v2\/media?parent=137"}],"curies":[{"name":"wp","href":"https:\/\/api.w.org\/{rel}","templated":true}]}}